{"id":692978,"date":"2025-08-27T14:09:59","date_gmt":"2025-08-27T11:09:59","guid":{"rendered":"https:\/\/roveyayinevi.com.tr\/index.php\/urun\/richard-wagner-bayreuthda-caga-aykiri-dusunceler-4\/"},"modified":"2026-04-16T02:02:59","modified_gmt":"2026-04-15T23:02:59","slug":"richard-wagner-bayreuthda-caga-aykiri-dusunceler-4","status":"publish","type":"product","link":"https:\/\/roveyayinevi.com.tr\/index.php\/urun\/richard-wagner-bayreuthda-caga-aykiri-dusunceler-4\/","title":{"rendered":"Richard Wagner Bayreuth\u2019da \u00c7a\u011fa Ayk\u0131r\u0131 D\u00fc\u015f\u00fcnceler 4"},"content":{"rendered":"<p>\u00c7a\u011f\u0131m\u0131zda duygular\u0131n nas\u0131l alt\u00fcst oldu\u011funu ve zaman\u0131n yaln\u0131zca iki \u00f6rnekle g\u00f6stermek istiyorum. Eskiden parayla ticaret yapan insanlara onurlu bir soylulukla yukar\u0131dan bak\u0131l\u0131rd\u0131, ancak onlara ihtiya\u00e7 duyuldu\u011funda, her toplumun i\u00e7 organlar\u0131 olmas\u0131 gerekti\u011fi itiraf edilirdi. \u015eimdi insanlar, modern insanl\u0131\u011f\u0131n ruhunda egemen bir g\u00fc\u00e7 oldular hem de ruhun en tutkulu b\u00f6l\u00fcm\u00fc olarak. Friedrich Nietzsche <\/p>\n","protected":false},"excerpt":{"rendered":"<p>\u00c7a\u011f\u0131m\u0131zda duygular\u0131n nas\u0131l alt\u00fcst oldu\u011funu ve zaman\u0131n yaln\u0131zca iki \u00f6rnekle g\u00f6stermek istiyorum. Eskiden parayla ticaret yapan insanlara onurlu bir soylulukla yukar\u0131dan bak\u0131l\u0131rd\u0131, ancak onlara ihtiya\u00e7 duyuldu\u011funda,<span class=\"excerpt-hellip\"> [\u2026]<\/span><\/p>\n","protected":false},"featured_media":0,"template":"","meta":{"_monsterinsights_skip_tracking":false,"_monsterinsights_sitenote_active":false,"_monsterinsights_sitenote_note":"","_monsterinsights_sitenote_category":0},"product_brand":[],"product_cat":[12389,12388],"product_tag":[],"class_list":{"0":"post-692978","1":"product","2":"type-product","3":"status-publish","5":"product_cat-diger-felsefe","6":"product_cat-felsefe","7":"pa_cilt-ciltsiz","8":"pa_tur-kitap","9":"pa_yayinevi-say-yayinlari","10":"pa_yazar-friedrich-wilhelm-nietzsche","12":"first","13":"instock","14":"sale","15":"shipping-taxable","16":"purchasable","17":"product-type-simple"},"_links":{"self":[{"href":"https:\/\/roveyayinevi.com.tr\/index.php\/wp-json\/wp\/v2\/product\/692978","targetHints":{"allow":["GET"]}}],"collection":[{"href":"https:\/\/roveyayinevi.com.tr\/index.php\/wp-json\/wp\/v2\/product"}],"about":[{"href":"https:\/\/roveyayinevi.com.tr\/index.php\/wp-json\/wp\/v2\/types\/product"}],"wp:attachment":[{"href":"https:\/\/roveyayinevi.com.tr\/index.php\/wp-json\/wp\/v2\/media?parent=692978"}],"wp:term":[{"taxonomy":"product_brand","embeddable":true,"href":"https:\/\/roveyayinevi.com.tr\/index.php\/wp-json\/wp\/v2\/product_brand?post=692978"},{"taxonomy":"product_cat","embeddable":true,"href":"https:\/\/roveyayinevi.com.tr\/index.php\/wp-json\/wp\/v2\/product_cat?post=692978"},{"taxonomy":"product_tag","embeddable":true,"href":"https:\/\/roveyayinevi.com.tr\/index.php\/wp-json\/wp\/v2\/product_tag?post=692978"}],"curies":[{"name":"wp","href":"https:\/\/api.w.org\/{rel}","templated":true}]}}