{"id":692947,"date":"2025-08-27T14:09:53","date_gmt":"2025-08-27T11:09:53","guid":{"rendered":"https:\/\/roveyayinevi.com.tr\/index.php\/urun\/felsefenin-ilkeleri\/"},"modified":"2026-04-13T02:03:33","modified_gmt":"2026-04-12T23:03:33","slug":"felsefenin-ilkeleri","status":"publish","type":"product","link":"https:\/\/roveyayinevi.com.tr\/index.php\/urun\/felsefenin-ilkeleri\/","title":{"rendered":"Felsefenin \u0130lkeleri"},"content":{"rendered":"<p>\u201cDescartes, modern felsefenin kurucusu say\u0131l\u0131r. \u00c7ok y\u00fcksek felsefi bir yetene\u011fi olan, yeni fizik ve g\u00f6kbilime dayanan ilk ki\u015fi odur. Bir\u00e7ok skolastik yan\u0131 bulunmas\u0131na ra\u011fmen Descartes, kendinden \u00f6nce gelenlerin kurdu\u011fu temelleri benimsememi\u015f, yeniden ve eksiksiz bir felsefe yap\u0131s\u0131 kurmaya \u00e7al\u0131\u015fm\u0131\u015ft\u0131r. Descartes\u2019\u0131n yap\u0131tlar\u0131nda Platon\u2019dan beri hi\u00e7bir filozofta bulunmayan bir tazelik vard\u0131r. Descartes, bir \u00f6\u011fretmen olarak de\u011fil, bir ara\u015ft\u0131rmac\u0131 ve buldu\u011funu aktarmaya merakl\u0131 bir ki\u015fi olarak kalem kullanm\u0131\u015ft\u0131r. \u00dcslubu rahat ve iddias\u0131zd\u0131r. \u00d6\u011frencilere de\u011fil, zeki insanlara seslenir. Do\u011frusu, modern felsefe i\u00e7in, \u00f6nc\u00fcs\u00fcn\u00fcn bu kadar hayranl\u0131k verici edebi bir \u00fcsluba sahip olmas\u0131 b\u00fcy\u00fck bir talihtir.\u201d \ufffcTan\u0131t\u0131m Metni<\/p>\n","protected":false},"excerpt":{"rendered":"<p>\u201cDescartes, modern felsefenin kurucusu say\u0131l\u0131r. \u00c7ok y\u00fcksek felsefi bir yetene\u011fi olan, yeni fizik ve g\u00f6kbilime dayanan ilk ki\u015fi odur. Bir\u00e7ok skolastik yan\u0131 bulunmas\u0131na ra\u011fmen Descartes, kendinden<span class=\"excerpt-hellip\"> [\u2026]<\/span><\/p>\n","protected":false},"featured_media":0,"template":"","meta":{"_monsterinsights_skip_tracking":false,"_monsterinsights_sitenote_active":false,"_monsterinsights_sitenote_note":"","_monsterinsights_sitenote_category":0},"product_brand":[],"product_cat":[12388,15309],"product_tag":[],"class_list":{"0":"post-692947","1":"product","2":"type-product","3":"status-publish","5":"product_cat-felsefe","6":"product_cat-felsefi-akimlar","7":"pa_cilt-ciltsiz","8":"pa_tur-kitap","9":"pa_yayinevi-say-yayinlari","10":"pa_yazar-rene-descartes","12":"first","13":"instock","14":"sale","15":"shipping-taxable","16":"purchasable","17":"product-type-simple"},"_links":{"self":[{"href":"https:\/\/roveyayinevi.com.tr\/index.php\/wp-json\/wp\/v2\/product\/692947","targetHints":{"allow":["GET"]}}],"collection":[{"href":"https:\/\/roveyayinevi.com.tr\/index.php\/wp-json\/wp\/v2\/product"}],"about":[{"href":"https:\/\/roveyayinevi.com.tr\/index.php\/wp-json\/wp\/v2\/types\/product"}],"wp:attachment":[{"href":"https:\/\/roveyayinevi.com.tr\/index.php\/wp-json\/wp\/v2\/media?parent=692947"}],"wp:term":[{"taxonomy":"product_brand","embeddable":true,"href":"https:\/\/roveyayinevi.com.tr\/index.php\/wp-json\/wp\/v2\/product_brand?post=692947"},{"taxonomy":"product_cat","embeddable":true,"href":"https:\/\/roveyayinevi.com.tr\/index.php\/wp-json\/wp\/v2\/product_cat?post=692947"},{"taxonomy":"product_tag","embeddable":true,"href":"https:\/\/roveyayinevi.com.tr\/index.php\/wp-json\/wp\/v2\/product_tag?post=692947"}],"curies":[{"name":"wp","href":"https:\/\/api.w.org\/{rel}","templated":true}]}}