{"id":692930,"date":"2025-08-27T14:09:50","date_gmt":"2025-08-27T11:09:50","guid":{"rendered":"https:\/\/roveyayinevi.com.tr\/index.php\/urun\/bir-cocukluk-nevrozu-hikayesi-kurt-adam-vakasi\/"},"modified":"2026-04-16T02:02:58","modified_gmt":"2026-04-15T23:02:58","slug":"bir-cocukluk-nevrozu-hikayesi-kurt-adam-vakasi","status":"publish","type":"product","link":"https:\/\/roveyayinevi.com.tr\/index.php\/urun\/bir-cocukluk-nevrozu-hikayesi-kurt-adam-vakasi\/","title":{"rendered":"Bir \u00c7ocukluk Nevrozu Hikayesi &#8211; Kurt Adam Vakas\u0131"},"content":{"rendered":"<p>\u201cKurt Adam Vakas\u0131, hi\u00e7 ku\u015fkusuz Freud\u2019un ele ald\u0131\u011f\u0131 en \u00f6nemli vakalardan biridir. Gen\u00e7 ve zengin bir Rus olan hasta, 18 ya\u015f\u0131ndan itibaren duydu\u011fu rahats\u0131zl\u0131klar nedeniyle Freud\u2019a gelir. 1910-1914 y\u0131llar\u0131 aras\u0131nda s\u00fcren tedavinin ard\u0131ndan Freud vakay\u0131 kaleme al\u0131r ancak bir s\u00fcre yay\u0131mlamaz. Daha \u00f6nce ele ald\u0131\u011f\u0131 K\u00fc\u00e7\u00fck Hans\u2019\u0131n at fobisiyle, gen\u00e7 adam\u0131n kurt fobisi Freud i\u00e7in kar\u015f\u0131la\u015ft\u0131r\u0131labilir Vakan\u0131n Freud i\u00e7in as\u0131l \u00f6nemi ise, \u00e7ocuk cinselli\u011finin varl\u0131\u011f\u0131na y\u00f6nelik ku\u015fkular\u0131 bertaraf etmesi, b\u00f6ylece ku\u015fku duyan Adler ve Jung\u2019u ele\u015ftirmesi i\u00e7in sa\u011flam kan\u0131tlar sunmu\u015f olmas\u0131d\u0131r.<\/p>\n","protected":false},"excerpt":{"rendered":"<p>\u201cKurt Adam Vakas\u0131, hi\u00e7 ku\u015fkusuz Freud\u2019un ele ald\u0131\u011f\u0131 en \u00f6nemli vakalardan biridir. Gen\u00e7 ve zengin bir Rus olan hasta, 18 ya\u015f\u0131ndan itibaren duydu\u011fu rahats\u0131zl\u0131klar nedeniyle Freud\u2019a<span class=\"excerpt-hellip\"> [\u2026]<\/span><\/p>\n","protected":false},"featured_media":0,"template":"","meta":{"_monsterinsights_skip_tracking":false,"_monsterinsights_sitenote_active":false,"_monsterinsights_sitenote_note":"","_monsterinsights_sitenote_category":0},"product_brand":[],"product_cat":[12358,12357],"product_tag":[],"class_list":{"0":"post-692930","1":"product","2":"type-product","3":"status-publish","5":"product_cat-genel-psikoloji","6":"product_cat-psikoloji","7":"pa_cilt-ciltsiz","8":"pa_tur-kitap","9":"pa_yayinevi-say-yayinlari","10":"pa_yazar-sigmund-freud","12":"first","13":"instock","14":"sale","15":"shipping-taxable","16":"purchasable","17":"product-type-simple"},"_links":{"self":[{"href":"https:\/\/roveyayinevi.com.tr\/index.php\/wp-json\/wp\/v2\/product\/692930","targetHints":{"allow":["GET"]}}],"collection":[{"href":"https:\/\/roveyayinevi.com.tr\/index.php\/wp-json\/wp\/v2\/product"}],"about":[{"href":"https:\/\/roveyayinevi.com.tr\/index.php\/wp-json\/wp\/v2\/types\/product"}],"wp:attachment":[{"href":"https:\/\/roveyayinevi.com.tr\/index.php\/wp-json\/wp\/v2\/media?parent=692930"}],"wp:term":[{"taxonomy":"product_brand","embeddable":true,"href":"https:\/\/roveyayinevi.com.tr\/index.php\/wp-json\/wp\/v2\/product_brand?post=692930"},{"taxonomy":"product_cat","embeddable":true,"href":"https:\/\/roveyayinevi.com.tr\/index.php\/wp-json\/wp\/v2\/product_cat?post=692930"},{"taxonomy":"product_tag","embeddable":true,"href":"https:\/\/roveyayinevi.com.tr\/index.php\/wp-json\/wp\/v2\/product_tag?post=692930"}],"curies":[{"name":"wp","href":"https:\/\/api.w.org\/{rel}","templated":true}]}}

Bir Çocukluk Nevrozu Hikayesi &#8211; Kurt Adam Vakası

<p>“Kurt Adam Vakası, hiç kuşkusuz Freud’un ele aldığı en önemli vakalardan biridir. Genç ve zengin bir Rus olan hasta, 18 yaşından itibaren duyduğu rahatsızlıklar nedeniyle Freud’a gelir. 1910-1914 yılları arasında süren tedavinin ardından Freud vakayı kaleme alır ancak bir süre yayımlamaz. Daha önce ele aldığı Küçük Hans’ın at fobisiyle, genç adamın kurt fobisi Freud için karşılaştırılabilir Vakanın Freud için asıl önemi ise, çocuk cinselliğinin varlığına yönelik kuşkuları bertaraf etmesi, böylece kuşku duyan Adler ve Jung’u eleştirmesi için sağlam kanıtlar sunmuş olmasıdır.</p>

<p>“Kurt Adam Vakası, hiç kuşkusuz Freud’un ele aldığı en önemli vakalardan biridir. Genç ve zengin bir Rus olan hasta, 18 yaşından itibaren duyduğu rahatsızlıklar nedeniyle Freud’a<span class="excerpt-hellip"> […]</span></p>
