{"id":692926,"date":"2025-08-27T14:09:49","date_gmt":"2025-08-27T11:09:49","guid":{"rendered":"https:\/\/roveyayinevi.com.tr\/index.php\/urun\/ahlak-egitimi\/"},"modified":"2026-04-16T02:02:43","modified_gmt":"2026-04-15T23:02:43","slug":"ahlak-egitimi","status":"publish","type":"product","link":"https:\/\/roveyayinevi.com.tr\/index.php\/urun\/ahlak-egitimi\/","title":{"rendered":"Ahlak E\u011fitimi"},"content":{"rendered":"<p>Emile Durkheim\u2019\u0131n, y\u00fcz y\u0131l kadar \u00f6nce (1902-1903) Sorbonne\u2019da \u00f6\u011fretmenlik b\u00f6l\u00fcm\u00fc \u00f6\u011frencilerine Ahlak E\u011fitimi ba\u015fl\u0131\u011f\u0131 alt\u0131nda sundu\u011fu bu toplumbilim ders notlar\u0131 h\u00e2l\u00e2 bir ba\u015fyap\u0131t olma niteli\u011fini koruyor.Modern toplumun sahip olmas\u0131 gereken laik (ak\u0131lc\u0131) ahlak anlay\u0131\u015f\u0131n\u0131n ilkokul \u00e7a\u011f\u0131ndaki bir \u00e7ocu\u011fa nas\u0131l aktar\u0131labilece\u011fini ve \u00f6\u011fretmenin bu konudaki yads\u0131nmas\u0131 olanaks\u0131z \u00f6nemini, bilimsel kan\u0131tlara dayanarak a\u00e7\u0131klayan \u00fcnl\u00fc Frans\u0131z toplumbilimci ve d\u00fc\u015f\u00fcn\u00fcr, bu \u00e7al\u0131\u015fmas\u0131yla yaln\u0131zca i\u00e7inde ya\u015fad\u0131\u011f\u0131 topluma de\u011fil, laik ya\u015fam (ak\u0131lc\u0131 ya\u015fam d\u00fczeni) bi\u00e7imini benimsemi\u015f t\u00fcm toplumlara b\u00fcy\u00fck bir hizmet sunmu\u015ftur. Ye\u011feni ve en yak\u0131n \u00e7al\u0131\u015fma arkada\u015flar\u0131ndan biri olan Marcel Mauss, \u201cDurkheim\u2019\u0131n en \u00f6nemli \u00e7al\u0131\u015fmalar\u0131 aile ve ahlak \u00fcst\u00fcne olanlard\u0131r,\u201d demektedir.20. y\u00fczy\u0131l ba\u015f\u0131nda \u00fclkemizde bilinen ve tan\u0131nan bir isim olan Durkheim\u2019la, Ziya G\u00f6kalp ve ba\u015fka sosyal bilimcilerin ilgilenmi\u015f olduklar\u0131n\u0131 biliyoruz. Ahlaki a\u00e7\u0131dan i\u00e7inden ge\u00e7mekte oldu\u011fumuz bu ola\u011fan\u00fcst\u00fc \u00e7alkant\u0131l\u0131 d\u00f6nemde, b\u00f6yle bir metnin mevcut karma\u015fan\u0131n i\u00e7inden \u00e7\u0131k\u0131lmas\u0131na katk\u0131da bulunabilece\u011fini d\u00fc\u015f\u00fcn\u00fcyoruz. Zira toplumumuz giderek daha modern bir g\u00f6r\u00fcn\u00fcm sunmas\u0131na kar\u015f\u0131n hangi ahlak kurallar\u0131na uymas\u0131 gerekti\u011fini bilemiyor gibidir. \u00c7e\u015fitli ahlak anlay\u0131\u015flar\u0131n\u0131n bulundu\u011fu bu toplumun, art\u0131k herkes i\u00e7in ge\u00e7erli olacak bir ahlak anlay\u0131\u015f\u0131na sahip olma zaman\u0131 gelmi\u015f ge\u00e7mektedir. T\u00fcrkiye toplumunun en \u00f6nemli g\u00fcncel sorunlar\u0131ndan biri budur. Bu sorunu \u00e7\u00f6zemedi\u011fi s\u00fcrece T\u00fcrkiye toplumu ikinci s\u0131n\u0131f bir toplum olarak kalmaya mahk\u00fbmdur. <\/p>\n","protected":false},"excerpt":{"rendered":"<p>Emile Durkheim\u2019\u0131n, y\u00fcz y\u0131l kadar \u00f6nce (1902-1903) Sorbonne\u2019da \u00f6\u011fretmenlik b\u00f6l\u00fcm\u00fc \u00f6\u011frencilerine Ahlak E\u011fitimi ba\u015fl\u0131\u011f\u0131 alt\u0131nda sundu\u011fu bu toplumbilim ders notlar\u0131 h\u00e2l\u00e2 bir ba\u015fyap\u0131t olma niteli\u011fini koruyor.Modern<span class=\"excerpt-hellip\"> [\u2026]<\/span><\/p>\n","protected":false},"featured_media":0,"template":"","meta":{"_monsterinsights_skip_tracking":false,"_monsterinsights_sitenote_active":false,"_monsterinsights_sitenote_note":"","_monsterinsights_sitenote_category":0},"product_brand":[],"product_cat":[12389,12388],"product_tag":[],"class_list":{"0":"post-692926","1":"product","2":"type-product","3":"status-publish","5":"product_cat-diger-felsefe","6":"product_cat-felsefe","7":"pa_cilt-ciltsiz","8":"pa_tur-kitap","9":"pa_yayinevi-say-yayinlari","10":"pa_yazar-emile-durkheim","12":"first","13":"instock","14":"sale","15":"shipping-taxable","16":"purchasable","17":"product-type-simple"},"_links":{"self":[{"href":"https:\/\/roveyayinevi.com.tr\/index.php\/wp-json\/wp\/v2\/product\/692926","targetHints":{"allow":["GET"]}}],"collection":[{"href":"https:\/\/roveyayinevi.com.tr\/index.php\/wp-json\/wp\/v2\/product"}],"about":[{"href":"https:\/\/roveyayinevi.com.tr\/index.php\/wp-json\/wp\/v2\/types\/product"}],"wp:attachment":[{"href":"https:\/\/roveyayinevi.com.tr\/index.php\/wp-json\/wp\/v2\/media?parent=692926"}],"wp:term":[{"taxonomy":"product_brand","embeddable":true,"href":"https:\/\/roveyayinevi.com.tr\/index.php\/wp-json\/wp\/v2\/product_brand?post=692926"},{"taxonomy":"product_cat","embeddable":true,"href":"https:\/\/roveyayinevi.com.tr\/index.php\/wp-json\/wp\/v2\/product_cat?post=692926"},{"taxonomy":"product_tag","embeddable":true,"href":"https:\/\/roveyayinevi.com.tr\/index.php\/wp-json\/wp\/v2\/product_tag?post=692926"}],"curies":[{"name":"wp","href":"https:\/\/api.w.org\/{rel}","templated":true}]}}