{"id":692907,"date":"2025-08-27T14:09:45","date_gmt":"2025-08-27T11:09:45","guid":{"rendered":"https:\/\/roveyayinevi.com.tr\/index.php\/urun\/boyle-buyurdu-zerdust-3\/"},"modified":"2026-04-16T02:02:43","modified_gmt":"2026-04-15T23:02:43","slug":"boyle-buyurdu-zerdust-3","status":"publish","type":"product","link":"https:\/\/roveyayinevi.com.tr\/index.php\/urun\/boyle-buyurdu-zerdust-3\/","title":{"rendered":"B\u00f6yle Buyurdu Zerd\u00fc\u015ft"},"content":{"rendered":"<p>T\u00fcm yaz\u0131lm\u0131\u015flar aras\u0131nda sevdi\u011fim tek \u015fey, birilerinin kendi kan\u0131yla yazd\u0131\u011f\u0131d\u0131r. Kanla yaz: fark edeceksin ki, kan ruhtur. Kolay bir i\u015f de\u011fildir, me\u00e7hul kan\u0131 anlamak: nefret ederim, avare okurlardan. Her kim ki okuru tan\u0131r, daha fazlas\u0131n\u0131 yapmaz onun i\u00e7in. (&#8230;) C\u00fcmle \u00e2lem okumay\u0131 \u00f6\u011frenecek olsa, yaln\u0131z yazmak de\u011fil, d\u00fc\u015f\u00fcnmek de \u00e7\u00fcr\u00fcrd\u00fc. Vaktiyle ruh tanr\u0131yd\u0131, sonra insanla\u015ft\u0131 ve \u015fimdi, neredeyse avamla\u015fmak \u00fczere. Kanla ve hikmetle yazan ki\u015fi, okunmay\u0131 de\u011fil, ezberlenmeyi ister. <\/p>\n","protected":false},"excerpt":{"rendered":"<p>T\u00fcm yaz\u0131lm\u0131\u015flar aras\u0131nda sevdi\u011fim tek \u015fey, birilerinin kendi kan\u0131yla yazd\u0131\u011f\u0131d\u0131r. Kanla yaz: fark edeceksin ki, kan ruhtur. Kolay bir i\u015f de\u011fildir, me\u00e7hul kan\u0131 anlamak: nefret ederim,<span class=\"excerpt-hellip\"> [\u2026]<\/span><\/p>\n","protected":false},"featured_media":0,"template":"","meta":{"_monsterinsights_skip_tracking":false,"_monsterinsights_sitenote_active":false,"_monsterinsights_sitenote_note":"","_monsterinsights_sitenote_category":0},"product_brand":[],"product_cat":[12389,12388],"product_tag":[],"class_list":{"0":"post-692907","1":"product","2":"type-product","3":"status-publish","5":"product_cat-diger-felsefe","6":"product_cat-felsefe","7":"pa_cilt-ciltsiz","8":"pa_tur-kitap","9":"pa_yayinevi-say-yayinlari","10":"pa_yazar-friedrich-wilhelm-nietzsche","12":"first","13":"instock","14":"sale","15":"shipping-taxable","16":"purchasable","17":"product-type-simple"},"_links":{"self":[{"href":"https:\/\/roveyayinevi.com.tr\/index.php\/wp-json\/wp\/v2\/product\/692907","targetHints":{"allow":["GET"]}}],"collection":[{"href":"https:\/\/roveyayinevi.com.tr\/index.php\/wp-json\/wp\/v2\/product"}],"about":[{"href":"https:\/\/roveyayinevi.com.tr\/index.php\/wp-json\/wp\/v2\/types\/product"}],"wp:attachment":[{"href":"https:\/\/roveyayinevi.com.tr\/index.php\/wp-json\/wp\/v2\/media?parent=692907"}],"wp:term":[{"taxonomy":"product_brand","embeddable":true,"href":"https:\/\/roveyayinevi.com.tr\/index.php\/wp-json\/wp\/v2\/product_brand?post=692907"},{"taxonomy":"product_cat","embeddable":true,"href":"https:\/\/roveyayinevi.com.tr\/index.php\/wp-json\/wp\/v2\/product_cat?post=692907"},{"taxonomy":"product_tag","embeddable":true,"href":"https:\/\/roveyayinevi.com.tr\/index.php\/wp-json\/wp\/v2\/product_tag?post=692907"}],"curies":[{"name":"wp","href":"https:\/\/api.w.org\/{rel}","templated":true}]}}