{"id":692894,"date":"2025-08-27T14:09:43","date_gmt":"2025-08-27T11:09:43","guid":{"rendered":"https:\/\/roveyayinevi.com.tr\/index.php\/urun\/yeni-sanat-tarihi\/"},"modified":"2026-04-16T02:02:42","modified_gmt":"2026-04-15T23:02:42","slug":"yeni-sanat-tarihi","status":"publish","type":"product","link":"https:\/\/roveyayinevi.com.tr\/index.php\/urun\/yeni-sanat-tarihi\/","title":{"rendered":"Yeni Sanat Tarihi"},"content":{"rendered":"<p>1960\u2019l\u0131 y\u0131llardan g\u00fcn\u00fcm\u00fcze yo\u011fun bir d\u00f6n\u00fc\u015f\u00fcm ge\u00e7iren alanlar\u0131ndan biri de sanat tarihi. Sosyoloji, psikoloji, felsefe gibi farkl\u0131 alanlardan daha \u00e7ok beslenmeye ba\u015flad\u0131k\u00e7a bi\u00e7im ve \u00fcslup temelli yakla\u015f\u0131mlardan giderek uzakla\u015fan sanat tarihi, disiplinleraras\u0131 bir nitelik kazanarak yenilendi, yak\u0131n d\u00f6nemin sanat\u0131n\u0131 yorumlayabilecek yeni ele\u015ftirel ara\u00e7lar ve yakla\u015f\u0131mlarla zenginle\u015fti. <\/p>\n","protected":false},"excerpt":{"rendered":"<p>1960\u2019l\u0131 y\u0131llardan g\u00fcn\u00fcm\u00fcze yo\u011fun bir d\u00f6n\u00fc\u015f\u00fcm ge\u00e7iren alanlar\u0131ndan biri de sanat tarihi. Sosyoloji, psikoloji, felsefe gibi farkl\u0131 alanlardan daha \u00e7ok beslenmeye ba\u015flad\u0131k\u00e7a bi\u00e7im ve \u00fcslup temelli<span class=\"excerpt-hellip\"> [\u2026]<\/span><\/p>\n","protected":false},"featured_media":0,"template":"","meta":{"_monsterinsights_skip_tracking":false,"_monsterinsights_sitenote_active":false,"_monsterinsights_sitenote_note":"","_monsterinsights_sitenote_category":0},"product_brand":[],"product_cat":[12408,14197],"product_tag":[],"class_list":{"0":"post-692894","1":"product","2":"type-product","3":"status-publish","5":"product_cat-sanat","6":"product_cat-sanat-tarihi","7":"pa_tur-kitap","8":"pa_yayinevi-sel-yayincilik","9":"pa_yazar-jonathan-harris","11":"first","12":"instock","13":"sale","14":"shipping-taxable","15":"purchasable","16":"product-type-simple"},"_links":{"self":[{"href":"https:\/\/roveyayinevi.com.tr\/index.php\/wp-json\/wp\/v2\/product\/692894","targetHints":{"allow":["GET"]}}],"collection":[{"href":"https:\/\/roveyayinevi.com.tr\/index.php\/wp-json\/wp\/v2\/product"}],"about":[{"href":"https:\/\/roveyayinevi.com.tr\/index.php\/wp-json\/wp\/v2\/types\/product"}],"wp:attachment":[{"href":"https:\/\/roveyayinevi.com.tr\/index.php\/wp-json\/wp\/v2\/media?parent=692894"}],"wp:term":[{"taxonomy":"product_brand","embeddable":true,"href":"https:\/\/roveyayinevi.com.tr\/index.php\/wp-json\/wp\/v2\/product_brand?post=692894"},{"taxonomy":"product_cat","embeddable":true,"href":"https:\/\/roveyayinevi.com.tr\/index.php\/wp-json\/wp\/v2\/product_cat?post=692894"},{"taxonomy":"product_tag","embeddable":true,"href":"https:\/\/roveyayinevi.com.tr\/index.php\/wp-json\/wp\/v2\/product_tag?post=692894"}],"curies":[{"name":"wp","href":"https:\/\/api.w.org\/{rel}","templated":true}]}}