{"id":692889,"date":"2025-08-27T14:09:42","date_gmt":"2025-08-27T11:09:42","guid":{"rendered":"https:\/\/roveyayinevi.com.tr\/index.php\/urun\/zorlu-bir-kis\/"},"modified":"2026-04-16T02:02:42","modified_gmt":"2026-04-15T23:02:42","slug":"zorlu-bir-kis","status":"publish","type":"product","link":"https:\/\/roveyayinevi.com.tr\/index.php\/urun\/zorlu-bir-kis\/","title":{"rendered":"Zorlu Bir K\u0131\u015f"},"content":{"rendered":"<p>Ka\u00e7may\u0131 planlad\u0131klar\u0131 labirenti in\u015fa eden farelerin, yani Oulipo&#8217;cular\u0131n eleba\u015flar\u0131ndan Raymond Queneau&#8217;nun her metni s\u0131radanl\u0131\u011f\u0131n b\u00fcy\u00fcs\u00fcn\u00fc yans\u0131t\u0131r. Alelade bir olay\u0131 99 farkl\u0131 hik\u00e2yeye d\u00f6n\u00fc\u015ft\u00fcrd\u00fc\u011f\u00fc Bi\u00e7em Al\u0131\u015ft\u0131rmalar\u0131 edebi tahayy\u00fclde yeni bir pencere a\u00e7arken, Zazie Metroda sinema da dahil \u00e7e\u015fitli alanlarda bir ilham kayna\u011f\u0131na d\u00f6n\u00fc\u015fm\u00fc\u015ft\u00fcr.Hiciv ustas\u0131 Boris Vian&#8217;la birlikte Moule Poilue Akademisi&#8217;ni kuran Queneau, yirminci y\u00fczy\u0131l\u0131n \u00e7\u0131\u011f\u0131r a\u00e7an kalemlerinden Georges Perec&#8217;i de bir hayli etkilemi\u015ftir. Perec, pek \u00e7ok a\u00e7\u0131dan ustas\u0131 olarak nitelenebilecek Raymond Queneau&#8217;nun Zorlu Bir K\u0131\u015f&#8217;\u0131n\u0131 ilk okuyu\u015funun ard\u0131ndan bu fazlas\u0131yla yal\u0131n roman\u0131n nas\u0131l olup da kendisini b\u00fcy\u00fcleyebildi\u011fini anlamakta g\u00fc\u00e7l\u00fck \u00e7ekti\u011fini yazar. Her yeni okumas\u0131nda, bir \u00f6ncekinde g\u00f6zden ka\u00e7\u0131rd\u0131\u011f\u0131 y\u0131\u011f\u0131nla ayr\u0131nt\u0131 kar\u015f\u0131s\u0131nda, &#8220;\u015ea\u015f\u0131rt\u0131dan \u015fa\u015f\u0131rt\u0131ya, bulu\u015ftan bulu\u015fa Zorlu Bir K\u0131\u015f, benim i\u00e7in usul usul t\u00fckenmeze yol al\u0131r,&#8221; der.D\u00f6rt ba\u015f\u0131 mamur b\u00f6ylesi bir yap\u0131t\u0131 tan\u0131tmak i\u00e7in bu g\u00f6zleme daha ne eklenebilir ki?img src=&#8221;https:\/\/s3-eu-west-1.amazonaws.com\/dia\/kitadagitim\/ckeditor_assets\/pictures\/53\/content_1_original_original.jpg&#8221; alt=&#8221;Tan\u0131t\u0131m Metni&#8221; height=&#8221;15&#8243; width=&#8221;15&#8243; &gt;<span>Tan\u0131t\u0131m Metni<\/span><\/img><\/p>\n","protected":false},"excerpt":{"rendered":"<p>Ka\u00e7may\u0131 planlad\u0131klar\u0131 labirenti in\u015fa eden farelerin, yani Oulipo&#8217;cular\u0131n eleba\u015flar\u0131ndan Raymond Queneau&#8217;nun her metni s\u0131radanl\u0131\u011f\u0131n b\u00fcy\u00fcs\u00fcn\u00fc yans\u0131t\u0131r. Alelade bir olay\u0131 99 farkl\u0131 hik\u00e2yeye d\u00f6n\u00fc\u015ft\u00fcrd\u00fc\u011f\u00fc Bi\u00e7em Al\u0131\u015ft\u0131rmalar\u0131 edebi<span class=\"excerpt-hellip\"> [\u2026]<\/span><\/p>\n","protected":false},"featured_media":0,"template":"","meta":{"_monsterinsights_skip_tracking":false,"_monsterinsights_sitenote_active":false,"_monsterinsights_sitenote_note":"","_monsterinsights_sitenote_category":0},"product_brand":[],"product_cat":[12291,13376],"product_tag":[],"class_list":{"0":"post-692889","1":"product","2":"type-product","3":"status-publish","5":"product_cat-edebiyat","6":"product_cat-fransiz-edebiyati","7":"pa_cilt-ciltsiz","8":"pa_tur-kitap","9":"pa_yayinevi-sel-yayincilik","10":"pa_yazar-raymond-queneau","12":"first","13":"instock","14":"sale","15":"shipping-taxable","16":"purchasable","17":"product-type-simple"},"_links":{"self":[{"href":"https:\/\/roveyayinevi.com.tr\/index.php\/wp-json\/wp\/v2\/product\/692889","targetHints":{"allow":["GET"]}}],"collection":[{"href":"https:\/\/roveyayinevi.com.tr\/index.php\/wp-json\/wp\/v2\/product"}],"about":[{"href":"https:\/\/roveyayinevi.com.tr\/index.php\/wp-json\/wp\/v2\/types\/product"}],"wp:attachment":[{"href":"https:\/\/roveyayinevi.com.tr\/index.php\/wp-json\/wp\/v2\/media?parent=692889"}],"wp:term":[{"taxonomy":"product_brand","embeddable":true,"href":"https:\/\/roveyayinevi.com.tr\/index.php\/wp-json\/wp\/v2\/product_brand?post=692889"},{"taxonomy":"product_cat","embeddable":true,"href":"https:\/\/roveyayinevi.com.tr\/index.php\/wp-json\/wp\/v2\/product_cat?post=692889"},{"taxonomy":"product_tag","embeddable":true,"href":"https:\/\/roveyayinevi.com.tr\/index.php\/wp-json\/wp\/v2\/product_tag?post=692889"}],"curies":[{"name":"wp","href":"https:\/\/api.w.org\/{rel}","templated":true}]}}