{"id":692886,"date":"2025-08-27T14:09:41","date_gmt":"2025-08-27T11:09:41","guid":{"rendered":"https:\/\/roveyayinevi.com.tr\/index.php\/urun\/turkiyede-iletisim-sosyolojisinin-kaynaklari\/"},"modified":"2026-04-16T02:02:42","modified_gmt":"2026-04-15T23:02:42","slug":"turkiyede-iletisim-sosyolojisinin-kaynaklari","status":"publish","type":"product","link":"https:\/\/roveyayinevi.com.tr\/index.php\/urun\/turkiyede-iletisim-sosyolojisinin-kaynaklari\/","title":{"rendered":"T\u00fcrkiye\u2019de \u0130leti\u015fim Sosyolojisinin Kaynaklar\u0131"},"content":{"rendered":"<p>Bat\u0131\u2019da ileti\u015fim sosyolojisiyle ilgili \u00e7al\u0131\u015fmalar, alan d\u0131\u015f\u0131ndan kimseler taraf\u0131ndan ba\u015flat\u0131lm\u0131\u015ft\u0131r. Propaganda, sineman\u0131n etkileri, bas\u0131mc\u0131l\u0131\u011f\u0131n ve bas\u0131n\u0131n toplumsal de\u011fi\u015fim, dayan\u0131\u015fma ve \u00e7at\u0131\u015fmadaki yeri gibi konular \u00fczerine yap\u0131lan incelemeler ileti\u015fim sosyolojisinin temellerini haz\u0131rlam\u0131\u015ft\u0131r. \u0130leti\u015fim alan\u0131n\u0131n yava\u015f yava\u015f bilimselle\u015fmeye ba\u015flamas\u0131yla birlikte \u00f6zg\u00fcn katk\u0131lar artm\u0131\u015ft\u0131r. Bu \u00e7er\u00e7eveden hareket edildi\u011finde T\u00fcrkiye\u2019de ileti\u015fimin geli\u015fimini sosyolojik olarak anlamak i\u00e7in sadece ileti\u015fim disiplini i\u00e7erisinden \u00fcretilen eserlerin yetmeyece\u011fi anla\u015f\u0131l\u0131r. De\u011fi\u015fik disiplinler i\u00e7erisindeki bilim insanlar\u0131n\u0131n \u00e7al\u0131\u015fmalar\u0131n\u0131 farkl\u0131 okumak, ileti\u015fim alan\u0131n\u0131n mekanik ve pozitivist bir \u00e7er\u00e7eveden kurtulmas\u0131na; daha tarihsel, daha antropolojik ve etimolojik anlam\u0131na uygun bir i\u00e7eri\u011fe kavu\u015fturulmas\u0131na katk\u0131 sa\u011flayabilir. Bu \u00e7al\u0131\u015fma, \u0130dris K\u00fc\u00e7\u00fck\u00f6mer ve Behice Boran\u2019\u0131n \u00e7al\u0131\u015fmalar\u0131n\u0131 ileti\u015fim sosyolojisi merkezli bir okumaya tabi tutarak, T\u00fcrkiye\u2019de ileti\u015fimin geli\u015fimini anlamaya \u00e7al\u0131\u015fmaktad\u0131r. <\/p>\n","protected":false},"excerpt":{"rendered":"<p>Bat\u0131\u2019da ileti\u015fim sosyolojisiyle ilgili \u00e7al\u0131\u015fmalar, alan d\u0131\u015f\u0131ndan kimseler taraf\u0131ndan ba\u015flat\u0131lm\u0131\u015ft\u0131r. Propaganda, sineman\u0131n etkileri, bas\u0131mc\u0131l\u0131\u011f\u0131n ve bas\u0131n\u0131n toplumsal de\u011fi\u015fim, dayan\u0131\u015fma ve \u00e7at\u0131\u015fmadaki yeri gibi konular \u00fczerine yap\u0131lan<span class=\"excerpt-hellip\"> [\u2026]<\/span><\/p>\n","protected":false},"featured_media":0,"template":"","meta":{"_monsterinsights_skip_tracking":false,"_monsterinsights_sitenote_active":false,"_monsterinsights_sitenote_note":"","_monsterinsights_sitenote_category":0},"product_brand":[],"product_cat":[15983,13488],"product_tag":[],"class_list":{"0":"post-692886","1":"product","2":"type-product","3":"status-publish","5":"product_cat-iletisim-ve-medya","6":"product_cat-toplum-ve-insan","7":"pa_tur-kitap","8":"pa_yayinevi-siyasal-kitabevi-akademik-kitaplar","9":"pa_yazar-serdar-ozturk","11":"first","12":"instock","13":"sale","14":"shipping-taxable","15":"purchasable","16":"product-type-simple"},"_links":{"self":[{"href":"https:\/\/roveyayinevi.com.tr\/index.php\/wp-json\/wp\/v2\/product\/692886","targetHints":{"allow":["GET"]}}],"collection":[{"href":"https:\/\/roveyayinevi.com.tr\/index.php\/wp-json\/wp\/v2\/product"}],"about":[{"href":"https:\/\/roveyayinevi.com.tr\/index.php\/wp-json\/wp\/v2\/types\/product"}],"wp:attachment":[{"href":"https:\/\/roveyayinevi.com.tr\/index.php\/wp-json\/wp\/v2\/media?parent=692886"}],"wp:term":[{"taxonomy":"product_brand","embeddable":true,"href":"https:\/\/roveyayinevi.com.tr\/index.php\/wp-json\/wp\/v2\/product_brand?post=692886"},{"taxonomy":"product_cat","embeddable":true,"href":"https:\/\/roveyayinevi.com.tr\/index.php\/wp-json\/wp\/v2\/product_cat?post=692886"},{"taxonomy":"product_tag","embeddable":true,"href":"https:\/\/roveyayinevi.com.tr\/index.php\/wp-json\/wp\/v2\/product_tag?post=692886"}],"curies":[{"name":"wp","href":"https:\/\/api.w.org\/{rel}","templated":true}]}}