{"id":692876,"date":"2025-08-27T14:09:39","date_gmt":"2025-08-27T11:09:39","guid":{"rendered":"https:\/\/roveyayinevi.com.tr\/index.php\/urun\/sosyal-problemler-sosyolojisi\/"},"modified":"2026-04-16T02:02:42","modified_gmt":"2026-04-15T23:02:42","slug":"sosyal-problemler-sosyolojisi","status":"publish","type":"product","link":"https:\/\/roveyayinevi.com.tr\/index.php\/urun\/sosyal-problemler-sosyolojisi\/","title":{"rendered":"Sosyal Problemler Sosyolojisi"},"content":{"rendered":"<p>G\u00fcn\u00fcm\u00fcz toplumlar\u0131, ge\u00e7mi\u015f toplumlarla k\u0131yasland\u0131\u011f\u0131nda pek \u00e7ok konuda daha \u015fansl\u0131 g\u00f6z\u00fckmektedir. Sa\u011fl\u0131k alan\u0131ndaki yenilik ve geli\u015fmeler anne ve bebek \u00f6l\u00fcml\u00fcl\u00fc\u011f\u00fcn\u00fc d\u00fc\u015f\u00fcrd\u00fc\u011f\u00fc gibi ortalama ya\u015fam s\u00fcresini uzatm\u0131\u015f, toplumlar\u0131n e\u011fitim ve refah d\u00fczeyleri artm\u0131\u015ft\u0131r. Ancak bu iyimser g\u00f6stergeler g\u00fcn\u00fcm\u00fcz toplumlar\u0131n\u0131n ba\u015f etmek zorunda kald\u0131klar\u0131 sosyal porblemlerin azald\u0131\u011f\u0131 ya da \u00f6nemini yitirdi\u011fi anlam\u0131n\u0131 ta\u015f\u0131mamaktad\u0131r. \u00d6rne\u011fin toplumlar\u0131n e\u011fitim ve gelir d\u00fczeyleri artmas\u0131nda kar\u015f\u0131n e\u011fitim e\u015fitsizlikleri, gelir da\u011f\u0131l\u0131m\u0131ndaki dengesizlikler s\u00fcrmekte, \u00e7ocuklar d\u00fcnyan\u0131n pek \u00e7ok \u00fclkesinde a\u00e7l\u0131k m\u00fccadelesi vermekte, kad\u0131n ve erkekler e\u015fit hak ve \u00f6zg\u00fcrl\u00fcklere sahip olmad\u0131\u011f\u0131 gibi kad\u0131nlar ikinci s\u0131n\u0131f vatanda\u015f muamelesi g\u00f6rmektedir. Bir\u00e7ok b\u00fcy\u00fck kentte can ve mal g\u00fcvenli\u011fi sa\u011flanamamakta, insanlar sokaklarda sald\u0131r\u0131 ve \u015fiddete maruz kalmakta, su\u00e7 i\u015fleme oranlar\u0131 artmaktad\u0131r. Yoksulluk ve e\u015fitsizlikler s\u00fcrmektedir.\u00d6rnekleri \u00e7o\u011faltmak m\u00fcmk\u00fcn, ancak k\u0131saca burada s\u00f6ylenmek istenen a\u00e7l\u0131k, yoksulluk, e\u015fitsizlik, \u015fiddet ve artan su\u00e7 oranlar\u0131n\u0131n g\u00fcn\u00fcm\u00fcz d\u00fcnyas\u0131n\u0131n \u00f6nemli sosyal problemleri oldu\u011fu ger\u00e7e\u011fi ve sosyal problemlerin ge\u00e7mi\u015fte var oldu\u011fu, de\u011fi\u015fse, farkl\u0131la\u015fsa da gelecekte de var olaca\u011f\u0131d\u0131r&#8230;\ufffcTan\u0131t\u0131m Metni<\/p>\n","protected":false},"excerpt":{"rendered":"<p>G\u00fcn\u00fcm\u00fcz toplumlar\u0131, ge\u00e7mi\u015f toplumlarla k\u0131yasland\u0131\u011f\u0131nda pek \u00e7ok konuda daha \u015fansl\u0131 g\u00f6z\u00fckmektedir. Sa\u011fl\u0131k alan\u0131ndaki yenilik ve geli\u015fmeler anne ve bebek \u00f6l\u00fcml\u00fcl\u00fc\u011f\u00fcn\u00fc d\u00fc\u015f\u00fcrd\u00fc\u011f\u00fc gibi ortalama ya\u015fam s\u00fcresini uzatm\u0131\u015f,<span class=\"excerpt-hellip\"> [\u2026]<\/span><\/p>\n","protected":false},"featured_media":0,"template":"","meta":{"_monsterinsights_skip_tracking":false,"_monsterinsights_sitenote_active":false,"_monsterinsights_sitenote_note":"","_monsterinsights_sitenote_category":0},"product_brand":[],"product_cat":[12767,12324],"product_tag":[],"class_list":{"0":"post-692876","1":"product","2":"type-product","3":"status-publish","5":"product_cat-kentlesme-modernlesme","6":"product_cat-sosyoloji","7":"pa_cilt-ciltsiz","8":"pa_tur-kitap","9":"pa_yayinevi-siyasal-kitabevi-akademik-kitaplar","10":"pa_yazar-azize-baygal","12":"first","13":"instock","14":"sale","15":"shipping-taxable","16":"purchasable","17":"product-type-simple"},"_links":{"self":[{"href":"https:\/\/roveyayinevi.com.tr\/index.php\/wp-json\/wp\/v2\/product\/692876","targetHints":{"allow":["GET"]}}],"collection":[{"href":"https:\/\/roveyayinevi.com.tr\/index.php\/wp-json\/wp\/v2\/product"}],"about":[{"href":"https:\/\/roveyayinevi.com.tr\/index.php\/wp-json\/wp\/v2\/types\/product"}],"wp:attachment":[{"href":"https:\/\/roveyayinevi.com.tr\/index.php\/wp-json\/wp\/v2\/media?parent=692876"}],"wp:term":[{"taxonomy":"product_brand","embeddable":true,"href":"https:\/\/roveyayinevi.com.tr\/index.php\/wp-json\/wp\/v2\/product_brand?post=692876"},{"taxonomy":"product_cat","embeddable":true,"href":"https:\/\/roveyayinevi.com.tr\/index.php\/wp-json\/wp\/v2\/product_cat?post=692876"},{"taxonomy":"product_tag","embeddable":true,"href":"https:\/\/roveyayinevi.com.tr\/index.php\/wp-json\/wp\/v2\/product_tag?post=692876"}],"curies":[{"name":"wp","href":"https:\/\/api.w.org\/{rel}","templated":true}]}}