{"id":692873,"date":"2025-08-27T14:09:39","date_gmt":"2025-08-27T11:09:39","guid":{"rendered":"https:\/\/roveyayinevi.com.tr\/index.php\/urun\/yan-yana-deniz-uclemesi-2\/"},"modified":"2026-04-16T02:02:42","modified_gmt":"2026-04-15T23:02:42","slug":"yan-yana-deniz-uclemesi-2","status":"publish","type":"product","link":"https:\/\/roveyayinevi.com.tr\/index.php\/urun\/yan-yana-deniz-uclemesi-2\/","title":{"rendered":"Yan Yana (Deniz \u00dc\u00e7lemesi 2)"},"content":{"rendered":"<p>So\u011fuk co\u011frafyalar\u0131n insanlar\u0131n\u0131 ta\u015f\u0131yan gemi, tropik sularda bo\u011fucu s\u0131cak, sis ve k\u0131p\u0131rt\u0131s\u0131z denizle m\u00fccadele halindedir. Ayn\u0131 sulara saplan\u0131p kalm\u0131\u015f bir ba\u015fka gemi daha oldu\u011fu ortaya \u00e7\u0131kt\u0131\u011f\u0131nda ise sinirler gerilir. Di\u011fer gemidekiler dost mudur, d\u00fc\u015fman m\u0131? Fizik kurallar\u0131 gere\u011fi b\u00fcy\u00fck k\u00fctleler durgun suda birbirini \u00e7ekmeye ba\u015flar. \u0130ki geminin yan yana gelmesi ka\u00e7\u0131n\u0131lmazd\u0131r. William Golding\u2019in \u201cDeniz \u00dc\u00e7leme\u201dnin ikinci kitab\u0131 olan Yan Yana\u2019da, kibirli Edmund Talbot\u2019\u0131n yelkenli bir yolcu gemisiyle \u00e7\u0131kt\u0131\u011f\u0131 macera devam ediyor. D\u00fc\u015fmanl\u0131\u011f\u0131n, \u00f6l\u00fcm korkusunun, delili\u011fin ve a\u015fk\u0131n sard\u0131\u011f\u0131 gizemli ve sars\u0131c\u0131 bir deney <\/p>\n","protected":false},"excerpt":{"rendered":"<p>So\u011fuk co\u011frafyalar\u0131n insanlar\u0131n\u0131 ta\u015f\u0131yan gemi, tropik sularda bo\u011fucu s\u0131cak, sis ve k\u0131p\u0131rt\u0131s\u0131z denizle m\u00fccadele halindedir. Ayn\u0131 sulara saplan\u0131p kalm\u0131\u015f bir ba\u015fka gemi daha oldu\u011fu ortaya \u00e7\u0131kt\u0131\u011f\u0131nda<span class=\"excerpt-hellip\"> [\u2026]<\/span><\/p>\n","protected":false},"featured_media":0,"template":"","meta":{"_monsterinsights_skip_tracking":false,"_monsterinsights_sitenote_active":false,"_monsterinsights_sitenote_note":"","_monsterinsights_sitenote_category":0},"product_brand":[],"product_cat":[12291,12866],"product_tag":[],"class_list":{"0":"post-692873","1":"product","2":"type-product","3":"status-publish","5":"product_cat-edebiyat","6":"product_cat-ingiliz-edebiyati","7":"pa_cilt-ciltsiz","8":"pa_tur-kitap","9":"pa_yayinevi-sel-yayincilik","10":"pa_yazar-william-golding","12":"first","13":"instock","14":"sale","15":"shipping-taxable","16":"purchasable","17":"product-type-simple"},"_links":{"self":[{"href":"https:\/\/roveyayinevi.com.tr\/index.php\/wp-json\/wp\/v2\/product\/692873","targetHints":{"allow":["GET"]}}],"collection":[{"href":"https:\/\/roveyayinevi.com.tr\/index.php\/wp-json\/wp\/v2\/product"}],"about":[{"href":"https:\/\/roveyayinevi.com.tr\/index.php\/wp-json\/wp\/v2\/types\/product"}],"wp:attachment":[{"href":"https:\/\/roveyayinevi.com.tr\/index.php\/wp-json\/wp\/v2\/media?parent=692873"}],"wp:term":[{"taxonomy":"product_brand","embeddable":true,"href":"https:\/\/roveyayinevi.com.tr\/index.php\/wp-json\/wp\/v2\/product_brand?post=692873"},{"taxonomy":"product_cat","embeddable":true,"href":"https:\/\/roveyayinevi.com.tr\/index.php\/wp-json\/wp\/v2\/product_cat?post=692873"},{"taxonomy":"product_tag","embeddable":true,"href":"https:\/\/roveyayinevi.com.tr\/index.php\/wp-json\/wp\/v2\/product_tag?post=692873"}],"curies":[{"name":"wp","href":"https:\/\/api.w.org\/{rel}","templated":true}]}}