{"id":692872,"date":"2025-08-27T14:09:38","date_gmt":"2025-08-27T11:09:38","guid":{"rendered":"https:\/\/roveyayinevi.com.tr\/index.php\/urun\/ve-gunler-yurumeye-basladi\/"},"modified":"2026-04-16T02:02:42","modified_gmt":"2026-04-15T23:02:42","slug":"ve-gunler-yurumeye-basladi","status":"publish","type":"product","link":"https:\/\/roveyayinevi.com.tr\/index.php\/urun\/ve-gunler-yurumeye-basladi\/","title":{"rendered":"Ve G\u00fcnler Y\u00fcr\u00fcmeye Ba\u015flad\u0131"},"content":{"rendered":"<p>Galeano\u2019dan her g\u00fcne bir masal de\u011fil, her g\u00fcne bir ger\u00e7ek. Bir takvim format\u0131nda yaz\u0131lan Ve G\u00fcnler Y\u00fcr\u00fcmeye Ba\u015flad\u0131, 1 Ocak\u2019tan 31 Aral\u0131k\u2019a her g\u00fcn i\u00e7in yak\u0131n tarihte ya da eski \u00e7a\u011flarda o g\u00fcn ya\u015fanan \u00f6zel bir hik\u00e2ye anlat\u0131yor. Eduardo Galeano, Aynalar\u2019da oldu\u011fu gibi kad\u0131n, erkek, iktidar, yerliler, \u0131rk\u00e7\u0131l\u0131k, emperyalizm, k\u00fclt\u00fcrler, daldan dala atlayarak; de\u011finilmedik konu, ula\u015f\u0131lmad\u0131k co\u011frafya, \u00e7o\u011falt\u0131lmad\u0131k ses b\u0131rakm\u0131yor. S\u00fcrekli daha ileriye ta\u015f\u0131maya \u00e7al\u0131\u015ft\u0131\u011f\u0131 minimalist stili ise zirvede. Fazladan tek bir s\u00f6zc\u00fck bile kullanmak istemiyor, her \u015feyin \u00f6z\u00fcne inmeye \u00e7al\u0131\u015f\u0131yor: konunun, insan\u0131n, s\u00f6zc\u00fc\u011f\u00fcn, tarihin&#8230; S\u00f6ylemek istedi\u011fini m\u00fcmk\u00fcn olan en k\u0131sa bi\u00e7imde aktarmak; herhalde Galeano edebiyat\u0131n\u0131n en g\u00fczel \u00f6zeti budur. H\u00fcz\u00fcnl\u00fc sayfalar\u0131n a\u011f\u0131rl\u0131\u011f\u0131 ka\u00e7\u0131n\u0131lmaz olsa da gelece\u011fe y\u00f6nelik umudu her sat\u0131rda hissettirerek d\u00fcnyan\u0131n vicdan\u0131 yak\u0131\u015ft\u0131rmas\u0131n\u0131 Eduardo Galeano\u2019nun ne kadar hak etti\u011fini, bu kitap bir kez daha teyit ediyor.<\/p>\n","protected":false},"excerpt":{"rendered":"<p>Galeano\u2019dan her g\u00fcne bir masal de\u011fil, her g\u00fcne bir ger\u00e7ek. Bir takvim format\u0131nda yaz\u0131lan Ve G\u00fcnler Y\u00fcr\u00fcmeye Ba\u015flad\u0131, 1 Ocak\u2019tan 31 Aral\u0131k\u2019a her g\u00fcn i\u00e7in yak\u0131n<span class=\"excerpt-hellip\"> [\u2026]<\/span><\/p>\n","protected":false},"featured_media":0,"template":"","meta":{"_monsterinsights_skip_tracking":false,"_monsterinsights_sitenote_active":false,"_monsterinsights_sitenote_note":"","_monsterinsights_sitenote_category":0},"product_brand":[],"product_cat":[12777,12291],"product_tag":[],"class_list":{"0":"post-692872","1":"product","2":"type-product","3":"status-publish","5":"product_cat-deneme","6":"product_cat-edebiyat","7":"pa_cilt-ciltsiz","8":"pa_tur-kitap","9":"pa_yayinevi-sel-yayincilik","10":"pa_yazar-eduardo-galeano","12":"first","13":"instock","14":"sale","15":"shipping-taxable","16":"purchasable","17":"product-type-simple"},"_links":{"self":[{"href":"https:\/\/roveyayinevi.com.tr\/index.php\/wp-json\/wp\/v2\/product\/692872","targetHints":{"allow":["GET"]}}],"collection":[{"href":"https:\/\/roveyayinevi.com.tr\/index.php\/wp-json\/wp\/v2\/product"}],"about":[{"href":"https:\/\/roveyayinevi.com.tr\/index.php\/wp-json\/wp\/v2\/types\/product"}],"wp:attachment":[{"href":"https:\/\/roveyayinevi.com.tr\/index.php\/wp-json\/wp\/v2\/media?parent=692872"}],"wp:term":[{"taxonomy":"product_brand","embeddable":true,"href":"https:\/\/roveyayinevi.com.tr\/index.php\/wp-json\/wp\/v2\/product_brand?post=692872"},{"taxonomy":"product_cat","embeddable":true,"href":"https:\/\/roveyayinevi.com.tr\/index.php\/wp-json\/wp\/v2\/product_cat?post=692872"},{"taxonomy":"product_tag","embeddable":true,"href":"https:\/\/roveyayinevi.com.tr\/index.php\/wp-json\/wp\/v2\/product_tag?post=692872"}],"curies":[{"name":"wp","href":"https:\/\/api.w.org\/{rel}","templated":true}]}}