{"id":692867,"date":"2025-08-27T14:09:37","date_gmt":"2025-08-27T11:09:37","guid":{"rendered":"https:\/\/roveyayinevi.com.tr\/index.php\/urun\/utopyanin-kadinlari-kadinlarin-utopyasi\/"},"modified":"2026-04-16T02:02:42","modified_gmt":"2026-04-15T23:02:42","slug":"utopyanin-kadinlari-kadinlarin-utopyasi","status":"publish","type":"product","link":"https:\/\/roveyayinevi.com.tr\/index.php\/urun\/utopyanin-kadinlari-kadinlarin-utopyasi\/","title":{"rendered":"\u00dctopyan\u0131n Kad\u0131nlar\u0131 Kad\u0131nlar\u0131n \u00dctopyas\u0131"},"content":{"rendered":"<p>\u201cToplumunuzdaki her \u015fey erkekler taraf\u0131ndan yap\u0131l\u0131yor sanki. End\u00fcstri, sanat, y\u00f6netim, h\u00fck\u00fcmet, kararlar. B\u00fct\u00fcn ya\u015fam\u0131n\u0131z boyunca da baban\u0131z\u0131n ve kocan\u0131z\u0131n ad\u0131n\u0131 ta\u015f\u0131yorsunuz. Erkekler okula gidiyorlar, siz gitmiyorsunuz; hepsi \u00f6\u011fretmen, yarg\u0131\u00e7, polis, h\u00fck\u00fcmet \u00fcyesi oluyorlar, de\u011fil mi? Neden her \u015feyi denetlemelerine izin veriyorsunuz? Neden istedi\u011finizi yapm\u0131yorsunuz?\u201d \ufffcTan\u0131t\u0131m Metni<\/p>\n","protected":false},"excerpt":{"rendered":"<p>\u201cToplumunuzdaki her \u015fey erkekler taraf\u0131ndan yap\u0131l\u0131yor sanki. End\u00fcstri, sanat, y\u00f6netim, h\u00fck\u00fcmet, kararlar. B\u00fct\u00fcn ya\u015fam\u0131n\u0131z boyunca da baban\u0131z\u0131n ve kocan\u0131z\u0131n ad\u0131n\u0131 ta\u015f\u0131yorsunuz. Erkekler okula gidiyorlar, siz gitmiyorsunuz;<span class=\"excerpt-hellip\"> [\u2026]<\/span><\/p>\n","protected":false},"featured_media":0,"template":"","meta":{"_monsterinsights_skip_tracking":false,"_monsterinsights_sitenote_active":false,"_monsterinsights_sitenote_note":"","_monsterinsights_sitenote_category":0},"product_brand":[],"product_cat":[13059,12337],"product_tag":[],"class_list":{"0":"post-692867","1":"product","2":"type-product","3":"status-publish","5":"product_cat-diger-politika-siyaset","6":"product_cat-politika-siyaset","7":"pa_tur-kitap","8":"pa_yayinevi-sel-yayincilik","9":"pa_yazar-yasemin-temizarabaci-yildirmaz","11":"first","12":"instock","13":"sale","14":"shipping-taxable","15":"purchasable","16":"product-type-simple"},"_links":{"self":[{"href":"https:\/\/roveyayinevi.com.tr\/index.php\/wp-json\/wp\/v2\/product\/692867","targetHints":{"allow":["GET"]}}],"collection":[{"href":"https:\/\/roveyayinevi.com.tr\/index.php\/wp-json\/wp\/v2\/product"}],"about":[{"href":"https:\/\/roveyayinevi.com.tr\/index.php\/wp-json\/wp\/v2\/types\/product"}],"wp:attachment":[{"href":"https:\/\/roveyayinevi.com.tr\/index.php\/wp-json\/wp\/v2\/media?parent=692867"}],"wp:term":[{"taxonomy":"product_brand","embeddable":true,"href":"https:\/\/roveyayinevi.com.tr\/index.php\/wp-json\/wp\/v2\/product_brand?post=692867"},{"taxonomy":"product_cat","embeddable":true,"href":"https:\/\/roveyayinevi.com.tr\/index.php\/wp-json\/wp\/v2\/product_cat?post=692867"},{"taxonomy":"product_tag","embeddable":true,"href":"https:\/\/roveyayinevi.com.tr\/index.php\/wp-json\/wp\/v2\/product_tag?post=692867"}],"curies":[{"name":"wp","href":"https:\/\/api.w.org\/{rel}","templated":true}]}}