{"id":692866,"date":"2025-08-27T14:09:37","date_gmt":"2025-08-27T11:09:37","guid":{"rendered":"https:\/\/roveyayinevi.com.tr\/index.php\/urun\/saglik-ekonomisi\/"},"modified":"2026-04-16T02:02:42","modified_gmt":"2026-04-15T23:02:42","slug":"saglik-ekonomisi","status":"publish","type":"product","link":"https:\/\/roveyayinevi.com.tr\/index.php\/urun\/saglik-ekonomisi\/","title":{"rendered":"Sa\u011fl\u0131k Ekonomisi"},"content":{"rendered":"<p>D\u00fcnya \u00fczerinde sa\u011fl\u0131k sisteminden memnun ve sa\u011fl\u0131k sistemini de\u011fi\u015ftirme \u00e7abas\u0131 i\u00e7inde olmayan neredeyse hi\u00e7bir \u00fclke yoktur. Sa\u011fl\u0131k sistemini de\u011fi\u015ftirme gayreti i\u00e7ine girmenin temel sebebi ise yeni sa\u011fl\u0131k bilgisi ve teknolojinin hem hastal\u0131klar\u0131n te\u015fhisini kolayla\u015ft\u0131rmas\u0131 hem de eskiden tedavi edilemeyen hastal\u0131klar\u0131n daha etkili bir \u015fekilde tedavi edilebilmesine imk\u00e2n sa\u011flamas\u0131 sonucu artan vatanda\u015f beklentilerinin daha iyi kar\u015f\u0131lanmas\u0131d\u0131r. \u0130leri ve yeni te\u015fhis ve tedavi y\u00f6ntemlerine eri\u015fmek isteyen vatanda\u015flar\u0131n bir ba\u015fka beklentisi ise ihtiya\u00e7 duyduklar\u0131 sa\u011fl\u0131k hizmetlerini insan onuruna yara\u015f\u0131r bir \u015fekilde almak istemeleri ve ayn\u0131 zamanda sa\u011fl\u0131k hizmetlerinin kaliteli olmas\u0131d\u0131r. Etkili, yeni ve kaliteli sa\u011fl\u0131k hizmetleri sunmak, sa\u011fl\u0131k sistemine ilave kaynaklar\u0131n aktar\u0131lmas\u0131n\u0131 gerekli k\u0131lmaktad\u0131r. \u0130leti\u015fim ve ula\u015f\u0131m imk\u00e2nlar\u0131n\u0131n iyile\u015fmesi, D\u00fcnyam\u0131z\u0131 daha k\u00fc\u00e7\u00fck hale getirmekte, bu da bir \u00fclke vatanda\u015f\u0131n\u0131n D\u00fcnyan\u0131n di\u011fer \u00fclkelerinde meydana gelen geli\u015fmelerden daha k\u0131sa s\u00fcrede haberdar olmas\u0131na neden olmaktad\u0131r. Geleneksel olarak kamunun daha a\u011f\u0131rl\u0131kl\u0131 oldu\u011fu e\u011fitim, sanayi ve savunma gibi sekt\u00f6rlerde de vatanda\u015flar\u0131n artan beklentileri vard\u0131r. Ancak artan beklentileri kar\u015f\u0131layacak olan mal ve hizmetleri \u00fcretmek i\u00e7in ihtiya\u00e7 duyulan kaynaklar\u0131n miktar\u0131 ne yaz\u0131k ki istenilen h\u0131zda art\u0131r\u0131lamamaktad\u0131r. Bu da beklentilerin tam olarak kar\u015f\u0131lanmamas\u0131na ya da mevcut kaynaklar\u0131n daha etkili ve verimli kullan\u0131lmas\u0131 i\u00e7in alternatif yollar\u0131n aran\u0131lmas\u0131na neden olmaktad\u0131r. Bu kitap, hem \u00fclkemiz hem de di\u011fer d\u00fcnya \u00fclkelerinin sa\u011fl\u0131k sistemlerinde ya\u015fanan geli\u015fmelerin temelinde yatan nedenlerin daha iyi anla\u015f\u0131lmas\u0131nda okuyuculara ipu\u00e7lar\u0131 sa\u011flayacakt\u0131r. Sa\u011fl\u0131k sistemi reformlar\u0131 ba\u015fl\u0131\u011f\u0131 alt\u0131nda yap\u0131lan d\u00fczenleme ve ya\u015fanan geli\u015fmelere bak\u0131ld\u0131\u011f\u0131 zaman, daha fazla kaynak harcamadan ve mevcut kaynaklar\u0131 daha verimli kullanarak artan beklentileri en iyi \u015fekilde kar\u015f\u0131lamak hedeflenmektedir ki bu da Ekonomi Biliminin u\u011fra\u015f\u0131 alan\u0131d\u0131r. Bu kitap, sa\u011fl\u0131k sekt\u00f6r\u00fcne ayr\u0131lan kaynaklar\u0131n etkili ve verimli kullan\u0131lmas\u0131 i\u00e7in ekonomi bilimi ilke ve kurallar\u0131n\u0131n nas\u0131l kullan\u0131laca\u011f\u0131 ile ilgilidir. Ekonomi ilke ve kurallar\u0131n\u0131n sa\u011fl\u0131k sekt\u00f6r\u00fcne uygulanmas\u0131 olarak tarif edilebilecek olan Sa\u011fl\u0131k Ekonomisi, ayr\u0131ca sa\u011fl\u0131k sekt\u00f6r\u00fc ve hizmetlerinin kendine ait baz\u0131 \u00f6zelliklerinin bilinmesi gerekti\u011fini vurgular. Bu kitap, ekonomi bilimi konusunda derinlemesine bilgi sahibi olmayan ancak sa\u011fl\u0131k ekonomisine ilgi duyan sa\u011fl\u0131k profesyonellerine y\u00f6nelik oldu\u011fu kadar, genel ekonomi bilgisine sahip ancak sa\u011fl\u0131k sekt\u00f6r\u00fcne ilgi duyan \u00f6\u011frenci, akademisyen ve y\u00f6neticilere y\u00f6nelik olarak da haz\u0131rlanm\u0131\u015ft\u0131r. Bu kitapta, sa\u011fl\u0131k profesyonellerinin sa\u011fl\u0131k ekonomisine olan ilgisini daha fazla art\u0131rmak ve konular\u0131n daha iyi anla\u015f\u0131lmas\u0131n\u0131 sa\u011flamak i\u00e7in sade bir dil kullan\u0131lmaya gayret edilmi\u015ftir. <\/p>\n","protected":false},"excerpt":{"rendered":"<p>D\u00fcnya \u00fczerinde sa\u011fl\u0131k sisteminden memnun ve sa\u011fl\u0131k sistemini de\u011fi\u015ftirme \u00e7abas\u0131 i\u00e7inde olmayan neredeyse hi\u00e7bir \u00fclke yoktur. Sa\u011fl\u0131k sistemini de\u011fi\u015ftirme gayreti i\u00e7ine girmenin temel sebebi ise yeni<span class=\"excerpt-hellip\"> [\u2026]<\/span><\/p>\n","protected":false},"featured_media":0,"template":"","meta":{"_monsterinsights_skip_tracking":false,"_monsterinsights_sitenote_active":false,"_monsterinsights_sitenote_note":"","_monsterinsights_sitenote_category":0},"product_brand":[],"product_cat":[20313,13365],"product_tag":[],"class_list":{"0":"post-692866","1":"product","2":"type-product","3":"status-publish","5":"product_cat-basvuru-kitaplari-saglik","6":"product_cat-saglik","7":"pa_tur-kitap","8":"pa_yayinevi-siyasal-kitabevi-akademik-kitaplar","9":"pa_yazar-yusuf-celik","11":"first","12":"instock","13":"sale","14":"shipping-taxable","15":"purchasable","16":"product-type-simple"},"_links":{"self":[{"href":"https:\/\/roveyayinevi.com.tr\/index.php\/wp-json\/wp\/v2\/product\/692866","targetHints":{"allow":["GET"]}}],"collection":[{"href":"https:\/\/roveyayinevi.com.tr\/index.php\/wp-json\/wp\/v2\/product"}],"about":[{"href":"https:\/\/roveyayinevi.com.tr\/index.php\/wp-json\/wp\/v2\/types\/product"}],"wp:attachment":[{"href":"https:\/\/roveyayinevi.com.tr\/index.php\/wp-json\/wp\/v2\/media?parent=692866"}],"wp:term":[{"taxonomy":"product_brand","embeddable":true,"href":"https:\/\/roveyayinevi.com.tr\/index.php\/wp-json\/wp\/v2\/product_brand?post=692866"},{"taxonomy":"product_cat","embeddable":true,"href":"https:\/\/roveyayinevi.com.tr\/index.php\/wp-json\/wp\/v2\/product_cat?post=692866"},{"taxonomy":"product_tag","embeddable":true,"href":"https:\/\/roveyayinevi.com.tr\/index.php\/wp-json\/wp\/v2\/product_tag?post=692866"}],"curies":[{"name":"wp","href":"https:\/\/api.w.org\/{rel}","templated":true}]}}