{"id":692858,"date":"2025-08-27T14:09:35","date_gmt":"2025-08-27T11:09:35","guid":{"rendered":"https:\/\/roveyayinevi.com.tr\/index.php\/urun\/siir-ve-cinayet\/"},"modified":"2026-04-16T02:02:41","modified_gmt":"2026-04-15T23:02:41","slug":"siir-ve-cinayet","status":"publish","type":"product","link":"https:\/\/roveyayinevi.com.tr\/index.php\/urun\/siir-ve-cinayet\/","title":{"rendered":"\u015eiir ve Cinayet"},"content":{"rendered":"<p>Ara\u015ft\u0131rmac\u0131, denemeci, \u015fair, s\u00f6zc\u00fck \u00fcreticisi\u2026 T\u00fcrk edebiyat\u0131n\u0131n en \u00f6zg\u00fcn kalemlerinden Sal\u00e2h Birsel, hicivli anlat\u0131m\u0131, g\u00fc\u00e7l\u00fc betimlemeleri ve engin bilgisiyle edebiyatta \u015fiir ve cinayet temalar\u0131n\u0131 mercek alt\u0131na alan denemelerinde, okuru d\u00fcnya edebiyat\u0131n\u0131n \u00f6nde gelen isimleriyle bulu\u015fturup keyifli ve derin bir yolculu\u011fa \u00e7\u0131kar\u0131yor. \u015eiir ve Cinayet, Birsel\u2019in edebiyat tarihinin dehlizlerinde dola\u015farak ula\u015ft\u0131\u011f\u0131 anekdotlar\u0131 okurla bulu\u015fturan, delilik, cinnet, adalet m\u00fccadelesi gibi sanata sirayet etmi\u015f temalar\u0131 titizlikle inceleyen, ufuk a\u00e7\u0131c\u0131 ve iddial\u0131 bir yap\u0131t. <\/p>\n","protected":false},"excerpt":{"rendered":"<p>Ara\u015ft\u0131rmac\u0131, denemeci, \u015fair, s\u00f6zc\u00fck \u00fcreticisi\u2026 T\u00fcrk edebiyat\u0131n\u0131n en \u00f6zg\u00fcn kalemlerinden Sal\u00e2h Birsel, hicivli anlat\u0131m\u0131, g\u00fc\u00e7l\u00fc betimlemeleri ve engin bilgisiyle edebiyatta \u015fiir ve cinayet temalar\u0131n\u0131 mercek alt\u0131na<span class=\"excerpt-hellip\"> [\u2026]<\/span><\/p>\n","protected":false},"featured_media":0,"template":"","meta":{"_monsterinsights_skip_tracking":false,"_monsterinsights_sitenote_active":false,"_monsterinsights_sitenote_note":"","_monsterinsights_sitenote_category":0},"product_brand":[],"product_cat":[12777,12291],"product_tag":[],"class_list":{"0":"post-692858","1":"product","2":"type-product","3":"status-publish","5":"product_cat-deneme","6":"product_cat-edebiyat","7":"pa_cilt-ciltsiz","8":"pa_tur-kitap","9":"pa_yayinevi-sel-yayincilik","10":"pa_yazar-salah-birsel","12":"first","13":"instock","14":"sale","15":"shipping-taxable","16":"purchasable","17":"product-type-simple"},"_links":{"self":[{"href":"https:\/\/roveyayinevi.com.tr\/index.php\/wp-json\/wp\/v2\/product\/692858","targetHints":{"allow":["GET"]}}],"collection":[{"href":"https:\/\/roveyayinevi.com.tr\/index.php\/wp-json\/wp\/v2\/product"}],"about":[{"href":"https:\/\/roveyayinevi.com.tr\/index.php\/wp-json\/wp\/v2\/types\/product"}],"wp:attachment":[{"href":"https:\/\/roveyayinevi.com.tr\/index.php\/wp-json\/wp\/v2\/media?parent=692858"}],"wp:term":[{"taxonomy":"product_brand","embeddable":true,"href":"https:\/\/roveyayinevi.com.tr\/index.php\/wp-json\/wp\/v2\/product_brand?post=692858"},{"taxonomy":"product_cat","embeddable":true,"href":"https:\/\/roveyayinevi.com.tr\/index.php\/wp-json\/wp\/v2\/product_cat?post=692858"},{"taxonomy":"product_tag","embeddable":true,"href":"https:\/\/roveyayinevi.com.tr\/index.php\/wp-json\/wp\/v2\/product_tag?post=692858"}],"curies":[{"name":"wp","href":"https:\/\/api.w.org\/{rel}","templated":true}]}}