{"id":692857,"date":"2025-08-27T14:09:35","date_gmt":"2025-08-27T11:09:35","guid":{"rendered":"https:\/\/roveyayinevi.com.tr\/index.php\/urun\/suya-seng\/"},"modified":"2026-04-16T02:02:41","modified_gmt":"2026-04-15T23:02:41","slug":"suya-seng","status":"publish","type":"product","link":"https:\/\/roveyayinevi.com.tr\/index.php\/urun\/suya-seng\/","title":{"rendered":"Suya Seng"},"content":{"rendered":"<p>Enis Batur\u2019dan, bu kez farkl\u0131 kalem u\u00e7lar\u0131yla yaz\u0131lm\u0131\u015f bir kitap. Kesik u\u00e7la, karanl\u0131ktan \u00e7ekip \u00e7\u0131kar\u0131yor bir gizi. Yuvarlak u\u00e7la, daha \u00f6nce kurulmam\u0131\u015f ili\u015fkilere y\u00f6neliyor. Sivri ucu, yeri geldi\u011finde bat\u0131rmaktan geri durmuyor. Bir de, farkl\u0131 m\u00fcrekkepler deniyor yazar: Sepya, lirik eda i\u00e7in; zeytin ye\u015fili, pastoral a\u011f\u0131rl\u0131kl\u0131 sat\u0131rlarda; kan k\u0131rm\u0131z\u0131, sivri u\u00e7 derine girdi\u011finde. Ve so\u011fan m\u00fcrekkebi: Derkenarda okura b\u0131rakt\u0131\u011f\u0131 hen\u00fcz sessiz, dilsiz alanlar i\u00e7in. <\/p>\n","protected":false},"excerpt":{"rendered":"<p>Enis Batur\u2019dan, bu kez farkl\u0131 kalem u\u00e7lar\u0131yla yaz\u0131lm\u0131\u015f bir kitap. Kesik u\u00e7la, karanl\u0131ktan \u00e7ekip \u00e7\u0131kar\u0131yor bir gizi. Yuvarlak u\u00e7la, daha \u00f6nce kurulmam\u0131\u015f ili\u015fkilere y\u00f6neliyor. Sivri ucu,<span class=\"excerpt-hellip\"> [\u2026]<\/span><\/p>\n","protected":false},"featured_media":0,"template":"","meta":{"_monsterinsights_skip_tracking":false,"_monsterinsights_sitenote_active":false,"_monsterinsights_sitenote_note":"","_monsterinsights_sitenote_category":0},"product_brand":[],"product_cat":[12777,12291],"product_tag":[],"class_list":{"0":"post-692857","1":"product","2":"type-product","3":"status-publish","5":"product_cat-deneme","6":"product_cat-edebiyat","7":"pa_tur-kitap","8":"pa_yayinevi-sel-yayincilik","9":"pa_yazar-enis-batur","11":"first","12":"instock","13":"sale","14":"shipping-taxable","15":"purchasable","16":"product-type-simple"},"_links":{"self":[{"href":"https:\/\/roveyayinevi.com.tr\/index.php\/wp-json\/wp\/v2\/product\/692857","targetHints":{"allow":["GET"]}}],"collection":[{"href":"https:\/\/roveyayinevi.com.tr\/index.php\/wp-json\/wp\/v2\/product"}],"about":[{"href":"https:\/\/roveyayinevi.com.tr\/index.php\/wp-json\/wp\/v2\/types\/product"}],"wp:attachment":[{"href":"https:\/\/roveyayinevi.com.tr\/index.php\/wp-json\/wp\/v2\/media?parent=692857"}],"wp:term":[{"taxonomy":"product_brand","embeddable":true,"href":"https:\/\/roveyayinevi.com.tr\/index.php\/wp-json\/wp\/v2\/product_brand?post=692857"},{"taxonomy":"product_cat","embeddable":true,"href":"https:\/\/roveyayinevi.com.tr\/index.php\/wp-json\/wp\/v2\/product_cat?post=692857"},{"taxonomy":"product_tag","embeddable":true,"href":"https:\/\/roveyayinevi.com.tr\/index.php\/wp-json\/wp\/v2\/product_tag?post=692857"}],"curies":[{"name":"wp","href":"https:\/\/api.w.org\/{rel}","templated":true}]}}