{"id":692851,"date":"2025-08-27T14:09:34","date_gmt":"2025-08-27T11:09:34","guid":{"rendered":"https:\/\/roveyayinevi.com.tr\/index.php\/urun\/romanin-hazirlanisi-2-istek-olarak-yapit\/"},"modified":"2026-04-16T02:02:41","modified_gmt":"2026-04-15T23:02:41","slug":"romanin-hazirlanisi-2-istek-olarak-yapit","status":"publish","type":"product","link":"https:\/\/roveyayinevi.com.tr\/index.php\/urun\/romanin-hazirlanisi-2-istek-olarak-yapit\/","title":{"rendered":"Roman\u0131n Haz\u0131rlan\u0131\u015f\u0131 2 \u0130stek Olarak Yap\u0131t"},"content":{"rendered":"<p>Roman\u0131n Haz\u0131rlan\u0131\u015f\u0131 2, Roland Barthes\u2019\u0131n son ders notlar\u0131 (\u0130stek Olarak Yap\u0131t) ile son seminer notlar\u0131n\u0131 (Proust ve Foto\u011fraf) i\u00e7eriyor. Ders Notlar\u0131: \u201cYazma Arzusu\u201d ile \u201cYazma Praksisi\u201dne ili\u015fkin g\u00f6r\u00fc\u015flerini, \u00f6zellikle Rousseau, Chateaubriand, Balzac, Flaubert, Proust, Gide, Michelet, Tolstoy, Nietzsche, Kafka ile \u00f6zde\u015fle\u015ferek ve bu arada kendi yazar kimli\u011finin co\u015fkular\u0131 ile bunal\u0131mlar\u0131n\u0131 da sergileyerek sunan Roland Barthes, \u201cRoman\u0131n Haz\u0131rlan\u0131\u015f\u0131\u201dn\u0131 neredeyse b\u00fct\u00fcn a\u015famalar\u0131yla i\u015flerken, kendi Roman Fantasmas\u0131\u2019n\u0131 da ger\u00e7ekle\u015ftirmi\u015f oluyor. Seminer Notlar\u0131: \u201cYazar\u0131n \u00d6l\u00fcm\u00fc\u201d kavram\u0131ndan \u201cYazar\u0131n D\u00f6n\u00fc\u015f\u00fc\u201d kavram\u0131na ula\u015fan Son Barthes\u2019\u0131n Yazar Olarak Proust\u2019a de\u011fil de \u0130nsan Olarak Marcel\u2019e odaklanan bak\u0131\u015f\u0131n\u0131n yaratt\u0131\u011f\u0131 Seminer Haz\u0131rl\u0131\u011f\u0131 notlar\u0131. \u00d6l\u00fcm\u00fcnden k\u0131sa bir s\u00fcre \u00f6nce kaleme ald\u0131\u011f\u0131 ancak izleyicilerine projeksiyon e\u015fli\u011finde s\u00f6zl\u00fc olarak sunamad\u0131\u011f\u0131 bu seminer notlar\u0131nda, Roland Barthes, Marcel Proust\u2019un d\u00fcnyas\u0131n\u0131 etkilemi\u015f ki\u015filerin Paul Nadar taraf\u0131ndan \u00e7ekilmi\u015f foto\u011fraflar\u0131n\u0131, telmihlerle dolu k\u0131sa ve \u201czarif\u201d s\u00f6zlerle yorumluyor. Roman\u0131n Haz\u0131rlan\u0131\u015f\u0131 1 ve 2: Gelene\u011fi kucaklay\u0131p Eskileri Yeni S\u00f6zc\u00fckler, Yeni E\u011fretilemeler (Metaforlar) aras\u0131ndan kayd\u0131rarak s\u00fcrd\u00fcrmeyi ama\u00e7layan bir Modern Klasik yazar\u0131n yap\u0131t\u0131 olarak al\u0131mlanmal\u0131d\u0131r. Roman\u0131n Haz\u0131rlan\u0131\u015f\u0131 1 ve 2: Roland Barthes\u2019\u0131n Son B\u00fcy\u00fck Yap\u0131t\u0131\u2019d\u0131r: \u201cKu\u011funun \u015eark\u0131s\u0131\u201dd\u0131r. <\/p>\n","protected":false},"excerpt":{"rendered":"<p>Roman\u0131n Haz\u0131rlan\u0131\u015f\u0131 2, Roland Barthes\u2019\u0131n son ders notlar\u0131 (\u0130stek Olarak Yap\u0131t) ile son seminer notlar\u0131n\u0131 (Proust ve Foto\u011fraf) i\u00e7eriyor. Ders Notlar\u0131: \u201cYazma Arzusu\u201d ile \u201cYazma Praksisi\u201dne<span class=\"excerpt-hellip\"> [\u2026]<\/span><\/p>\n","protected":false},"featured_media":0,"template":"","meta":{"_monsterinsights_skip_tracking":false,"_monsterinsights_sitenote_active":false,"_monsterinsights_sitenote_note":"","_monsterinsights_sitenote_category":0},"product_brand":[],"product_cat":[12777,12291],"product_tag":[],"class_list":{"0":"post-692851","1":"product","2":"type-product","3":"status-publish","5":"product_cat-deneme","6":"product_cat-edebiyat","7":"pa_cilt-ciltsiz","8":"pa_tur-kitap","9":"pa_yayinevi-sel-yayincilik","10":"pa_yazar-roland-barthes","12":"first","13":"instock","14":"sale","15":"shipping-taxable","16":"purchasable","17":"product-type-simple"},"_links":{"self":[{"href":"https:\/\/roveyayinevi.com.tr\/index.php\/wp-json\/wp\/v2\/product\/692851","targetHints":{"allow":["GET"]}}],"collection":[{"href":"https:\/\/roveyayinevi.com.tr\/index.php\/wp-json\/wp\/v2\/product"}],"about":[{"href":"https:\/\/roveyayinevi.com.tr\/index.php\/wp-json\/wp\/v2\/types\/product"}],"wp:attachment":[{"href":"https:\/\/roveyayinevi.com.tr\/index.php\/wp-json\/wp\/v2\/media?parent=692851"}],"wp:term":[{"taxonomy":"product_brand","embeddable":true,"href":"https:\/\/roveyayinevi.com.tr\/index.php\/wp-json\/wp\/v2\/product_brand?post=692851"},{"taxonomy":"product_cat","embeddable":true,"href":"https:\/\/roveyayinevi.com.tr\/index.php\/wp-json\/wp\/v2\/product_cat?post=692851"},{"taxonomy":"product_tag","embeddable":true,"href":"https:\/\/roveyayinevi.com.tr\/index.php\/wp-json\/wp\/v2\/product_tag?post=692851"}],"curies":[{"name":"wp","href":"https:\/\/api.w.org\/{rel}","templated":true}]}}