{"id":692833,"date":"2025-08-27T14:09:16","date_gmt":"2025-08-27T11:09:16","guid":{"rendered":"https:\/\/roveyayinevi.com.tr\/index.php\/urun\/genel-isletme\/"},"modified":"2026-04-16T02:02:41","modified_gmt":"2026-04-15T23:02:41","slug":"genel-isletme","status":"publish","type":"product","link":"https:\/\/roveyayinevi.com.tr\/index.php\/urun\/genel-isletme\/","title":{"rendered":"Genel \u0130\u015fletme"},"content":{"rendered":"<p>Herakleitos&#8217;un &#8220;her \u015fey de\u011fi\u015fir, tek de\u011fi\u015fmeyen \u015fey de\u011fi\u015fme kanunudur&#8221; \u015feklinde ifade etti\u011fi de\u011fi\u015fim kavram\u0131n\u0131 i\u00e7inde bar\u0131nd\u0131ran taze kan ve farkl\u0131 bak\u0131\u015f a\u00e7\u0131s\u0131 bu kitab\u0131n ana temas\u0131n\u0131 olu\u015fturdu. Eser i\u00e7erik olarak, temelde ayn\u0131 olmakla birlikte, kimi ek konular\u0131 da i\u00e7ermekte ve eski kitaptaki gelene\u011fe ba\u011fl\u0131 olarak son de\u011fi\u015fiklikleri de okuyucular\u0131n bilgisine sunmaya \u00e7al\u0131\u015fmaktad\u0131r. \u0130ddia spor ve kimi yar\u0131\u015fmalar i\u00e7in s\u00f6z konusudur. Bilimde iddian\u0131n yeri yoktur. Bununla birlikte elinizde tuttu\u011funuz bu kitap gerek bir ders kitab\u0131 olarak \u00f6\u011frencilere gerekse bir ba\u015fvuru kayna\u011f\u0131 olarak uygulamac\u0131lara yeni kavram, kuram, kurum ve s\u00fcre\u00e7leri yal\u0131n bir bi\u00e7imde sunmas\u0131 a\u00e7\u0131s\u0131ndan iddial\u0131d\u0131r. Bu bak\u0131mdan \u00fcniversitelere yeni ba\u015flayan \u00f6\u011frencilerle i\u015fletme konular\u0131nda bilgi sahibi olmak isteyenlere \u00e7ok yararl\u0131 olaca\u011f\u0131n\u0131 umuyoruz. <\/p>\n","protected":false},"excerpt":{"rendered":"<p>Herakleitos&#8217;un &#8220;her \u015fey de\u011fi\u015fir, tek de\u011fi\u015fmeyen \u015fey de\u011fi\u015fme kanunudur&#8221; \u015feklinde ifade etti\u011fi de\u011fi\u015fim kavram\u0131n\u0131 i\u00e7inde bar\u0131nd\u0131ran taze kan ve farkl\u0131 bak\u0131\u015f a\u00e7\u0131s\u0131 bu kitab\u0131n ana temas\u0131n\u0131<span class=\"excerpt-hellip\"> [\u2026]<\/span><\/p>\n","protected":false},"featured_media":0,"template":"","meta":{"_monsterinsights_skip_tracking":false,"_monsterinsights_sitenote_active":false,"_monsterinsights_sitenote_note":"","_monsterinsights_sitenote_category":0},"product_brand":[],"product_cat":[12573,12566],"product_tag":[],"class_list":{"0":"post-692833","1":"product","2":"type-product","3":"status-publish","5":"product_cat-akademik-kitaplar","6":"product_cat-egitim","7":"pa_cilt-ciltsiz","8":"pa_tur-kitap","9":"pa_yayinevi-siyasal-kitabevi-akademik-kitaplar","10":"pa_yazar-halil-can","12":"first","13":"instock","14":"sale","15":"shipping-taxable","16":"purchasable","17":"product-type-simple"},"_links":{"self":[{"href":"https:\/\/roveyayinevi.com.tr\/index.php\/wp-json\/wp\/v2\/product\/692833","targetHints":{"allow":["GET"]}}],"collection":[{"href":"https:\/\/roveyayinevi.com.tr\/index.php\/wp-json\/wp\/v2\/product"}],"about":[{"href":"https:\/\/roveyayinevi.com.tr\/index.php\/wp-json\/wp\/v2\/types\/product"}],"wp:attachment":[{"href":"https:\/\/roveyayinevi.com.tr\/index.php\/wp-json\/wp\/v2\/media?parent=692833"}],"wp:term":[{"taxonomy":"product_brand","embeddable":true,"href":"https:\/\/roveyayinevi.com.tr\/index.php\/wp-json\/wp\/v2\/product_brand?post=692833"},{"taxonomy":"product_cat","embeddable":true,"href":"https:\/\/roveyayinevi.com.tr\/index.php\/wp-json\/wp\/v2\/product_cat?post=692833"},{"taxonomy":"product_tag","embeddable":true,"href":"https:\/\/roveyayinevi.com.tr\/index.php\/wp-json\/wp\/v2\/product_tag?post=692833"}],"curies":[{"name":"wp","href":"https:\/\/api.w.org\/{rel}","templated":true}]}}