{"id":692832,"date":"2025-08-27T14:09:16","date_gmt":"2025-08-27T11:09:16","guid":{"rendered":"https:\/\/roveyayinevi.com.tr\/index.php\/urun\/anekdotlarla-ve-cizgilerle-ataturk-laik-turkiye-2\/"},"modified":"2026-04-16T02:02:41","modified_gmt":"2026-04-15T23:02:41","slug":"anekdotlarla-ve-cizgilerle-ataturk-laik-turkiye-2","status":"publish","type":"product","link":"https:\/\/roveyayinevi.com.tr\/index.php\/urun\/anekdotlarla-ve-cizgilerle-ataturk-laik-turkiye-2\/","title":{"rendered":"Anekdotlarla ve \u00c7izgilerle Atat\u00fcrk &#8211; Laik T\u00fcrkiye 2"},"content":{"rendered":"<p>\u00dclkenin en karanl\u0131k anlar\u0131nda umudunu yitirmeyen bir \u00f6nder&#8230; G\u00f6z\u00fcn\u00fc k\u0131rpmadan kendini vatan\u0131 i\u00e7in feda eden bir asker&#8230; Y\u00fcre\u011fi insan ve do\u011fa sevgisiyle dolu bir devrimci&#8230; Anekdotlarla ve \u00c7izgilerle Atat\u00fcrk serisinin ikinci kitab\u0131 olan  Laik T\u00fcrkiye  ile onun hi\u00e7 bilinmeyen y\u00f6nlerine tan\u0131kl\u0131k edeceksiniz. <\/p>\n","protected":false},"excerpt":{"rendered":"<p>\u00dclkenin en karanl\u0131k anlar\u0131nda umudunu yitirmeyen bir \u00f6nder&#8230; G\u00f6z\u00fcn\u00fc k\u0131rpmadan kendini vatan\u0131 i\u00e7in feda eden bir asker&#8230; Y\u00fcre\u011fi insan ve do\u011fa sevgisiyle dolu bir devrimci&#8230; Anekdotlarla<span class=\"excerpt-hellip\"> [\u2026]<\/span><\/p>\n","protected":false},"featured_media":0,"template":"","meta":{"_monsterinsights_skip_tracking":false,"_monsterinsights_sitenote_active":false,"_monsterinsights_sitenote_note":"","_monsterinsights_sitenote_category":0},"product_brand":[],"product_cat":[12530,12304],"product_tag":[],"class_list":{"0":"post-692832","1":"product","2":"type-product","3":"status-publish","5":"product_cat-mustafa-kemal-ataturk","6":"product_cat-tarih","7":"pa_cilt-ciltsiz","8":"pa_tur-kitap","9":"pa_yayinevi-sayfa6-yayinlari","10":"pa_yazar-erk-acarer","12":"first","13":"instock","14":"sale","15":"shipping-taxable","16":"purchasable","17":"product-type-simple"},"_links":{"self":[{"href":"https:\/\/roveyayinevi.com.tr\/index.php\/wp-json\/wp\/v2\/product\/692832","targetHints":{"allow":["GET"]}}],"collection":[{"href":"https:\/\/roveyayinevi.com.tr\/index.php\/wp-json\/wp\/v2\/product"}],"about":[{"href":"https:\/\/roveyayinevi.com.tr\/index.php\/wp-json\/wp\/v2\/types\/product"}],"wp:attachment":[{"href":"https:\/\/roveyayinevi.com.tr\/index.php\/wp-json\/wp\/v2\/media?parent=692832"}],"wp:term":[{"taxonomy":"product_brand","embeddable":true,"href":"https:\/\/roveyayinevi.com.tr\/index.php\/wp-json\/wp\/v2\/product_brand?post=692832"},{"taxonomy":"product_cat","embeddable":true,"href":"https:\/\/roveyayinevi.com.tr\/index.php\/wp-json\/wp\/v2\/product_cat?post=692832"},{"taxonomy":"product_tag","embeddable":true,"href":"https:\/\/roveyayinevi.com.tr\/index.php\/wp-json\/wp\/v2\/product_tag?post=692832"}],"curies":[{"name":"wp","href":"https:\/\/api.w.org\/{rel}","templated":true}]}}