{"id":692803,"date":"2025-08-27T14:09:10","date_gmt":"2025-08-27T11:09:10","guid":{"rendered":"https:\/\/roveyayinevi.com.tr\/index.php\/urun\/turkistan-butunlesmesi\/"},"modified":"2026-04-16T02:02:40","modified_gmt":"2026-04-15T23:02:40","slug":"turkistan-butunlesmesi","status":"publish","type":"product","link":"https:\/\/roveyayinevi.com.tr\/index.php\/urun\/turkistan-butunlesmesi\/","title":{"rendered":"T\u00fcrkistan B\u00fct\u00fcnle\u015fmesi"},"content":{"rendered":"<p>T\u00fcrkistan, Sovyetler Birli\u011fi\u2019nin par\u00e7alanmas\u0131ndan sonra b\u00fct\u00fcn d\u00fcnya taraf\u0131ndan dikkatle izlenmi\u015f ve ba\u011f\u0131ms\u0131zl\u0131\u011f\u0131 izleyen d\u00f6nemde bu co\u011frafyada istikrars\u0131zl\u0131k b\u00f6lgesi olu\u015faca\u011f\u0131 y\u00f6n\u00fcndeki tahminler bo\u015fa \u00e7\u0131km\u0131\u015ft\u0131r. B\u00f6lgenin \u00e7\u00f6z\u00fcm bekleyen karma\u015f\u0131k meseleleri oldu\u011fu do\u011frudur. Aral G\u00f6l\u00fc\u2019n\u00fcn kurumas\u0131, su kaynaklar\u0131n\u0131n payla\u015f\u0131m\u0131, petrol ve do\u011falgaz kaynaklar\u0131n\u0131n d\u00fcnya pazarlar\u0131na ula\u015ft\u0131r\u0131lmas\u0131, demokratikle\u015fme, serbest piyasa ekonomisine ge\u00e7i\u015f s\u00fcreci gibi konular bunlar\u0131n sadece birka\u00e7\u0131d\u0131r. 1990\u2019l\u0131 y\u0131llarda b\u00f6lge liderleri, aralar\u0131nda geli\u015ftirdikleri zirve diplomasisi sistemi ile bu b\u00fcy\u00fck meselelerle birlikte m\u00fccadele etmi\u015flerdir. Ayr\u0131ca hepsinin temsil edildi\u011fi di\u011fer platformlarda da birlikte hareket etmeye gayret g\u00f6stermi\u015flerdir. Zaman zaman \u00d6zbekistan ile Kazakistan aras\u0131nda b\u00f6lgesel liderlik yar\u0131\u015f\u0131 olarak dahi alg\u0131lanan bir b\u00fct\u00fcnle\u015fme \u00e7abas\u0131 da bu d\u00f6neme damgas\u0131n\u0131 vurmu\u015ftur. Bu kitapta ba\u011f\u0131ms\u0131zl\u0131ktan sonra on y\u0131ll\u0131k d\u00f6nem iki a\u00e7\u0131dan ele al\u0131nmaktad\u0131r. Birinci k\u0131s\u0131mda kronolojik olarak b\u00fct\u00fcnle\u015fme s\u00fcre\u00e7leri masaya yat\u0131r\u0131lmaktad\u0131r. Bu s\u00fcre\u00e7 i\u00e7inde kar\u015f\u0131la\u015f\u0131lan engeller ve liderlerin \u015fahs\u0131nda geli\u015ftirilen s\u00f6ylemler anlat\u0131lmaktad\u0131r. Kitap, Sovyet sonras\u0131 d\u00f6nemde T\u00fcrkistan liderlerinin neden birlik aray\u0131\u015f\u0131na girdiklerini a\u00e7\u0131klamaktad\u0131r. Bu ba\u011flamda bir yandan yeniden tarif olunan mill\u00ee kimlikler ve yeniden yaz\u0131lan mill\u00ee tarifler de dikkate al\u0131nmaktad\u0131r. Bu noktada nihai soru olan mill\u00ee kimlik in\u015fas\u0131 ile b\u00f6lgesel b\u00fct\u00fcnle\u015fme \u00e7abalar\u0131n\u0131n nas\u0131l olup da ayn\u0131 zaman dilimi i\u00e7inde uygulamaya konuldu\u011funa bu kitapta bir cevap aranmaktad\u0131r. <\/p>\n","protected":false},"excerpt":{"rendered":"<p>T\u00fcrkistan, Sovyetler Birli\u011fi\u2019nin par\u00e7alanmas\u0131ndan sonra b\u00fct\u00fcn d\u00fcnya taraf\u0131ndan dikkatle izlenmi\u015f ve ba\u011f\u0131ms\u0131zl\u0131\u011f\u0131 izleyen d\u00f6nemde bu co\u011frafyada istikrars\u0131zl\u0131k b\u00f6lgesi olu\u015faca\u011f\u0131 y\u00f6n\u00fcndeki tahminler bo\u015fa \u00e7\u0131km\u0131\u015ft\u0131r. B\u00f6lgenin \u00e7\u00f6z\u00fcm bekleyen<span class=\"excerpt-hellip\"> [\u2026]<\/span><\/p>\n","protected":false},"featured_media":0,"template":"","meta":{"_monsterinsights_skip_tracking":false,"_monsterinsights_sitenote_active":false,"_monsterinsights_sitenote_note":"","_monsterinsights_sitenote_category":0},"product_brand":[],"product_cat":[12965,12337],"product_tag":[],"class_list":{"0":"post-692803","1":"product","2":"type-product","3":"status-publish","5":"product_cat-genel-politika","6":"product_cat-politika-siyaset","7":"pa_tur-kitap","8":"pa_yayinevi-otuken-nesriyat","9":"pa_yazar-sanat-k-kuskumbayev","11":"first","12":"instock","13":"sale","14":"shipping-taxable","15":"purchasable","16":"product-type-simple"},"_links":{"self":[{"href":"https:\/\/roveyayinevi.com.tr\/index.php\/wp-json\/wp\/v2\/product\/692803","targetHints":{"allow":["GET"]}}],"collection":[{"href":"https:\/\/roveyayinevi.com.tr\/index.php\/wp-json\/wp\/v2\/product"}],"about":[{"href":"https:\/\/roveyayinevi.com.tr\/index.php\/wp-json\/wp\/v2\/types\/product"}],"wp:attachment":[{"href":"https:\/\/roveyayinevi.com.tr\/index.php\/wp-json\/wp\/v2\/media?parent=692803"}],"wp:term":[{"taxonomy":"product_brand","embeddable":true,"href":"https:\/\/roveyayinevi.com.tr\/index.php\/wp-json\/wp\/v2\/product_brand?post=692803"},{"taxonomy":"product_cat","embeddable":true,"href":"https:\/\/roveyayinevi.com.tr\/index.php\/wp-json\/wp\/v2\/product_cat?post=692803"},{"taxonomy":"product_tag","embeddable":true,"href":"https:\/\/roveyayinevi.com.tr\/index.php\/wp-json\/wp\/v2\/product_tag?post=692803"}],"curies":[{"name":"wp","href":"https:\/\/api.w.org\/{rel}","templated":true}]}}