{"id":692796,"date":"2025-08-27T14:09:09","date_gmt":"2025-08-27T11:09:09","guid":{"rendered":"https:\/\/roveyayinevi.com.tr\/index.php\/urun\/sair-evlenmesi-2\/"},"modified":"2026-04-16T02:02:40","modified_gmt":"2026-04-15T23:02:40","slug":"sair-evlenmesi-2","status":"publish","type":"product","link":"https:\/\/roveyayinevi.com.tr\/index.php\/urun\/sair-evlenmesi-2\/","title":{"rendered":"\u015eair Evlenmesi"},"content":{"rendered":"<p>\u0130brahim \u015einasi (1826-1871) ilk T\u00fcrk gazetecisi oldu\u011fu kadar, Tanzimat d\u00f6nemi T\u00fcrk edebiyat\u0131n\u0131n da \u00f6nemli \u015fair ve yazarlar\u0131ndand\u0131r. \u015einasi, \u015fiir ve d\u00fcz yaz\u0131 alan\u0131nda Bat\u0131 edebiyat\u0131 yolunda eserler veren ilk sanat\u00e7\u0131d\u0131r. Bu y\u00f6nden, O, Bat\u0131 uygarl\u0131\u011f\u0131 etkisinde geli\u015fen T\u00fcrk edebiyat\u0131n\u0131n kurucusu say\u0131l\u0131r. Bat\u0131l\u0131 yazar Mr. Gibb, onun i\u00e7in \u015f\u00f6yle der: &#8220;\u015einasi ulemalar elinde bir oyuncak gibi olan edebiyat\u0131, ulusun t\u00f6resi ve davran\u0131\u015f e\u011fitimini bir ara\u00e7 durumuna getirdi. Bunu Bat\u0131&#8217;dan ald\u0131\u011f\u0131 \u00f6rnekle, yapmac\u0131\u011f\u0131n yerine do\u011fall\u0131\u011f\u0131 koymak ve s\u00f6ylemek yolunu, s\u00f6ylenecek olan\u0131n buyru\u011funu vermekle yapt\u0131.&#8221; <\/p>\n","protected":false},"excerpt":{"rendered":"<p>\u0130brahim \u015einasi (1826-1871) ilk T\u00fcrk gazetecisi oldu\u011fu kadar, Tanzimat d\u00f6nemi T\u00fcrk edebiyat\u0131n\u0131n da \u00f6nemli \u015fair ve yazarlar\u0131ndand\u0131r. \u015einasi, \u015fiir ve d\u00fcz yaz\u0131 alan\u0131nda Bat\u0131 edebiyat\u0131 yolunda<span class=\"excerpt-hellip\"> [\u2026]<\/span><\/p>\n","protected":false},"featured_media":0,"template":"","meta":{"_monsterinsights_skip_tracking":false,"_monsterinsights_sitenote_active":false,"_monsterinsights_sitenote_note":"","_monsterinsights_sitenote_category":0},"product_brand":[],"product_cat":[12291,14272],"product_tag":[],"class_list":{"0":"post-692796","1":"product","2":"type-product","3":"status-publish","5":"product_cat-edebiyat","6":"product_cat-tiyatro","7":"pa_cilt-ciltsiz","8":"pa_tur-kitap","9":"pa_yayinevi-remzi-kitabevi","10":"pa_yazar-sinasi","12":"first","13":"instock","14":"sale","15":"shipping-taxable","16":"purchasable","17":"product-type-simple"},"_links":{"self":[{"href":"https:\/\/roveyayinevi.com.tr\/index.php\/wp-json\/wp\/v2\/product\/692796","targetHints":{"allow":["GET"]}}],"collection":[{"href":"https:\/\/roveyayinevi.com.tr\/index.php\/wp-json\/wp\/v2\/product"}],"about":[{"href":"https:\/\/roveyayinevi.com.tr\/index.php\/wp-json\/wp\/v2\/types\/product"}],"wp:attachment":[{"href":"https:\/\/roveyayinevi.com.tr\/index.php\/wp-json\/wp\/v2\/media?parent=692796"}],"wp:term":[{"taxonomy":"product_brand","embeddable":true,"href":"https:\/\/roveyayinevi.com.tr\/index.php\/wp-json\/wp\/v2\/product_brand?post=692796"},{"taxonomy":"product_cat","embeddable":true,"href":"https:\/\/roveyayinevi.com.tr\/index.php\/wp-json\/wp\/v2\/product_cat?post=692796"},{"taxonomy":"product_tag","embeddable":true,"href":"https:\/\/roveyayinevi.com.tr\/index.php\/wp-json\/wp\/v2\/product_tag?post=692796"}],"curies":[{"name":"wp","href":"https:\/\/api.w.org\/{rel}","templated":true}]}}