{"id":692790,"date":"2025-08-27T14:09:08","date_gmt":"2025-08-27T11:09:08","guid":{"rendered":"https:\/\/roveyayinevi.com.tr\/index.php\/urun\/dusunce-tarihi\/"},"modified":"2026-04-16T02:02:40","modified_gmt":"2026-04-15T23:02:40","slug":"dusunce-tarihi","status":"publish","type":"product","link":"https:\/\/roveyayinevi.com.tr\/index.php\/urun\/dusunce-tarihi\/","title":{"rendered":"D\u00fc\u015f\u00fcnce Tarihi"},"content":{"rendered":"<p>D\u00f6rt bin y\u0131ll\u0131k d\u00fc\u015f\u00fcn, sanat ve bilim tarihinin klasik yap\u0131tlar\u0131 \u00fcst\u00fcne ele\u015ftirel inceleme     Ba\u015flang\u0131c\u0131ndan g\u00fcn\u00fcm\u00fcze insano\u011fluna yol g\u00f6steren d\u00fc\u015f\u00fcnsel iklim\u2026     Orhan Han\u00e7erlio\u011flu, insanl\u0131\u011f\u0131n var etti\u011fi kimi kavramlar\u0131, ak\u0131mlar ve yap\u0131tlar temelinde incelerken bilim, sanat ve evrensel d\u00fc\u015f\u00fcnce tarihinin d\u00f6n\u00fcm noktalar\u0131n\u0131 olu\u015fturan at\u0131l\u0131mlar\u0131 ele\u015ftirel ama nesnel bir g\u00f6zle de\u011ferlendirmektedir.     Yo\u011fun bir emek \u00fcr\u00fcn\u00fc olan kitap, insano\u011flunun d\u00f6rt bin y\u0131ll\u0131k d\u00fc\u015f\u00fcnsel birikiminin yan\u0131 s\u0131ra d\u00fcnyay\u0131 anlama, kavrama ve yorumlamada biricik rehber olma \u00f6zelli\u011fini koruyor. <\/p>\n","protected":false},"excerpt":{"rendered":"<p>D\u00f6rt bin y\u0131ll\u0131k d\u00fc\u015f\u00fcn, sanat ve bilim tarihinin klasik yap\u0131tlar\u0131 \u00fcst\u00fcne ele\u015ftirel inceleme Ba\u015flang\u0131c\u0131ndan g\u00fcn\u00fcm\u00fcze insano\u011fluna yol g\u00f6steren d\u00fc\u015f\u00fcnsel iklim\u2026 Orhan Han\u00e7erlio\u011flu, insanl\u0131\u011f\u0131n var etti\u011fi kimi<span class=\"excerpt-hellip\"> [\u2026]<\/span><\/p>\n","protected":false},"featured_media":0,"template":"","meta":{"_monsterinsights_skip_tracking":false,"_monsterinsights_sitenote_active":false,"_monsterinsights_sitenote_note":"","_monsterinsights_sitenote_category":0},"product_brand":[],"product_cat":[12388,13555],"product_tag":[],"class_list":{"0":"post-692790","1":"product","2":"type-product","3":"status-publish","5":"product_cat-felsefe","6":"product_cat-genel-felsefe","7":"pa_cilt-ciltsiz","8":"pa_tur-kitap","9":"pa_yayinevi-remzi-kitabevi","10":"pa_yazar-orhan-hancerlioglu","12":"first","13":"instock","14":"sale","15":"shipping-taxable","16":"purchasable","17":"product-type-simple"},"_links":{"self":[{"href":"https:\/\/roveyayinevi.com.tr\/index.php\/wp-json\/wp\/v2\/product\/692790","targetHints":{"allow":["GET"]}}],"collection":[{"href":"https:\/\/roveyayinevi.com.tr\/index.php\/wp-json\/wp\/v2\/product"}],"about":[{"href":"https:\/\/roveyayinevi.com.tr\/index.php\/wp-json\/wp\/v2\/types\/product"}],"wp:attachment":[{"href":"https:\/\/roveyayinevi.com.tr\/index.php\/wp-json\/wp\/v2\/media?parent=692790"}],"wp:term":[{"taxonomy":"product_brand","embeddable":true,"href":"https:\/\/roveyayinevi.com.tr\/index.php\/wp-json\/wp\/v2\/product_brand?post=692790"},{"taxonomy":"product_cat","embeddable":true,"href":"https:\/\/roveyayinevi.com.tr\/index.php\/wp-json\/wp\/v2\/product_cat?post=692790"},{"taxonomy":"product_tag","embeddable":true,"href":"https:\/\/roveyayinevi.com.tr\/index.php\/wp-json\/wp\/v2\/product_tag?post=692790"}],"curies":[{"name":"wp","href":"https:\/\/api.w.org\/{rel}","templated":true}]}}