{"id":692776,"date":"2025-08-27T14:09:05","date_gmt":"2025-08-27T11:09:05","guid":{"rendered":"https:\/\/roveyayinevi.com.tr\/index.php\/urun\/turk-islam-dusuncesi-uzerine-arastirmalar\/"},"modified":"2026-04-16T02:02:39","modified_gmt":"2026-04-15T23:02:39","slug":"turk-islam-dusuncesi-uzerine-arastirmalar","status":"publish","type":"product","link":"https:\/\/roveyayinevi.com.tr\/index.php\/urun\/turk-islam-dusuncesi-uzerine-arastirmalar\/","title":{"rendered":"T\u00fcrk-\u0130slam D\u00fc\u015f\u00fcncesi \u00dczerine Ara\u015ft\u0131rmalar"},"content":{"rendered":"<p>T\u00fcrk-\u0130sl\u00e2m D\u00fc\u015f\u00fcncesi, felsefe, kel\u00e2m ve tasavvufa dayanan bir disiplindir. \u0130sl\u00e2m co\u011frafyas\u0131nda yeti\u015fen T\u00fcrk as\u0131ll\u0131 d\u00fc\u015f\u00fcn\u00fcrlerin bu sahalarda ortaya koydu\u011fu d\u00fcnya g\u00f6r\u00fc\u015fleri ve sistemlerini inceler. Elinizdeki bu kitap, Prof. Dr. \u0130smail Yak\u0131t\u2019\u0131n, bir T\u00fcrk felsefesinin mevcudiyetini ispat i\u00e7in T\u00fcrk-\u0130sl\u00e2m d\u00fc\u015f\u00fcncesi \u00fczerine uzun y\u0131llar emek vererek haz\u0131rlad\u0131\u011f\u0131 ve her biri farkl\u0131 zaman ve yerlerde yay\u0131mlad\u0131\u011f\u0131 makale ve tebli\u011flerinin sistemli olarak bir araya getirilmi\u015f h\u00e2lidir. <\/p>\n","protected":false},"excerpt":{"rendered":"<p>T\u00fcrk-\u0130sl\u00e2m D\u00fc\u015f\u00fcncesi, felsefe, kel\u00e2m ve tasavvufa dayanan bir disiplindir. \u0130sl\u00e2m co\u011frafyas\u0131nda yeti\u015fen T\u00fcrk as\u0131ll\u0131 d\u00fc\u015f\u00fcn\u00fcrlerin bu sahalarda ortaya koydu\u011fu d\u00fcnya g\u00f6r\u00fc\u015fleri ve sistemlerini inceler. Elinizdeki bu<span class=\"excerpt-hellip\"> [\u2026]<\/span><\/p>\n","protected":false},"featured_media":0,"template":"","meta":{"_monsterinsights_skip_tracking":false,"_monsterinsights_sitenote_active":false,"_monsterinsights_sitenote_note":"","_monsterinsights_sitenote_category":0},"product_brand":[],"product_cat":[12718,12719,13025],"product_tag":[],"class_list":{"0":"post-692776","1":"product","2":"type-product","3":"status-publish","5":"product_cat-din","6":"product_cat-islam","7":"product_cat-islam-ve-gunumuz-islam-dusuncesi","8":"pa_tur-kitap","9":"pa_yayinevi-otuken-nesriyat","10":"pa_yazar-ismail-yakit","12":"first","13":"instock","14":"sale","15":"shipping-taxable","16":"purchasable","17":"product-type-simple"},"_links":{"self":[{"href":"https:\/\/roveyayinevi.com.tr\/index.php\/wp-json\/wp\/v2\/product\/692776","targetHints":{"allow":["GET"]}}],"collection":[{"href":"https:\/\/roveyayinevi.com.tr\/index.php\/wp-json\/wp\/v2\/product"}],"about":[{"href":"https:\/\/roveyayinevi.com.tr\/index.php\/wp-json\/wp\/v2\/types\/product"}],"wp:attachment":[{"href":"https:\/\/roveyayinevi.com.tr\/index.php\/wp-json\/wp\/v2\/media?parent=692776"}],"wp:term":[{"taxonomy":"product_brand","embeddable":true,"href":"https:\/\/roveyayinevi.com.tr\/index.php\/wp-json\/wp\/v2\/product_brand?post=692776"},{"taxonomy":"product_cat","embeddable":true,"href":"https:\/\/roveyayinevi.com.tr\/index.php\/wp-json\/wp\/v2\/product_cat?post=692776"},{"taxonomy":"product_tag","embeddable":true,"href":"https:\/\/roveyayinevi.com.tr\/index.php\/wp-json\/wp\/v2\/product_tag?post=692776"}],"curies":[{"name":"wp","href":"https:\/\/api.w.org\/{rel}","templated":true}]}}