{"id":692775,"date":"2025-08-27T14:09:05","date_gmt":"2025-08-27T11:09:05","guid":{"rendered":"https:\/\/roveyayinevi.com.tr\/index.php\/urun\/turk-ulkusu\/"},"modified":"2026-04-16T02:02:39","modified_gmt":"2026-04-15T23:02:39","slug":"turk-ulkusu","status":"publish","type":"product","link":"https:\/\/roveyayinevi.com.tr\/index.php\/urun\/turk-ulkusu\/","title":{"rendered":"T\u00fcrk \u00dclk\u00fcs\u00fc"},"content":{"rendered":"<p>Bir \u00fclk\u00fcn\u00fcn \u00e7evresinde toplanmak ve onun i\u00e7in \u00f6l\u00fcm\u00fc g\u00f6ze alarak sava\u015fmak ne g\u00fczel \u015feydir! \u0130nsanlar ancak \u00fclk\u00fc ile hayvanlardan ayr\u0131labiliyorlar. Mill\u00ee bir \u00fclk\u00fc olmad\u0131ktan sonra, insan\u0131n hayvandan ne fark\u0131 kal\u0131r? Hayvan, \u00f6l\u00fcmden ve \u0131zd\u0131raptan ka\u00e7ar, kuvvetliden korkar. \u00d6l\u00fcmden korkmayan, \u0131zd\u0131raptan ka\u00e7mayan, kuvvetli ile sava\u015f\u0131 g\u00f6ze alan yarat\u0131k, ancak \u00fclk\u00fcc\u00fc insand\u0131r. Bir zamanlar dinler insanlar\u0131 hayvan olmaktan kurtarmak i\u00e7in \u00e7al\u0131\u015ft\u0131, onlara Tanr\u0131\u2019dan \u00f6\u011f\u00fctler verdi. Bug\u00fcnk\u00fc \u00fclk\u00fcler, tamam\u0131yla mill\u00eedir. Din\u00ee inanc\u0131 da i\u00e7ine alm\u0131\u015f olan mill\u00ee \u00fclk\u00fc, insanlar\u0131 s\u00fcr\u00fckleyen, g\u00fc\u00e7lendiren ve asille\u015ftiren bir duygu ve d\u00fc\u015f\u00fcncedir. Bug\u00fcn\u00fcn kaba maddecili\u011fi aras\u0131nda T\u00fcrk \u00fclk\u00fcs\u00fc sararm\u0131\u015f, biraz k\u00fcflenmi\u015f gibi g\u00f6r\u00fcn\u00fcyor. Maddecilik hastal\u0131\u011f\u0131 ge\u00e7ti\u011fi zaman, o yine parlayacakt\u0131r. Onun i\u00e7in T\u00fcrk \u00fclk\u00fcs\u00fcne sar\u0131lmaya mecburuz. B\u00fct\u00fcn Do\u011fu milletlerini yendi\u011fi halde yaln\u0131z T\u00fcrklerle ba\u015fa \u00e7\u0131kamayan Bat\u0131\u2019n\u0131n i\u00e7ine sinmi\u015f d\u00fc\u015fmanl\u0131\u011f\u0131 ve h\u0131nc\u0131 kar\u015f\u0131s\u0131nda, bizim silah\u0131m\u0131z, T\u00fcrk \u00fclk\u00fcs\u00fcd\u00fcr. Tek ba\u015f\u0131na Avrupa\u2019ya dalan ve y\u00fczy\u0131llarca tek ba\u015f\u0131na b\u00fct\u00fcn Avrupa milletlerine kar\u015f\u0131 Allah\u2019\u0131n ad\u0131n\u0131 savunan Asya arslanlan zaman zaman gaflet uykusuna dalm\u0131\u015flar, fakat sonra s\u0131\u00e7ray\u0131p \u015fahlanm\u0131\u015flard\u0131r. Bu seferki dalg\u0131nl\u0131k biraz tehlikeli gibi g\u00f6r\u00fcn\u00fcyor. \u00c7\u00fcnk\u00fc i\u00e7inde bir de yabanc\u0131ya hayranl\u0131k unsuru Tehlikeler nereden gelirse gelsin, ne kadar b\u00fcy\u00fck olursa olsun, tek \u00e7are ve tek ilac\u0131 T\u00fcrk \u00fclk\u00fcs\u00fc\u2019d\u00fcr. <\/p>\n","protected":false},"excerpt":{"rendered":"<p>Bir \u00fclk\u00fcn\u00fcn \u00e7evresinde toplanmak ve onun i\u00e7in \u00f6l\u00fcm\u00fc g\u00f6ze alarak sava\u015fmak ne g\u00fczel \u015feydir! \u0130nsanlar ancak \u00fclk\u00fc ile hayvanlardan ayr\u0131labiliyorlar. Mill\u00ee bir \u00fclk\u00fc olmad\u0131ktan sonra, insan\u0131n<span class=\"excerpt-hellip\"> [\u2026]<\/span><\/p>\n","protected":false},"featured_media":0,"template":"","meta":{"_monsterinsights_skip_tracking":false,"_monsterinsights_sitenote_active":false,"_monsterinsights_sitenote_note":"","_monsterinsights_sitenote_category":0},"product_brand":[],"product_cat":[12777,12291],"product_tag":[],"class_list":{"0":"post-692775","1":"product","2":"type-product","3":"status-publish","5":"product_cat-deneme","6":"product_cat-edebiyat","7":"pa_cilt-ciltsiz","8":"pa_tur-kitap","9":"pa_yayinevi-otuken-nesriyat","10":"pa_yazar-huseyin-nihal-atsiz","12":"first","13":"instock","14":"sale","15":"shipping-taxable","16":"purchasable","17":"product-type-simple"},"_links":{"self":[{"href":"https:\/\/roveyayinevi.com.tr\/index.php\/wp-json\/wp\/v2\/product\/692775","targetHints":{"allow":["GET"]}}],"collection":[{"href":"https:\/\/roveyayinevi.com.tr\/index.php\/wp-json\/wp\/v2\/product"}],"about":[{"href":"https:\/\/roveyayinevi.com.tr\/index.php\/wp-json\/wp\/v2\/types\/product"}],"wp:attachment":[{"href":"https:\/\/roveyayinevi.com.tr\/index.php\/wp-json\/wp\/v2\/media?parent=692775"}],"wp:term":[{"taxonomy":"product_brand","embeddable":true,"href":"https:\/\/roveyayinevi.com.tr\/index.php\/wp-json\/wp\/v2\/product_brand?post=692775"},{"taxonomy":"product_cat","embeddable":true,"href":"https:\/\/roveyayinevi.com.tr\/index.php\/wp-json\/wp\/v2\/product_cat?post=692775"},{"taxonomy":"product_tag","embeddable":true,"href":"https:\/\/roveyayinevi.com.tr\/index.php\/wp-json\/wp\/v2\/product_tag?post=692775"}],"curies":[{"name":"wp","href":"https:\/\/api.w.org\/{rel}","templated":true}]}}