{"id":692769,"date":"2025-08-27T14:09:03","date_gmt":"2025-08-27T11:09:03","guid":{"rendered":"https:\/\/roveyayinevi.com.tr\/index.php\/urun\/turk-edebiyati-tarihi\/"},"modified":"2026-04-16T02:02:39","modified_gmt":"2026-04-15T23:02:39","slug":"turk-edebiyati-tarihi","status":"publish","type":"product","link":"https:\/\/roveyayinevi.com.tr\/index.php\/urun\/turk-edebiyati-tarihi\/","title":{"rendered":"T\u00fcrk Edebiyat\u0131 Tarihi"},"content":{"rendered":"<p>&#8220;Tanr\u0131n\u0131n devlet g\u00fcne\u015fini T\u00fcrk bur\u00e7lar\u0131ndan do\u011fdurmu\u015f oldu\u011funu ve onlar\u0131n \u00fclkeleri \u00fczerinde g\u00f6klerin b\u00fct\u00fcn dairelerini d\u00f6nd\u00fcrm\u00fc\u015f bulundu\u011funu g\u00f6rd\u00fcm. Tanr\u0131 onlara T\u00fcrk ad\u0131n\u0131 verip yery\u00fcz\u00fcne h\u00e2kim k\u0131ld\u0131. Zaman\u0131m\u0131z\u0131n hakanlar\u0131n\u0131 onlardan \u00e7\u0131kard\u0131. D\u00fcnya milletlerinin idare yular\u0131n\u0131 onlar\u0131n eline verdi. Onlar\u0131 herkese \u00fcst\u00fcn eyledi. Kendilerini hak \u00fczre kuvvetlendirdi. Onlarla birlikte \u00e7al\u0131\u015fan\u0131, onlardan yana olanlar\u0131 aziz k\u0131ld\u0131 ve T\u00fcrkler y\u00fcz\u00fcnden onlar\u0131 her dileklerine eri\u015ftirdi.Bu kimseleri k\u00f6t\u00fclerin \u015ferrinden korudu. Oklar\u0131 dokunmas\u0131ndan korunabilmek i\u00e7in akl\u0131 olana d\u00fc\u015fen \u015fey, bu adamlar\u0131n tuttu\u011fu yolu tutmak oldu. Derdini dinletebilmek, T\u00fcrklerin g\u00f6nl\u00fcn\u00fc almak i\u00e7in onlar\u0131n dilleriyle konu\u015fmaktan ba\u015fka yol yoktur. Bir kimse kendi tak\u0131m\u0131ndan ayr\u0131l\u0131p da onlara s\u0131\u011f\u0131nacak olursa o tak\u0131m\u0131n korkusundan kurtulur. Bu adamla birlikte ba\u015fkalar\u0131 da s\u0131\u011f\u0131nabilir.&#8221;(Ka\u015fgarl\u0131 Mahmud, D\u00eev\u00e2n\u00fc Lugati&#8217;t-T\u00fcrk&#8217;ten; yaz\u0131l\u0131\u015f\u0131:1072)<\/p>\n","protected":false},"excerpt":{"rendered":"<p>&#8220;Tanr\u0131n\u0131n devlet g\u00fcne\u015fini T\u00fcrk bur\u00e7lar\u0131ndan do\u011fdurmu\u015f oldu\u011funu ve onlar\u0131n \u00fclkeleri \u00fczerinde g\u00f6klerin b\u00fct\u00fcn dairelerini d\u00f6nd\u00fcrm\u00fc\u015f bulundu\u011funu g\u00f6rd\u00fcm. Tanr\u0131 onlara T\u00fcrk ad\u0131n\u0131 verip yery\u00fcz\u00fcne h\u00e2kim k\u0131ld\u0131. Zaman\u0131m\u0131z\u0131n<span class=\"excerpt-hellip\"> [\u2026]<\/span><\/p>\n","protected":false},"featured_media":0,"template":"","meta":{"_monsterinsights_skip_tracking":false,"_monsterinsights_sitenote_active":false,"_monsterinsights_sitenote_note":"","_monsterinsights_sitenote_category":0},"product_brand":[],"product_cat":[13072,12291],"product_tag":[],"class_list":{"0":"post-692769","1":"product","2":"type-product","3":"status-publish","5":"product_cat-arastirma-inceleme-referans","6":"product_cat-edebiyat","7":"pa_cilt-ciltsiz","8":"pa_tur-kitap","9":"pa_yayinevi-otuken-nesriyat","10":"pa_yazar-huseyin-nihal-atsiz","12":"first","13":"instock","14":"sale","15":"shipping-taxable","16":"purchasable","17":"product-type-simple"},"_links":{"self":[{"href":"https:\/\/roveyayinevi.com.tr\/index.php\/wp-json\/wp\/v2\/product\/692769","targetHints":{"allow":["GET"]}}],"collection":[{"href":"https:\/\/roveyayinevi.com.tr\/index.php\/wp-json\/wp\/v2\/product"}],"about":[{"href":"https:\/\/roveyayinevi.com.tr\/index.php\/wp-json\/wp\/v2\/types\/product"}],"wp:attachment":[{"href":"https:\/\/roveyayinevi.com.tr\/index.php\/wp-json\/wp\/v2\/media?parent=692769"}],"wp:term":[{"taxonomy":"product_brand","embeddable":true,"href":"https:\/\/roveyayinevi.com.tr\/index.php\/wp-json\/wp\/v2\/product_brand?post=692769"},{"taxonomy":"product_cat","embeddable":true,"href":"https:\/\/roveyayinevi.com.tr\/index.php\/wp-json\/wp\/v2\/product_cat?post=692769"},{"taxonomy":"product_tag","embeddable":true,"href":"https:\/\/roveyayinevi.com.tr\/index.php\/wp-json\/wp\/v2\/product_tag?post=692769"}],"curies":[{"name":"wp","href":"https:\/\/api.w.org\/{rel}","templated":true}]}}