{"id":692761,"date":"2025-08-27T14:09:02","date_gmt":"2025-08-27T11:09:02","guid":{"rendered":"https:\/\/roveyayinevi.com.tr\/index.php\/urun\/iletisime-giris\/"},"modified":"2026-04-16T02:02:39","modified_gmt":"2026-04-15T23:02:39","slug":"iletisime-giris","status":"publish","type":"product","link":"https:\/\/roveyayinevi.com.tr\/index.php\/urun\/iletisime-giris\/","title":{"rendered":"\u0130leti\u015fime Gir\u0131\u015f"},"content":{"rendered":"<p>\u0130leti\u015fim insana \u00f6zg\u00fc ve insanca bir olgu. \u0130nsan\u0131n ya\u015fam ser\u00fcveninin ta kendisi. \u0130nsan\u0131n insanla bulu\u015fmas\u0131n\u0131n, kayna\u015fmas\u0131n\u0131n temel harc\u0131 ileti\u015fim. \u0130nsanca payla\u015f\u0131mlar\u0131n, topluluk haline geli\u015flerin, toplumsal yap\u0131lara d\u00f6n\u00fc\u015f\u00fcmlerin, \u00f6rg\u00fctleni\u015flerin, sistemik yap\u0131lara b\u00fcr\u00fcn\u00fc\u015flerin en temel tetikleyicisi. Kavgalar\u0131n, sava\u015flar\u0131n, payla\u015famamalar\u0131n temelinde de ileti\u015fimin, daha do\u011frusu ileti\u015fimsizli\u011fin oldu\u011fu s\u00f6ylenebilir. \u0130nsanlar uygarla\u015ft\u0131k\u00e7a daha kolay, daha \u00e7abuk ve daha etkin ileti\u015fim kurman\u0131n da yollar\u0131n\u0131 geli\u015ftirmi\u015flerdir. Sesin s\u00f6ze d\u00f6n\u00fc\u015f\u00fcm\u00fc, yaz\u0131n\u0131n bulunu\u015fu, matbaan\u0131n, k\u00e2\u011f\u0131d\u0131n geli\u015ftirilmesi insanlar\u0131n daha \u00e7abuk ve etkin ileti\u015fim kurma isteklerinin sonu\u00e7lar\u0131d\u0131r. Yollar\u0131n yap\u0131l\u0131\u015f\u0131, tekerle\u011fin, pusulan\u0131n icad\u0131, yelkenlilerin geli\u015ftirilmesi de ayn\u0131 \u015fekilde mesafeleri ortadan kald\u0131rm\u0131\u015f, insanlar\u0131 bulu\u015fturmu\u015ftur. Uygarl\u0131k ileti\u015fimi, ileti\u015fim ise uygarl\u0131\u011f\u0131 yaratm\u0131\u015ft\u0131r. \u0130nsanlar uygarla\u015ft\u0131k\u00e7a daha kolay ileti\u015fmi\u015f, uygar d\u00fcnyaya do\u011fru \u00e7ok daha h\u0131zl\u0131 yol alm\u0131\u015flard\u0131r. Dolay\u0131s\u0131yla da ileti\u015fim uygarl\u0131\u011f\u0131n belirleyicisi, uygarl\u0131k da ileti\u015fimin belirleyicisi haline gelmi\u015ftir. Bug\u00fcn gelinen noktada ise uygar insan ba\u015fka insanlara tahamm\u00fcl edebilen, onlar\u0131n varl\u0131\u011f\u0131n\u0131 kabullenebilen, do\u011fadaki ve toplumdaki maddi, manevi her de\u011feri payla\u015fabilen insan demektir. \u00d6zetle uygar insan ileti\u015fim kurabilen insan anlam\u0131na gelmektedir. \u0130leti\u015fim kurabilen insan ise uygarl\u0131ktan pay\u0131n\u0131 yeterince alm\u0131\u015f insan demektir. \u0130leti\u015fim ve uygarl\u0131k bundan sonra da birlikte ya\u015famaya, birbirlerini var k\u0131lmaya, birbirlerini besleyerek geli\u015ftirmeye devam edecektir.<\/p>\n","protected":false},"excerpt":{"rendered":"<p>\u0130leti\u015fim insana \u00f6zg\u00fc ve insanca bir olgu. \u0130nsan\u0131n ya\u015fam ser\u00fcveninin ta kendisi. \u0130nsan\u0131n insanla bulu\u015fmas\u0131n\u0131n, kayna\u015fmas\u0131n\u0131n temel harc\u0131 ileti\u015fim. \u0130nsanca payla\u015f\u0131mlar\u0131n, topluluk haline geli\u015flerin, toplumsal yap\u0131lara<span class=\"excerpt-hellip\"> [\u2026]<\/span><\/p>\n","protected":false},"featured_media":0,"template":"","meta":{"_monsterinsights_skip_tracking":false,"_monsterinsights_sitenote_active":false,"_monsterinsights_sitenote_note":"","_monsterinsights_sitenote_category":0},"product_brand":[],"product_cat":[12365,12364],"product_tag":[],"class_list":{"0":"post-692761","1":"product","2":"type-product","3":"status-publish","5":"product_cat-diger-genel-konular","6":"product_cat-genel-konular","7":"pa_cilt-ciltsiz","8":"pa_tur-kitap","9":"pa_yayinevi-siyasal-kitabevi-akademik-kitaplar","10":"pa_yazar-nazife-gungor","12":"first","13":"instock","14":"sale","15":"shipping-taxable","16":"purchasable","17":"product-type-simple"},"_links":{"self":[{"href":"https:\/\/roveyayinevi.com.tr\/index.php\/wp-json\/wp\/v2\/product\/692761","targetHints":{"allow":["GET"]}}],"collection":[{"href":"https:\/\/roveyayinevi.com.tr\/index.php\/wp-json\/wp\/v2\/product"}],"about":[{"href":"https:\/\/roveyayinevi.com.tr\/index.php\/wp-json\/wp\/v2\/types\/product"}],"wp:attachment":[{"href":"https:\/\/roveyayinevi.com.tr\/index.php\/wp-json\/wp\/v2\/media?parent=692761"}],"wp:term":[{"taxonomy":"product_brand","embeddable":true,"href":"https:\/\/roveyayinevi.com.tr\/index.php\/wp-json\/wp\/v2\/product_brand?post=692761"},{"taxonomy":"product_cat","embeddable":true,"href":"https:\/\/roveyayinevi.com.tr\/index.php\/wp-json\/wp\/v2\/product_cat?post=692761"},{"taxonomy":"product_tag","embeddable":true,"href":"https:\/\/roveyayinevi.com.tr\/index.php\/wp-json\/wp\/v2\/product_tag?post=692761"}],"curies":[{"name":"wp","href":"https:\/\/api.w.org\/{rel}","templated":true}]}}