{"id":692742,"date":"2025-08-27T14:08:58","date_gmt":"2025-08-27T11:08:58","guid":{"rendered":"https:\/\/roveyayinevi.com.tr\/index.php\/urun\/turk-islam-kulturunde-ebced-hesabi-ve-tarih-dusurme\/"},"modified":"2026-04-16T02:02:39","modified_gmt":"2026-04-15T23:02:39","slug":"turk-islam-kulturunde-ebced-hesabi-ve-tarih-dusurme","status":"publish","type":"product","link":"https:\/\/roveyayinevi.com.tr\/index.php\/urun\/turk-islam-kulturunde-ebced-hesabi-ve-tarih-dusurme\/","title":{"rendered":"T\u00fcrk &#8211; \u0130slam K\u00fclt\u00fcr\u00fcnde Ebced Hesab\u0131 (ve Tarih D\u00fc\u015f\u00fcrme)"},"content":{"rendered":"<p>T\u00fcrk-\u0130sl\u00e2m k\u00fclt\u00fcr ve medeniyetinde m\u00fcstesna bir yeri olan ebced hesab\u0131 ve tarih d\u00fc\u015f\u00fcrme konusu, k\u00fclt\u00fcr\u00fcm\u00fcz\u00fc ara\u015ft\u0131ran herkesin yak\u0131n ilgisini \u00e7ekmektedir. Zira, atalar\u0131m\u0131zdan bize intikal eden cami, medrese, k\u00fct\u00fcphane, \u00e7e\u015fme, hastane, k\u0131\u015fla, \u015fad\u0131rvan, k\u00f6pr\u00fc ve mezar ta\u015flar\u0131 gibi b\u00fct\u00fcn k\u00fclt\u00fcr ve sanat abidelerinin kitabelerinde ebced hesab\u0131yla tarihlere rastlamaktay\u0131z. Hatta yazma ve basma olarak bize intikal eden Osmanl\u0131 T\u00fcrk\u00e7esiyle yaz\u0131lm\u0131\u015f b\u00fct\u00fcn ilm\u00ee ve edeb\u00ee eserlerin tamam\u0131na yak\u0131n k\u0131sm\u0131nda bu hesapla d\u00fc\u015f\u00fcr\u00fclm\u00fc\u015f tarihler olduk\u00e7a fazlad\u0131r. K\u00fclt\u00fcr\u00fcm\u00fcz\u00fcn bir par\u00e7as\u0131n\u0131 te\u015fkil eden bu hususun ciddi bir \u015fekilde ele al\u0131n\u0131p etrafl\u0131 bir \u015fekilde incelenerek g\u00fcn y\u00fcz\u00fcne \u00e7\u0131kart\u0131lmas\u0131 gerekmektedir. Prof. Dr. \u0130smail Yak\u0131t\u2019\u0131n uzun y\u0131llar s\u00fcren ara\u015ft\u0131rmalar\u0131 neticesinde kaleme ald\u0131\u011f\u0131 T\u00fcrk-\u0130sl\u00e2m K\u00fclt\u00fcr\u00fcnde Ebced Hesab\u0131 ve Tarih D\u00fc\u015f\u00fcrme ba\u015fl\u0131kl\u0131 \u00e7al\u0131\u015fmas\u0131 art\u0131k bu alan\u0131n en \u00f6nemli eserlerinin ba\u015f\u0131nda geliyor. Yeniden g\u00f6zden ge\u00e7irilen ve ilavelerle zenginle\u015ftirilen kitap d\u00f6rt ana b\u00f6l\u00fcmden olu\u015fuyor. \u0130lk b\u00f6l\u00fcmde \u201cEbced nedir?\u201d konusu ele al\u0131narak, men\u015feine dair bulunabilen bilgi ve rivayetlerin yan\u0131s\u0131ra, rakam-harf ili\u015fkileri ve di\u011fer alfabelerdeki ebced konular\u0131 incelenmi\u015ftir. \u0130kinci b\u00f6l\u00fcmde, \u201cEbced Hesab\u0131\u201dn\u0131n ne oldu\u011fu ortaya konularak, \u00e7e\u015fitleri, kullan\u0131ld\u0131\u011f\u0131 yerler ve \u00f6zellikle tarih d\u00fc\u015f\u00fcrmede kullan\u0131lmas\u0131 hakk\u0131nda geni\u015f bilgilerin yan\u0131s\u0131ra, Arap\u00e7a ve Fars\u00e7a d\u00fc\u015f\u00fcr\u00fclen tarihlerle, \u00e2yet ve hadislerden d\u00fc\u015f\u00fcr\u00fclen tarihler incelenmi\u015ftir. \u00dc\u00e7\u00fcnc\u00fc b\u00f6l\u00fcmde ise, ba\u015flang\u0131c\u0131ndan g\u00fcn\u00fcm\u00fcze kadar d\u00fc\u015f\u00fcr\u00fclen tarihlerden her y\u0131la ait en az bir \u00f6rnek g\u00f6sterilmi\u015ftir. D\u00f6rd\u00fcnc\u00fc ve son b\u00f6l\u00fcmde, \u201cTarih T\u00fcrleri ve Form\u00fclleri\u201d incelenmi\u015ftir. Sonu\u00e7 k\u0131sm\u0131nda ise ebcedin T\u00fcrk-\u0130sl\u00e2m k\u00fclt\u00fcr\u00fcndeki yeri ve \u00f6nemi de\u011ferlendirilmi\u015f ve k\u00fclt\u00fcr\u00fcm\u00fczdeki etkisi ve \u00f6nemi maddeler halinde g\u00f6sterilmi\u015ftir. S\u00f6zl\u00fck k\u0131sm\u0131nda ise Osmanl\u0131 T\u00fcrk\u00e7esinde kullan\u0131lan iki bine yak\u0131n kelime ve deyiminin kar\u015f\u0131l\u0131klar\u0131 verilmi\u015ftir. <\/p>\n","protected":false},"excerpt":{"rendered":"<p>T\u00fcrk-\u0130sl\u00e2m k\u00fclt\u00fcr ve medeniyetinde m\u00fcstesna bir yeri olan ebced hesab\u0131 ve tarih d\u00fc\u015f\u00fcrme konusu, k\u00fclt\u00fcr\u00fcm\u00fcz\u00fc ara\u015ft\u0131ran herkesin yak\u0131n ilgisini \u00e7ekmektedir. Zira, atalar\u0131m\u0131zdan bize intikal eden cami,<span class=\"excerpt-hellip\"> [\u2026]<\/span><\/p>\n","protected":false},"featured_media":0,"template":"","meta":{"_monsterinsights_skip_tracking":false,"_monsterinsights_sitenote_active":false,"_monsterinsights_sitenote_note":"","_monsterinsights_sitenote_category":0},"product_brand":[],"product_cat":[12718,12719],"product_tag":[],"class_list":{"0":"post-692742","1":"product","2":"type-product","3":"status-publish","5":"product_cat-din","6":"product_cat-islam","7":"pa_cilt-ciltsiz","8":"pa_tur-kitap","9":"pa_yayinevi-otuken-nesriyat","10":"pa_yazar-ismail-yakit","12":"first","13":"instock","14":"sale","15":"shipping-taxable","16":"purchasable","17":"product-type-simple"},"_links":{"self":[{"href":"https:\/\/roveyayinevi.com.tr\/index.php\/wp-json\/wp\/v2\/product\/692742","targetHints":{"allow":["GET"]}}],"collection":[{"href":"https:\/\/roveyayinevi.com.tr\/index.php\/wp-json\/wp\/v2\/product"}],"about":[{"href":"https:\/\/roveyayinevi.com.tr\/index.php\/wp-json\/wp\/v2\/types\/product"}],"wp:attachment":[{"href":"https:\/\/roveyayinevi.com.tr\/index.php\/wp-json\/wp\/v2\/media?parent=692742"}],"wp:term":[{"taxonomy":"product_brand","embeddable":true,"href":"https:\/\/roveyayinevi.com.tr\/index.php\/wp-json\/wp\/v2\/product_brand?post=692742"},{"taxonomy":"product_cat","embeddable":true,"href":"https:\/\/roveyayinevi.com.tr\/index.php\/wp-json\/wp\/v2\/product_cat?post=692742"},{"taxonomy":"product_tag","embeddable":true,"href":"https:\/\/roveyayinevi.com.tr\/index.php\/wp-json\/wp\/v2\/product_tag?post=692742"}],"curies":[{"name":"wp","href":"https:\/\/api.w.org\/{rel}","templated":true}]}}