{"id":692737,"date":"2025-08-27T14:08:57","date_gmt":"2025-08-27T11:08:57","guid":{"rendered":"https:\/\/roveyayinevi.com.tr\/index.php\/urun\/yedinci-sehir\/"},"modified":"2026-04-16T02:02:39","modified_gmt":"2026-04-15T23:02:39","slug":"yedinci-sehir","status":"publish","type":"product","link":"https:\/\/roveyayinevi.com.tr\/index.php\/urun\/yedinci-sehir\/","title":{"rendered":"Yedinci \u015eehir"},"content":{"rendered":"<p>Yedinci \u015eehir, son d\u00f6rt bin yili net olarak hatirlanan bir yerle\u015fim birimiyle, o beldeye hayat emziren ve dunyanin kuruldugu gunden beri hep bunu yapmaya calisan bir irmagin hikayesidir. Icli ve kirik . . . Yedinci \u015eehir, oncelikli bir denemedir. Agirlikli olarak mensurenin, yer yer sohbetin sinirlarini yoklar&#8230; <\/p>\n","protected":false},"excerpt":{"rendered":"<p>Yedinci \u015eehir, son d\u00f6rt bin yili net olarak hatirlanan bir yerle\u015fim birimiyle, o beldeye hayat emziren ve dunyanin kuruldugu gunden beri hep bunu yapmaya calisan bir<span class=\"excerpt-hellip\"> [\u2026]<\/span><\/p>\n","protected":false},"featured_media":0,"template":"","meta":{"_monsterinsights_skip_tracking":false,"_monsterinsights_sitenote_active":false,"_monsterinsights_sitenote_note":"","_monsterinsights_sitenote_category":0},"product_brand":[],"product_cat":[12777,12291],"product_tag":[],"class_list":{"0":"post-692737","1":"product","2":"type-product","3":"status-publish","5":"product_cat-deneme","6":"product_cat-edebiyat","7":"pa_tur-kitap","8":"pa_yayinevi-otuken-nesriyat","9":"pa_yazar-ozkan-yalcin","11":"first","12":"instock","13":"sale","14":"shipping-taxable","15":"purchasable","16":"product-type-simple"},"_links":{"self":[{"href":"https:\/\/roveyayinevi.com.tr\/index.php\/wp-json\/wp\/v2\/product\/692737","targetHints":{"allow":["GET"]}}],"collection":[{"href":"https:\/\/roveyayinevi.com.tr\/index.php\/wp-json\/wp\/v2\/product"}],"about":[{"href":"https:\/\/roveyayinevi.com.tr\/index.php\/wp-json\/wp\/v2\/types\/product"}],"wp:attachment":[{"href":"https:\/\/roveyayinevi.com.tr\/index.php\/wp-json\/wp\/v2\/media?parent=692737"}],"wp:term":[{"taxonomy":"product_brand","embeddable":true,"href":"https:\/\/roveyayinevi.com.tr\/index.php\/wp-json\/wp\/v2\/product_brand?post=692737"},{"taxonomy":"product_cat","embeddable":true,"href":"https:\/\/roveyayinevi.com.tr\/index.php\/wp-json\/wp\/v2\/product_cat?post=692737"},{"taxonomy":"product_tag","embeddable":true,"href":"https:\/\/roveyayinevi.com.tr\/index.php\/wp-json\/wp\/v2\/product_tag?post=692737"}],"curies":[{"name":"wp","href":"https:\/\/api.w.org\/{rel}","templated":true}]}}