{"id":692729,"date":"2025-08-27T14:08:55","date_gmt":"2025-08-27T11:08:55","guid":{"rendered":"https:\/\/roveyayinevi.com.tr\/index.php\/urun\/turk-musikisi-nazariyati-ve-usulleri\/"},"modified":"2026-04-16T02:02:38","modified_gmt":"2026-04-15T23:02:38","slug":"turk-musikisi-nazariyati-ve-usulleri","status":"publish","type":"product","link":"https:\/\/roveyayinevi.com.tr\/index.php\/urun\/turk-musikisi-nazariyati-ve-usulleri\/","title":{"rendered":"T\u00fcrk Musikisi Nazariyat\u0131 ve Usulleri"},"content":{"rendered":"<p>M\u00fbs\u0131k\u00eemiz hakk\u0131nda, son otuz y\u0131l i\u00e7inde \u00e7\u0131km\u0131\u015f en hacimli eserdir. Mukaddimesinde T\u00fcrk Mus\u0131kisinin nazariyat\u0131na dair esasl\u0131 malumat verilir. M\u00fbs\u0131kimizin ses ve \u00e2henk \u00f6zelliklerinin temelleri mukayeseli olarak izah edilir. Nazariyat\u0131 makamlarla ve usullerle alakal\u0131 b\u00f6l\u00fcmler takip eder. 154 makam geni\u015f ve doyurucu bir bi\u00e7imde incelenir. Us\u00fbller zamanlar\u0131na g\u00f6re a\u00e7\u0131klan\u0131r ve \u00f6rneklenir. 120&#8217;nin \u00fczerinde eser notas\u0131, b\u00fct\u00fcn k\u00fc\u00e7\u00fck ve b\u00fcy\u00fck us\u00fbller ve bunlar\u0131n kud\u00fcmle vurulu\u015flar\u0131, \u00f6rnekleri ile g\u00f6sterilir. Bu eser her ya\u015f ve \u00f6\u011frenim seviyesinde olanlara T\u00fcrk M\u00fbs\u0131k\u00eesinin b\u00fct\u00fcn inceliklerini \u00f6\u011fretmek maksad\u0131 g\u00fctmektedir.&#8221;\u0130smail Hakk\u0131 \u00d6zkan&#8217;\u0131n gayret ve \u00e7al\u0131\u015fmalar\u0131n\u0131 her t\u00fcrl\u00fc takdirin \u00fczerinde de\u011ferlendirmek istiyorum. Eser, mus\u0131ki k\u00fct\u00fcphanemizde se\u00e7kin bir yer alacakt\u0131r.Prof. Dr. Nevzad ATLI\u011e <\/p>\n","protected":false},"excerpt":{"rendered":"<p>M\u00fbs\u0131k\u00eemiz hakk\u0131nda, son otuz y\u0131l i\u00e7inde \u00e7\u0131km\u0131\u015f en hacimli eserdir. Mukaddimesinde T\u00fcrk Mus\u0131kisinin nazariyat\u0131na dair esasl\u0131 malumat verilir. M\u00fbs\u0131kimizin ses ve \u00e2henk \u00f6zelliklerinin temelleri mukayeseli olarak<span class=\"excerpt-hellip\"> [\u2026]<\/span><\/p>\n","protected":false},"featured_media":0,"template":"","meta":{"_monsterinsights_skip_tracking":false,"_monsterinsights_sitenote_active":false,"_monsterinsights_sitenote_note":"","_monsterinsights_sitenote_category":0},"product_brand":[],"product_cat":[14591,14556],"product_tag":[],"class_list":{"0":"post-692729","1":"product","2":"type-product","3":"status-publish","5":"product_cat-genel-kavramlar-kuram-ve-tarihce","6":"product_cat-muzik","7":"pa_cilt-ciltsiz","8":"pa_tur-kitap","9":"pa_yayinevi-otuken-nesriyat","10":"pa_yazar-ismail-hakki-ozkan","12":"first","13":"instock","14":"sale","15":"shipping-taxable","16":"purchasable","17":"product-type-simple"},"_links":{"self":[{"href":"https:\/\/roveyayinevi.com.tr\/index.php\/wp-json\/wp\/v2\/product\/692729","targetHints":{"allow":["GET"]}}],"collection":[{"href":"https:\/\/roveyayinevi.com.tr\/index.php\/wp-json\/wp\/v2\/product"}],"about":[{"href":"https:\/\/roveyayinevi.com.tr\/index.php\/wp-json\/wp\/v2\/types\/product"}],"wp:attachment":[{"href":"https:\/\/roveyayinevi.com.tr\/index.php\/wp-json\/wp\/v2\/media?parent=692729"}],"wp:term":[{"taxonomy":"product_brand","embeddable":true,"href":"https:\/\/roveyayinevi.com.tr\/index.php\/wp-json\/wp\/v2\/product_brand?post=692729"},{"taxonomy":"product_cat","embeddable":true,"href":"https:\/\/roveyayinevi.com.tr\/index.php\/wp-json\/wp\/v2\/product_cat?post=692729"},{"taxonomy":"product_tag","embeddable":true,"href":"https:\/\/roveyayinevi.com.tr\/index.php\/wp-json\/wp\/v2\/product_tag?post=692729"}],"curies":[{"name":"wp","href":"https:\/\/api.w.org\/{rel}","templated":true}]}}