{"id":692719,"date":"2025-08-27T14:08:53","date_gmt":"2025-08-27T11:08:53","guid":{"rendered":"https:\/\/roveyayinevi.com.tr\/index.php\/urun\/iki-boy-ufak-pabuc\/"},"modified":"2026-04-16T02:02:38","modified_gmt":"2026-04-15T23:02:38","slug":"iki-boy-ufak-pabuc","status":"publish","type":"product","link":"https:\/\/roveyayinevi.com.tr\/index.php\/urun\/iki-boy-ufak-pabuc\/","title":{"rendered":"\u0130ki Boy Ufak Pabu\u00e7"},"content":{"rendered":"<p>&#8230;ve K\u00fclkedisi ka\u00e7arken, pabucu aya\u011f\u0131ndan f\u0131rlad\u0131. Ertesi g\u00fcn Prens, aya\u011f\u0131 bu pabuca s\u0131\u011facak gen\u00e7 k\u0131z\u0131 aramaya koyuldu. \u00dclkenin t\u00fcm k\u0131zlar\u0131. Prens taraf\u0131ndan be\u011fenilmek i\u00e7in, ayaklar\u0131n\u0131 daha ufak hale getirme \u00e7abas\u0131na giri\u015ftiler. <\/p>\n","protected":false},"excerpt":{"rendered":"<p>&#8230;ve K\u00fclkedisi ka\u00e7arken, pabucu aya\u011f\u0131ndan f\u0131rlad\u0131. Ertesi g\u00fcn Prens, aya\u011f\u0131 bu pabuca s\u0131\u011facak gen\u00e7 k\u0131z\u0131 aramaya koyuldu. \u00dclkenin t\u00fcm k\u0131zlar\u0131. Prens taraf\u0131ndan be\u011fenilmek i\u00e7in, ayaklar\u0131n\u0131 daha<span class=\"excerpt-hellip\"> [\u2026]<\/span><\/p>\n","protected":false},"featured_media":0,"template":"","meta":{"_monsterinsights_skip_tracking":false,"_monsterinsights_sitenote_active":false,"_monsterinsights_sitenote_note":"","_monsterinsights_sitenote_category":0},"product_brand":[],"product_cat":[12358,12357],"product_tag":[],"class_list":{"0":"post-692719","1":"product","2":"type-product","3":"status-publish","5":"product_cat-genel-psikoloji","6":"product_cat-psikoloji","7":"pa_cilt-ciltsiz","8":"pa_tur-kitap","9":"pa_yayinevi-remzi-kitabevi","10":"pa_yazar-leyla-navaro","12":"first","13":"instock","14":"sale","15":"shipping-taxable","16":"purchasable","17":"product-type-simple"},"_links":{"self":[{"href":"https:\/\/roveyayinevi.com.tr\/index.php\/wp-json\/wp\/v2\/product\/692719","targetHints":{"allow":["GET"]}}],"collection":[{"href":"https:\/\/roveyayinevi.com.tr\/index.php\/wp-json\/wp\/v2\/product"}],"about":[{"href":"https:\/\/roveyayinevi.com.tr\/index.php\/wp-json\/wp\/v2\/types\/product"}],"wp:attachment":[{"href":"https:\/\/roveyayinevi.com.tr\/index.php\/wp-json\/wp\/v2\/media?parent=692719"}],"wp:term":[{"taxonomy":"product_brand","embeddable":true,"href":"https:\/\/roveyayinevi.com.tr\/index.php\/wp-json\/wp\/v2\/product_brand?post=692719"},{"taxonomy":"product_cat","embeddable":true,"href":"https:\/\/roveyayinevi.com.tr\/index.php\/wp-json\/wp\/v2\/product_cat?post=692719"},{"taxonomy":"product_tag","embeddable":true,"href":"https:\/\/roveyayinevi.com.tr\/index.php\/wp-json\/wp\/v2\/product_tag?post=692719"}],"curies":[{"name":"wp","href":"https:\/\/api.w.org\/{rel}","templated":true}]}}