{"id":692688,"date":"2025-08-27T14:08:47","date_gmt":"2025-08-27T11:08:47","guid":{"rendered":"https:\/\/roveyayinevi.com.tr\/index.php\/urun\/turk-devlet-felsefesi\/"},"modified":"2026-04-16T02:02:37","modified_gmt":"2026-04-15T23:02:37","slug":"turk-devlet-felsefesi","status":"publish","type":"product","link":"https:\/\/roveyayinevi.com.tr\/index.php\/urun\/turk-devlet-felsefesi\/","title":{"rendered":"T\u00fcrk Devlet Felsefesi"},"content":{"rendered":"<p>Her milletin devlet e bak\u0131\u015f\u0131 farkl\u0131d\u0131r. Her \u015feyin fani oldu\u011funa inanan T\u00fcrk Milleti ise, sadece devlet ini ebed m\u00fcddet devam edecek bir varl\u0131k olarak g\u00f6r\u00fcrd\u00fc. Osmanl\u0131 kadar insanl\u0131\u011f\u0131 etkileyen ba\u015fka bir devlet yoktur. Osmanl\u0131 Devleti ile bir tek Roma mukayese edilebilir. Fakat Roma\u2019n\u0131n perspektifinde insan yer almam\u0131\u015ft\u0131r. Bilindi\u011fi gibi Karahalla zaman\u0131nda yayg\u0131nla\u015ft\u0131r\u0131lan vatanda\u015fl\u0131k, medeni olamazlar gerek\u00e7esiyle baz\u0131 milletlerden esirgenmi\u015fti. Osmanl\u0131 i\u00e7in ise, insanlar\u0131n farkl\u0131l\u0131klar\u0131 \u00f6nemli de\u011fildi; hepsi Allah\u2019\u0131n kuluydu. Ne yaz\u0131k ki, devletimizin analizi yeterince yap\u0131lmam\u0131\u015ft\u0131r. Belki ge\u00e7mi\u015fte buna ihtiya\u00e7 duymuyorduk; \u00e7\u00fcnk\u00fc bir cihan devletimiz tarih sahnesinden \u00e7ekilirken, bir yenisi do\u011fuyordu&#8230; Ama bug\u00fcn devletimizi tan\u0131maya muhtac\u0131z; ancak onunla mazimize lay\u0131k bir yere gelebiliriz. Bu y\u00fcce ideale yard\u0131mc\u0131 olabilecek inanc\u0131yla T\u00fcrk Devlet Felsefesi ni yay\u0131nl\u0131yoruz. <\/p>\n","protected":false},"excerpt":{"rendered":"<p>Her milletin devlet e bak\u0131\u015f\u0131 farkl\u0131d\u0131r. Her \u015feyin fani oldu\u011funa inanan T\u00fcrk Milleti ise, sadece devlet ini ebed m\u00fcddet devam edecek bir varl\u0131k olarak g\u00f6r\u00fcrd\u00fc. Osmanl\u0131<span class=\"excerpt-hellip\"> [\u2026]<\/span><\/p>\n","protected":false},"featured_media":0,"template":"","meta":{"_monsterinsights_skip_tracking":false,"_monsterinsights_sitenote_active":false,"_monsterinsights_sitenote_note":"","_monsterinsights_sitenote_category":0},"product_brand":[],"product_cat":[12365,12364],"product_tag":[],"class_list":{"0":"post-692688","1":"product","2":"type-product","3":"status-publish","5":"product_cat-diger-genel-konular","6":"product_cat-genel-konular","7":"pa_cilt-ciltsiz","8":"pa_tur-kitap","9":"pa_yayinevi-otuken-nesriyat","10":"pa_yazar-mehmed-niyazi","12":"first","13":"instock","14":"sale","15":"shipping-taxable","16":"purchasable","17":"product-type-simple"},"_links":{"self":[{"href":"https:\/\/roveyayinevi.com.tr\/index.php\/wp-json\/wp\/v2\/product\/692688","targetHints":{"allow":["GET"]}}],"collection":[{"href":"https:\/\/roveyayinevi.com.tr\/index.php\/wp-json\/wp\/v2\/product"}],"about":[{"href":"https:\/\/roveyayinevi.com.tr\/index.php\/wp-json\/wp\/v2\/types\/product"}],"wp:attachment":[{"href":"https:\/\/roveyayinevi.com.tr\/index.php\/wp-json\/wp\/v2\/media?parent=692688"}],"wp:term":[{"taxonomy":"product_brand","embeddable":true,"href":"https:\/\/roveyayinevi.com.tr\/index.php\/wp-json\/wp\/v2\/product_brand?post=692688"},{"taxonomy":"product_cat","embeddable":true,"href":"https:\/\/roveyayinevi.com.tr\/index.php\/wp-json\/wp\/v2\/product_cat?post=692688"},{"taxonomy":"product_tag","embeddable":true,"href":"https:\/\/roveyayinevi.com.tr\/index.php\/wp-json\/wp\/v2\/product_tag?post=692688"}],"curies":[{"name":"wp","href":"https:\/\/api.w.org\/{rel}","templated":true}]}}