{"id":692686,"date":"2025-08-27T14:08:46","date_gmt":"2025-08-27T11:08:46","guid":{"rendered":"https:\/\/roveyayinevi.com.tr\/index.php\/urun\/tarih-kultur-ve-kahramanlar\/"},"modified":"2026-04-16T02:02:37","modified_gmt":"2026-04-15T23:02:37","slug":"tarih-kultur-ve-kahramanlar","status":"publish","type":"product","link":"https:\/\/roveyayinevi.com.tr\/index.php\/urun\/tarih-kultur-ve-kahramanlar\/","title":{"rendered":"Tarih K\u00fclt\u00fcr ve Kahramanlar"},"content":{"rendered":"<p>Tarih \u015fuuru, milletlerin hareket hatlar\u0131n\u0131 tayine yarayan bir mill\u00ee savunma sil\u00e2h\u0131d\u0131r. Hangi milletten d\u00fc\u015fmanl\u0131k gelmi\u015ftir? Hangi rejim faydal\u0131 veya tehlikelidir? Ne t\u00fcrl\u00fc \u015fah\u0131slar iyilik ve k\u00f6t\u00fcl\u00fck edebilir? \u0130\u015fte b\u00fct\u00fcn bunlar\u0131n cevab\u0131n\u0131 tarih \u015fuuru verir.T\u00fcrk milleti, a\u015fa\u011f\u0131 yukar\u0131 binlerce y\u0131ll\u0131k mazisine ra\u011fmen \u00e7ok gen\u00e7 milletlerdendir. Bu y\u00fczden tarih \u015fuuru olgunla\u015famayan T\u00fcrk milletine, bu \u015fuuru tamam\u0131yla kaybettirmek i\u00e7in d\u00fc\u015fmanlar\u0131 taraf\u0131ndan yap\u0131lan telkinler, yani zehir sunmalar pek \u00e7oktur. Ecdad\u0131 ve kan\u0131 ile bu topra\u011fa ba\u011fl\u0131 olan normal bir insan, \u015fahs\u00ee d\u00fc\u015f\u00fcnceleri ne olursa olsun, topluluktan ne derece ayr\u0131 d\u00fc\u015f\u00fcn\u00fcrse d\u00fc\u015f\u00fcns\u00fcn, fedak\u00e2rl\u0131k edemeyece\u011fi baz\u0131 s\u0131n\u0131rlara, mukaddes bildi\u011fi de\u011ferlere sahiptir. B\u00f6yle bir insan yurt topraklar\u0131ndan en k\u00fc\u00e7\u00fck par\u00e7ay\u0131 bile yabanc\u0131lara b\u0131rakmay\u0131 d\u00fc\u015f\u00fcnemez. Bir tak\u0131m dolamba\u00e7l\u0131 yollarla, milletin mukaddes tan\u0131d\u0131\u011f\u0131 \u015feylerin aleyhinde bulunamaz. Tarih\u00ee d\u00fc\u015fman\u0131m\u0131z olan milletlerle dost olmaktan bahsedemez. Milletimiz \u00fczerinde yabanc\u0131 bir devletin h\u00e2kimiyetini akl\u0131na bile getiremez. Getirirse ya anormal bir \u00e7\u0131lg\u0131nd\u0131r, ya sat\u0131lm\u0131\u015f bir haindir veya bizden olmayan bir yabanc\u0131d\u0131r. Bunlar\u0131n \u00fc\u00e7\u00fc de bir kap\u0131ya \u00e7\u0131kar.<\/p>\n","protected":false},"excerpt":{"rendered":"<p>Tarih \u015fuuru, milletlerin hareket hatlar\u0131n\u0131 tayine yarayan bir mill\u00ee savunma sil\u00e2h\u0131d\u0131r. Hangi milletten d\u00fc\u015fmanl\u0131k gelmi\u015ftir? Hangi rejim faydal\u0131 veya tehlikelidir? Ne t\u00fcrl\u00fc \u015fah\u0131slar iyilik ve k\u00f6t\u00fcl\u00fck<span class=\"excerpt-hellip\"> [\u2026]<\/span><\/p>\n","protected":false},"featured_media":0,"template":"","meta":{"_monsterinsights_skip_tracking":false,"_monsterinsights_sitenote_active":false,"_monsterinsights_sitenote_note":"","_monsterinsights_sitenote_category":0},"product_brand":[],"product_cat":[12777,12291],"product_tag":[],"class_list":{"0":"post-692686","1":"product","2":"type-product","3":"status-publish","5":"product_cat-deneme","6":"product_cat-edebiyat","7":"pa_cilt-ciltsiz","8":"pa_tur-kitap","9":"pa_yayinevi-otuken-nesriyat","10":"pa_yazar-huseyin-nihal-atsiz","12":"first","13":"instock","14":"sale","15":"shipping-taxable","16":"purchasable","17":"product-type-simple"},"_links":{"self":[{"href":"https:\/\/roveyayinevi.com.tr\/index.php\/wp-json\/wp\/v2\/product\/692686","targetHints":{"allow":["GET"]}}],"collection":[{"href":"https:\/\/roveyayinevi.com.tr\/index.php\/wp-json\/wp\/v2\/product"}],"about":[{"href":"https:\/\/roveyayinevi.com.tr\/index.php\/wp-json\/wp\/v2\/types\/product"}],"wp:attachment":[{"href":"https:\/\/roveyayinevi.com.tr\/index.php\/wp-json\/wp\/v2\/media?parent=692686"}],"wp:term":[{"taxonomy":"product_brand","embeddable":true,"href":"https:\/\/roveyayinevi.com.tr\/index.php\/wp-json\/wp\/v2\/product_brand?post=692686"},{"taxonomy":"product_cat","embeddable":true,"href":"https:\/\/roveyayinevi.com.tr\/index.php\/wp-json\/wp\/v2\/product_cat?post=692686"},{"taxonomy":"product_tag","embeddable":true,"href":"https:\/\/roveyayinevi.com.tr\/index.php\/wp-json\/wp\/v2\/product_tag?post=692686"}],"curies":[{"name":"wp","href":"https:\/\/api.w.org\/{rel}","templated":true}]}}