{"id":692670,"date":"2025-08-27T14:08:43","date_gmt":"2025-08-27T11:08:43","guid":{"rendered":"https:\/\/roveyayinevi.com.tr\/index.php\/urun\/egitim-genclik-universite\/"},"modified":"2026-04-16T02:02:37","modified_gmt":"2026-04-15T23:02:37","slug":"egitim-genclik-universite","status":"publish","type":"product","link":"https:\/\/roveyayinevi.com.tr\/index.php\/urun\/egitim-genclik-universite\/","title":{"rendered":"E\u011fitim, Gen\u00e7lik, \u00dcniversite"},"content":{"rendered":"<p>Bug\u00fcn\u00fcn gen\u00e7lerini yar\u0131n\u0131n yeti\u015fkinleri olarak g\u00f6rmek gerekir. Peki bu gen\u00e7li\u011fin meseleleri nelerdir, gen\u00e7lik nas\u0131l e\u011fitilmelidir; gen\u00e7li\u011fin meseleler kar\u015f\u0131s\u0131ndaki tavr\u0131 ve mill\u00ee meselelere bak\u0131\u015f\u0131 ne olmal\u0131d\u0131r? Gen\u00e7likten beklenenleri ve gen\u00e7li\u011fe verilmesi gerekenleri ihtiva eden bir el kitab\u0131&#8230; <\/p>\n","protected":false},"excerpt":{"rendered":"<p>Bug\u00fcn\u00fcn gen\u00e7lerini yar\u0131n\u0131n yeti\u015fkinleri olarak g\u00f6rmek gerekir. Peki bu gen\u00e7li\u011fin meseleleri nelerdir, gen\u00e7lik nas\u0131l e\u011fitilmelidir; gen\u00e7li\u011fin meseleler kar\u015f\u0131s\u0131ndaki tavr\u0131 ve mill\u00ee meselelere bak\u0131\u015f\u0131 ne olmal\u0131d\u0131r? Gen\u00e7likten<span class=\"excerpt-hellip\"> [\u2026]<\/span><\/p>\n","protected":false},"featured_media":0,"template":"","meta":{"_monsterinsights_skip_tracking":false,"_monsterinsights_sitenote_active":false,"_monsterinsights_sitenote_note":"","_monsterinsights_sitenote_category":0},"product_brand":[],"product_cat":[12835,12324],"product_tag":[],"class_list":{"0":"post-692670","1":"product","2":"type-product","3":"status-publish","5":"product_cat-genel-sosyoloji","6":"product_cat-sosyoloji","7":"pa_cilt-ciltsiz","8":"pa_tur-kitap","9":"pa_yayinevi-otuken-nesriyat","10":"pa_yazar-peyami-safa","12":"first","13":"instock","14":"sale","15":"shipping-taxable","16":"purchasable","17":"product-type-simple"},"_links":{"self":[{"href":"https:\/\/roveyayinevi.com.tr\/index.php\/wp-json\/wp\/v2\/product\/692670","targetHints":{"allow":["GET"]}}],"collection":[{"href":"https:\/\/roveyayinevi.com.tr\/index.php\/wp-json\/wp\/v2\/product"}],"about":[{"href":"https:\/\/roveyayinevi.com.tr\/index.php\/wp-json\/wp\/v2\/types\/product"}],"wp:attachment":[{"href":"https:\/\/roveyayinevi.com.tr\/index.php\/wp-json\/wp\/v2\/media?parent=692670"}],"wp:term":[{"taxonomy":"product_brand","embeddable":true,"href":"https:\/\/roveyayinevi.com.tr\/index.php\/wp-json\/wp\/v2\/product_brand?post=692670"},{"taxonomy":"product_cat","embeddable":true,"href":"https:\/\/roveyayinevi.com.tr\/index.php\/wp-json\/wp\/v2\/product_cat?post=692670"},{"taxonomy":"product_tag","embeddable":true,"href":"https:\/\/roveyayinevi.com.tr\/index.php\/wp-json\/wp\/v2\/product_tag?post=692670"}],"curies":[{"name":"wp","href":"https:\/\/api.w.org\/{rel}","templated":true}]}}