{"id":692665,"date":"2025-08-27T14:08:42","date_gmt":"2025-08-27T11:08:42","guid":{"rendered":"https:\/\/roveyayinevi.com.tr\/index.php\/urun\/gizli-sirlar-ogretisi\/"},"modified":"2026-04-16T02:02:37","modified_gmt":"2026-04-15T23:02:37","slug":"gizli-sirlar-ogretisi","status":"publish","type":"product","link":"https:\/\/roveyayinevi.com.tr\/index.php\/urun\/gizli-sirlar-ogretisi\/","title":{"rendered":"Gizli S\u0131rlar \u00d6\u011fretisi"},"content":{"rendered":"<p>Bir zamanlar Orta Asya\u2019n\u0131n en b\u00fcy\u00fck gizemlerinden biri olan ve T\u00fcrk Mitolojisi\u2019nin temelini olu\u015fturan Agarta ve Ergenekon Efsaneleri\u2019nin ezoterik bilgiler \u0131\u015f\u0131\u011f\u0131nda ele al\u0131nd\u0131\u011f\u0131 bu kitapta, ilgiyle okuyaca\u011f\u0131n\u0131z konulara yer verilmi\u015ftir: &#8211; Agarta ve \u015eambala Gizli Yeralt\u0131 Uygarl\u0131klar\u0131 &#8211; Tarikatlar\u0131n ilk Ortaya \u00c7\u0131k\u0131\u015f\u0131 &#8211; B\u00e2t\u0131n\u0131 ve Tasavvuf\u0131 Suf\u0131 \u00c7al\u0131\u015fmalar\u0131 &#8211; \u0130slam Ezoterizmi &#8211; G\u00fcn\u00fcm\u00fczdeki Tarikatlar\u0131n Dejenerasyonu &#8211; Do\u011fu Gizemleri &#8211; Tevrat\u2019ta Gizlenen Ger\u00e7ekler &#8211; Adem ve Havva\u2019n\u0131n Kozmik K\u00f6keni &#8211; Lanetli Kitaplar &#8211; T\u00fcrkler\u2019in Atas\u0131 G\u00f6k Kurt &#8211; Ergenekon\u2019dan \u00c7\u0131k\u0131\u015f &#8211; \u0130nsanl\u0131\u011f\u0131n Gizli K\u00f6keni &#8211; 2000 Y\u0131ld\u0131r Saklanan S\u0131rlar &#8211; Y\u0131lano\u011fullar\u0131, Tanro\u011fullar\u0131 &#8211; Gizli \u00d6\u011freticilik ve Mabetlerde A\u00e7\u0131klanan Kutsal Bilgiler &#8211; Hitler\u2019in Karargah\u0131\u2019ndak\u0131 12 Tibetli Rahibin S\u0131rr\u0131 &lt;li&lt;Dinler, Mitos l er ve Ard\u0131ndaki Ger\u00e7ekler Bu kitab\u0131n haz\u0131rlanmas\u0131nda \u015fu anda An\u0131tkabir Kitapl\u0131\u011f\u0131nda saklanan Atat\u00fcrk\u2019\u00fcn Dinler Tarihi\u2019ne \u0131\u015f\u0131k tutan ara\u015ft\u0131rmas\u0131 \u00f6nc\u00fcl\u00fck etmi\u015ftir. <\/p>\n","protected":false},"excerpt":{"rendered":"<p>Bir zamanlar Orta Asya\u2019n\u0131n en b\u00fcy\u00fck gizemlerinden biri olan ve T\u00fcrk Mitolojisi\u2019nin temelini olu\u015fturan Agarta ve Ergenekon Efsaneleri\u2019nin ezoterik bilgiler \u0131\u015f\u0131\u011f\u0131nda ele al\u0131nd\u0131\u011f\u0131 bu kitapta, ilgiyle<span class=\"excerpt-hellip\"> [\u2026]<\/span><\/p>\n","protected":false},"featured_media":0,"template":"","meta":{"_monsterinsights_skip_tracking":false,"_monsterinsights_sitenote_active":false,"_monsterinsights_sitenote_note":"","_monsterinsights_sitenote_category":0},"product_brand":[],"product_cat":[12364,16154],"product_tag":[],"class_list":{"0":"post-692665","1":"product","2":"type-product","3":"status-publish","5":"product_cat-genel-konular","6":"product_cat-parapsikoloji","7":"pa_cilt-ciltsiz","8":"pa_tur-kitap","9":"pa_yayinevi-sinir-otesi-yayinlari","10":"pa_yazar-ergun-candan","12":"first","13":"instock","14":"sale","15":"shipping-taxable","16":"purchasable","17":"product-type-simple"},"_links":{"self":[{"href":"https:\/\/roveyayinevi.com.tr\/index.php\/wp-json\/wp\/v2\/product\/692665","targetHints":{"allow":["GET"]}}],"collection":[{"href":"https:\/\/roveyayinevi.com.tr\/index.php\/wp-json\/wp\/v2\/product"}],"about":[{"href":"https:\/\/roveyayinevi.com.tr\/index.php\/wp-json\/wp\/v2\/types\/product"}],"wp:attachment":[{"href":"https:\/\/roveyayinevi.com.tr\/index.php\/wp-json\/wp\/v2\/media?parent=692665"}],"wp:term":[{"taxonomy":"product_brand","embeddable":true,"href":"https:\/\/roveyayinevi.com.tr\/index.php\/wp-json\/wp\/v2\/product_brand?post=692665"},{"taxonomy":"product_cat","embeddable":true,"href":"https:\/\/roveyayinevi.com.tr\/index.php\/wp-json\/wp\/v2\/product_cat?post=692665"},{"taxonomy":"product_tag","embeddable":true,"href":"https:\/\/roveyayinevi.com.tr\/index.php\/wp-json\/wp\/v2\/product_tag?post=692665"}],"curies":[{"name":"wp","href":"https:\/\/api.w.org\/{rel}","templated":true}]}}