{"id":692632,"date":"2025-08-27T14:07:43","date_gmt":"2025-08-27T11:07:43","guid":{"rendered":"https:\/\/roveyayinevi.com.tr\/index.php\/urun\/kellige-ovgu\/"},"modified":"2026-04-16T02:02:36","modified_gmt":"2026-04-15T23:02:36","slug":"kellige-ovgu","status":"publish","type":"product","link":"https:\/\/roveyayinevi.com.tr\/index.php\/urun\/kellige-ovgu\/","title":{"rendered":"Kelli\u011fe \u00d6vg\u00fc"},"content":{"rendered":"<p>Eski \u00e7a\u011f yaz\u0131n d\u00fcnyas\u0131n\u0131n dikkate de\u011fer \u00fcr\u00fcnlerinden biri de \u201c\u00f6vg\u00fc\u201d kitaplar\u0131d\u0131r. \u201c\u00d6vg\u00fc\u201d kitaplar\u0131nda bug\u00fcn biz \u201cyeniler\u201din yad\u0131rgayabilece\u011fi pek \u00e7ok \u015feye methiyeler d\u00fcz\u00fclm\u00fc\u015ft\u00fcr. \u00d6v\u00fclen \u015fey, \u00e7ok kere, \u00e7o\u011fumuzun \u00f6v\u00fclmeye de\u011fer bulmayaca\u011f\u0131, dahas\u0131, de\u011fil erdem \u201czaaf\u201d sayaca\u011f\u0131 insanl\u0131k halleridir. Kyreneli Synesios \u201ckellik\u201d gibi, \u00e7o\u011fu erke\u011fin korkulu r\u00fcyas\u0131 olabilecek bir \u201cnasipsizli\u011fi\u201d bir erdem olarak g\u00f6r\u00fcp y\u00fcceltmesiyle yerle\u015fik inan\u00e7lar\u0131 sars\u0131yor. Her \u015feyin felsefe konusu haline gelebilece\u011fi bir \u00e7a\u011fda yazar meseleyi \u00f6ylesine ciddiye alm\u0131\u015ft\u0131r ki, kellik onun d\u00fcnyas\u0131nda ba\u015fl\u0131 ba\u015f\u0131na bir \u201ctefekk\u00fcr\u201d konusu olabilmi\u015ftir. <\/p>\n","protected":false},"excerpt":{"rendered":"<p>Eski \u00e7a\u011f yaz\u0131n d\u00fcnyas\u0131n\u0131n dikkate de\u011fer \u00fcr\u00fcnlerinden biri de \u201c\u00f6vg\u00fc\u201d kitaplar\u0131d\u0131r. \u201c\u00d6vg\u00fc\u201d kitaplar\u0131nda bug\u00fcn biz \u201cyeniler\u201din yad\u0131rgayabilece\u011fi pek \u00e7ok \u015feye methiyeler d\u00fcz\u00fclm\u00fc\u015ft\u00fcr. \u00d6v\u00fclen \u015fey, \u00e7ok kere,<span class=\"excerpt-hellip\"> [\u2026]<\/span><\/p>\n","protected":false},"featured_media":0,"template":"","meta":{"_monsterinsights_skip_tracking":false,"_monsterinsights_sitenote_active":false,"_monsterinsights_sitenote_note":"","_monsterinsights_sitenote_category":0},"product_brand":[],"product_cat":[12312,12304],"product_tag":[],"class_list":{"0":"post-692632","1":"product","2":"type-product","3":"status-publish","5":"product_cat-diger","6":"product_cat-tarih","7":"pa_tur-kitap","8":"pa_yayinevi-sel-yayincilik","9":"pa_yazar-kyreneli-synesios","11":"first","12":"instock","13":"sale","14":"shipping-taxable","15":"purchasable","16":"product-type-simple"},"_links":{"self":[{"href":"https:\/\/roveyayinevi.com.tr\/index.php\/wp-json\/wp\/v2\/product\/692632","targetHints":{"allow":["GET"]}}],"collection":[{"href":"https:\/\/roveyayinevi.com.tr\/index.php\/wp-json\/wp\/v2\/product"}],"about":[{"href":"https:\/\/roveyayinevi.com.tr\/index.php\/wp-json\/wp\/v2\/types\/product"}],"wp:attachment":[{"href":"https:\/\/roveyayinevi.com.tr\/index.php\/wp-json\/wp\/v2\/media?parent=692632"}],"wp:term":[{"taxonomy":"product_brand","embeddable":true,"href":"https:\/\/roveyayinevi.com.tr\/index.php\/wp-json\/wp\/v2\/product_brand?post=692632"},{"taxonomy":"product_cat","embeddable":true,"href":"https:\/\/roveyayinevi.com.tr\/index.php\/wp-json\/wp\/v2\/product_cat?post=692632"},{"taxonomy":"product_tag","embeddable":true,"href":"https:\/\/roveyayinevi.com.tr\/index.php\/wp-json\/wp\/v2\/product_tag?post=692632"}],"curies":[{"name":"wp","href":"https:\/\/api.w.org\/{rel}","templated":true}]}}