{"id":692625,"date":"2025-08-27T14:07:41","date_gmt":"2025-08-27T11:07:41","guid":{"rendered":"https:\/\/roveyayinevi.com.tr\/index.php\/urun\/dualar-ve-aminler-butun-eserleri\/"},"modified":"2026-04-16T02:02:36","modified_gmt":"2026-04-15T23:02:36","slug":"dualar-ve-aminler-butun-eserleri","status":"publish","type":"product","link":"https:\/\/roveyayinevi.com.tr\/index.php\/urun\/dualar-ve-aminler-butun-eserleri\/","title":{"rendered":"Dualar ve Aminler B\u00fct\u00fcn Eserleri"},"content":{"rendered":"<p>Biz, k\u0131s\u0131k sesleriz&#8230; Minareleri, sen, ezans\u0131z b\u0131rakma, Allaah\u2019\u0131m! Ya \u00e7a\u011f\u0131r \u015furada bal yapanlar\u0131n\u0131: Ya kovans\u0131z b\u0131rakma, Allaah\u2019\u0131m! Yar\u0131n\u0131n yollar\u0131nda y\u0131llar\u0131 da Ramazans\u0131z b\u0131rakma, Allaah\u2019\u0131m! Ya da\u011f\u0131t kimsesiz kalan s\u00fcr\u00fcn\u00fc, Ya \u00e7obans\u0131z b\u0131rakma, Allaah\u2019\u0131m! Bizi sen sevgisiz, susuz, havas\u0131z ve vatans\u0131z b\u0131rakma, Allah\u2019\u0131m! M\u00fcsl\u00fcmanl\u0131kla yo\u011frulan yurdu M\u00fcsl\u00fcmans\u0131z b\u0131rakma, Allah\u2019\u0131m!<\/p>\n","protected":false},"excerpt":{"rendered":"<p>Biz, k\u0131s\u0131k sesleriz&#8230; Minareleri, sen, ezans\u0131z b\u0131rakma, Allaah\u2019\u0131m! Ya \u00e7a\u011f\u0131r \u015furada bal yapanlar\u0131n\u0131: Ya kovans\u0131z b\u0131rakma, Allaah\u2019\u0131m! Yar\u0131n\u0131n yollar\u0131nda y\u0131llar\u0131 da Ramazans\u0131z b\u0131rakma, Allaah\u2019\u0131m! Ya da\u011f\u0131t<span class=\"excerpt-hellip\"> [\u2026]<\/span><\/p>\n","protected":false},"featured_media":0,"template":"","meta":{"_monsterinsights_skip_tracking":false,"_monsterinsights_sitenote_active":false,"_monsterinsights_sitenote_note":"","_monsterinsights_sitenote_category":0},"product_brand":[],"product_cat":[12291,12292],"product_tag":[],"class_list":{"0":"post-692625","1":"product","2":"type-product","3":"status-publish","5":"product_cat-edebiyat","6":"product_cat-turk-edebiyati","7":"pa_cilt-ciltsiz","8":"pa_tur-kitap","9":"pa_yayinevi-otuken-nesriyat","10":"pa_yazar-arif-nihat-asya","12":"first","13":"instock","14":"sale","15":"shipping-taxable","16":"purchasable","17":"product-type-simple"},"_links":{"self":[{"href":"https:\/\/roveyayinevi.com.tr\/index.php\/wp-json\/wp\/v2\/product\/692625","targetHints":{"allow":["GET"]}}],"collection":[{"href":"https:\/\/roveyayinevi.com.tr\/index.php\/wp-json\/wp\/v2\/product"}],"about":[{"href":"https:\/\/roveyayinevi.com.tr\/index.php\/wp-json\/wp\/v2\/types\/product"}],"wp:attachment":[{"href":"https:\/\/roveyayinevi.com.tr\/index.php\/wp-json\/wp\/v2\/media?parent=692625"}],"wp:term":[{"taxonomy":"product_brand","embeddable":true,"href":"https:\/\/roveyayinevi.com.tr\/index.php\/wp-json\/wp\/v2\/product_brand?post=692625"},{"taxonomy":"product_cat","embeddable":true,"href":"https:\/\/roveyayinevi.com.tr\/index.php\/wp-json\/wp\/v2\/product_cat?post=692625"},{"taxonomy":"product_tag","embeddable":true,"href":"https:\/\/roveyayinevi.com.tr\/index.php\/wp-json\/wp\/v2\/product_tag?post=692625"}],"curies":[{"name":"wp","href":"https:\/\/api.w.org\/{rel}","templated":true}]}}