{"id":692612,"date":"2025-08-27T14:07:39","date_gmt":"2025-08-27T11:07:39","guid":{"rendered":"https:\/\/roveyayinevi.com.tr\/index.php\/urun\/donus\/"},"modified":"2026-04-16T02:02:36","modified_gmt":"2026-04-15T23:02:36","slug":"donus","status":"publish","type":"product","link":"https:\/\/roveyayinevi.com.tr\/index.php\/urun\/donus\/","title":{"rendered":"D\u00f6n\u00fc\u015f"},"content":{"rendered":"<p>Sabahlar\u0131 sokakta duruyor, s\u0131rt\u0131m\u0131 binalar\u0131n duvarlar\u0131na dayay\u0131p kald\u0131r\u0131mda ko\u015fu\u015fup oynayan \u00e7ocuklara bak\u0131yor, onlar\u0131n yan\u0131na var\u0131p onlarla beraberce oynayas\u0131m ve sevinesim geliyordu. Fakat kendilerini \u00fcrk\u00fctmemek i\u00e7in ancak uzaktan seyredebiliyordum. Gene de onlara bakarken kalbimin en derin bir yerinde hayattan b\u00fcsb\u00fct\u00fcn kopmad\u0131\u011f\u0131m\u0131 hisseder ve g\u00f6zlerimi kapat\u0131p uzak K\u0131r\u0131m&#8217;\u0131, Gurfuz&#8217;u g\u00f6r\u00fcrd\u00fcm. Evet, orda. Dedemin, babam\u0131n kemikleri g\u00f6m\u00fcl\u00fc toprakta. Yaln\u0131z orada. Do\u011fdu\u011fum topraklarda. Oran\u0131n g\u00f6\u011f\u00fc alt\u0131nda, Oran\u0131n insanlar\u0131 aras\u0131nda hayat b\u00fct\u00fcn s\u0131cakl\u0131\u011f\u0131yla beni bekliyordu sanki.  Ve i\u015fte iki g\u00fcn \u00f6nce y\u0131lba\u015f\u0131 gecesi herkes mutlu, herkes \u015fen ve mesut, yeni y\u0131l\u0131 kar\u015f\u0131larken ben a\u00e7 ve donuk, Sovyet El\u00e7ili\u011finin ta\u015f merdivenleri \u00fcst\u00fcnde durdum. Ruslar nezaketle kar\u015f\u0131lad\u0131lar beni ve iki g\u00fcn sonra K\u0131r\u0131m&#8217;a d\u00f6nebilece\u011fimi bildirdiler&#8230; <\/p>\n","protected":false},"excerpt":{"rendered":"<p>Sabahlar\u0131 sokakta duruyor, s\u0131rt\u0131m\u0131 binalar\u0131n duvarlar\u0131na dayay\u0131p kald\u0131r\u0131mda ko\u015fu\u015fup oynayan \u00e7ocuklara bak\u0131yor, onlar\u0131n yan\u0131na var\u0131p onlarla beraberce oynayas\u0131m ve sevinesim geliyordu. Fakat kendilerini \u00fcrk\u00fctmemek i\u00e7in ancak<span class=\"excerpt-hellip\"> [\u2026]<\/span><\/p>\n","protected":false},"featured_media":0,"template":"","meta":{"_monsterinsights_skip_tracking":false,"_monsterinsights_sitenote_active":false,"_monsterinsights_sitenote_note":"","_monsterinsights_sitenote_category":0},"product_brand":[],"product_cat":[12291,13570],"product_tag":[],"class_list":{"0":"post-692612","1":"product","2":"type-product","3":"status-publish","5":"product_cat-edebiyat","6":"product_cat-rus-edebiyati","7":"pa_cilt-ciltsiz","8":"pa_tur-kitap","9":"pa_yayinevi-otuken-nesriyat","10":"pa_yazar-cengiz-dagci","12":"first","13":"instock","14":"sale","15":"shipping-taxable","16":"purchasable","17":"product-type-simple"},"_links":{"self":[{"href":"https:\/\/roveyayinevi.com.tr\/index.php\/wp-json\/wp\/v2\/product\/692612","targetHints":{"allow":["GET"]}}],"collection":[{"href":"https:\/\/roveyayinevi.com.tr\/index.php\/wp-json\/wp\/v2\/product"}],"about":[{"href":"https:\/\/roveyayinevi.com.tr\/index.php\/wp-json\/wp\/v2\/types\/product"}],"wp:attachment":[{"href":"https:\/\/roveyayinevi.com.tr\/index.php\/wp-json\/wp\/v2\/media?parent=692612"}],"wp:term":[{"taxonomy":"product_brand","embeddable":true,"href":"https:\/\/roveyayinevi.com.tr\/index.php\/wp-json\/wp\/v2\/product_brand?post=692612"},{"taxonomy":"product_cat","embeddable":true,"href":"https:\/\/roveyayinevi.com.tr\/index.php\/wp-json\/wp\/v2\/product_cat?post=692612"},{"taxonomy":"product_tag","embeddable":true,"href":"https:\/\/roveyayinevi.com.tr\/index.php\/wp-json\/wp\/v2\/product_tag?post=692612"}],"curies":[{"name":"wp","href":"https:\/\/api.w.org\/{rel}","templated":true}]}}