{"id":692600,"date":"2025-08-27T14:07:36","date_gmt":"2025-08-27T11:07:36","guid":{"rendered":"https:\/\/roveyayinevi.com.tr\/index.php\/urun\/kediler-krallara-bakabilir\/"},"modified":"2026-04-16T02:02:35","modified_gmt":"2026-04-15T23:02:35","slug":"kediler-krallara-bakabilir","status":"publish","type":"product","link":"https:\/\/roveyayinevi.com.tr\/index.php\/urun\/kediler-krallara-bakabilir\/","title":{"rendered":"Kediler Krallara Bakabilir"},"content":{"rendered":"<p>Enis Batur&#8217;un &#8220;\u00d6zel Ansiklopedisi&#8221;nin bu ilk kitab\u0131, 1990&#8217;da yay\u0131mland\u0131\u011f\u0131ndan bu yana tiryakilerini yaratm\u0131\u015f bir  deneme toplam\u0131: A\u015fk, Okul, T\u00fct\u00fcn, K\u00fct\u00fcphane, Brigitte Bardot, Kediseven Soka\u011f\u0131, Balkon, Asans\u00f6r, Gaudi, Eldiven gibi pek \u00e7ok konu ba\u015fl\u0131\u011f\u0131na \u00f6znel, lirik, yer yer c\u00fcretk\u00e2r bir bak\u0131\u015fla e\u011filiyor Enis Batur.Bu be\u015finci, kesinle\u015ftirilmi\u015f bas\u0131mda, Sami Hazinses&#8217;ten \u00d6l\u00fcm \u0130l\u00e2nlar\u0131&#8217;na, Walter Benjamin&#8217;den Erkek Tak\u0131lar\u0131&#8217;na yeni par\u00e7alar da yer al\u0131yor<\/p>\n","protected":false},"excerpt":{"rendered":"<p>Enis Batur&#8217;un &#8220;\u00d6zel Ansiklopedisi&#8221;nin bu ilk kitab\u0131, 1990&#8217;da yay\u0131mland\u0131\u011f\u0131ndan bu yana tiryakilerini yaratm\u0131\u015f bir deneme toplam\u0131: A\u015fk, Okul, T\u00fct\u00fcn, K\u00fct\u00fcphane, Brigitte Bardot, Kediseven Soka\u011f\u0131, Balkon, Asans\u00f6r,<span class=\"excerpt-hellip\"> [\u2026]<\/span><\/p>\n","protected":false},"featured_media":0,"template":"","meta":{"_monsterinsights_skip_tracking":false,"_monsterinsights_sitenote_active":false,"_monsterinsights_sitenote_note":"","_monsterinsights_sitenote_category":0},"product_brand":[],"product_cat":[12365,12364],"product_tag":[],"class_list":{"0":"post-692600","1":"product","2":"type-product","3":"status-publish","5":"product_cat-diger-genel-konular","6":"product_cat-genel-konular","7":"pa_cilt-ciltsiz","8":"pa_tur-kitap","9":"pa_yayinevi-sel-yayincilik","10":"pa_yazar-enis-batur","12":"first","13":"instock","14":"sale","15":"shipping-taxable","16":"purchasable","17":"product-type-simple"},"_links":{"self":[{"href":"https:\/\/roveyayinevi.com.tr\/index.php\/wp-json\/wp\/v2\/product\/692600","targetHints":{"allow":["GET"]}}],"collection":[{"href":"https:\/\/roveyayinevi.com.tr\/index.php\/wp-json\/wp\/v2\/product"}],"about":[{"href":"https:\/\/roveyayinevi.com.tr\/index.php\/wp-json\/wp\/v2\/types\/product"}],"wp:attachment":[{"href":"https:\/\/roveyayinevi.com.tr\/index.php\/wp-json\/wp\/v2\/media?parent=692600"}],"wp:term":[{"taxonomy":"product_brand","embeddable":true,"href":"https:\/\/roveyayinevi.com.tr\/index.php\/wp-json\/wp\/v2\/product_brand?post=692600"},{"taxonomy":"product_cat","embeddable":true,"href":"https:\/\/roveyayinevi.com.tr\/index.php\/wp-json\/wp\/v2\/product_cat?post=692600"},{"taxonomy":"product_tag","embeddable":true,"href":"https:\/\/roveyayinevi.com.tr\/index.php\/wp-json\/wp\/v2\/product_tag?post=692600"}],"curies":[{"name":"wp","href":"https:\/\/api.w.org\/{rel}","templated":true}]}}