{"id":692587,"date":"2025-08-27T14:07:34","date_gmt":"2025-08-27T11:07:34","guid":{"rendered":"https:\/\/roveyayinevi.com.tr\/index.php\/urun\/ingiliz-basini-ve-ataturkun-turkiyesi\/"},"modified":"2026-04-16T02:02:35","modified_gmt":"2026-04-15T23:02:35","slug":"ingiliz-basini-ve-ataturkun-turkiyesi","status":"publish","type":"product","link":"https:\/\/roveyayinevi.com.tr\/index.php\/urun\/ingiliz-basini-ve-ataturkun-turkiyesi\/","title":{"rendered":"\u0130ngiliz Bas\u0131n\u0131 ve Atat\u00fcrk\u2019\u00fcn T\u00fcrkiyesi"},"content":{"rendered":"<p>\u00d6zellikle radyonun toplumda yeni yeni yay\u0131lmaya ba\u015flad\u0131\u011f\u0131, televizyonun ise hi\u00e7 olmad\u0131\u011f\u0131 bir d\u00f6nemde, gazete ve dergilerin toplumun haber almas\u0131n\u0131 sa\u011flayan ana unsurlar olmas\u0131 gayet do\u011fald\u0131r. \u00d6te yandan, haber konusu yabanc\u0131 bir \u00fclke ise o zaman okuyucunun bilgi almak i\u00e7in ba\u015fka bir \u015fans\u0131 pek yoktur. \u015e\u00fcphesiz ki bu okuyucunun gazete ve dergilerin d\u0131\u015f politikada veya ba\u015fka bir konuda \u0130ngiltere d\u0131\u015f\u0131ndan gelen b\u00fct\u00fcn haberlerini benimseyip kabul etti\u011fi, onlara inand\u0131\u011f\u0131 anlam\u0131na gelmemektedir. Kamuoyunun bu konudaki e\u011filimlerini g\u00f6steren ara\u015ft\u0131rmalar 1930\u2019lu y\u0131llar\u0131n sonuna do\u011fru ciddi olarak geli\u015fmeye ba\u015flayacakt\u0131r. Ama sonu\u00e7ta \u015funu s\u00f6ylemek m\u00fcmk\u00fcnd\u00fcr: Bas\u0131n, kamuoyunun olu\u015fmas\u0131nda ve y\u00f6nlendirilmesinde \u00f6nemli bir etkendir. \u0130ngiliz kamuoyunun, T\u00fcrkiye\u2019ye y\u00f6nelik ilgisi, \u0130ngiltere\u2019nin Ortado\u011fu\u2019daki \u00e7\u0131karlar\u0131 ile ili\u015fkilidir ve kamuoyunun g\u00fcndemine bu ba\u011flamda gelmi\u015ftir. \u00d6zellikle Birinci D\u00fcnya Sava\u015f\u0131 sonras\u0131nda Osmanl\u0131 \u0130mparatorlu\u011fu\u2019nun y\u0131k\u0131lmas\u0131 ve Mustafa Kemal Pa\u015fa \u00f6nderli\u011finde ba\u015flat\u0131lan Kurtulu\u015f Sava\u015f\u0131\u2019n\u0131n yeni bir T\u00fcrk devletinin kurulmas\u0131 ile sonu\u00e7lanmas\u0131, \u0130ngiltere\u2019nin yeni T\u00fcrk devleti ile bir bar\u0131\u015f antla\u015fmas\u0131 imzalamas\u0131, Musul sorunu, \u0130ngiltere\u2019nin ticari \u00e7\u0131karlar\u0131, az\u0131nl\u0131klarla ilgili problemler ve yeni T\u00fcrkiye\u2019deki k\u00f6kl\u00fc yap\u0131lanmalar kamuoyunun g\u00fcndemine T\u00fcrkiye\u2019yi s\u0131k\u00e7a getirmi\u015ftir. <\/p>\n","protected":false},"excerpt":{"rendered":"<p>\u00d6zellikle radyonun toplumda yeni yeni yay\u0131lmaya ba\u015flad\u0131\u011f\u0131, televizyonun ise hi\u00e7 olmad\u0131\u011f\u0131 bir d\u00f6nemde, gazete ve dergilerin toplumun haber almas\u0131n\u0131 sa\u011flayan ana unsurlar olmas\u0131 gayet do\u011fald\u0131r. \u00d6te<span class=\"excerpt-hellip\"> [\u2026]<\/span><\/p>\n","protected":false},"featured_media":0,"template":"","meta":{"_monsterinsights_skip_tracking":false,"_monsterinsights_sitenote_active":false,"_monsterinsights_sitenote_note":"","_monsterinsights_sitenote_category":0},"product_brand":[],"product_cat":[12530,12304],"product_tag":[],"class_list":{"0":"post-692587","1":"product","2":"type-product","3":"status-publish","5":"product_cat-mustafa-kemal-ataturk","6":"product_cat-tarih","7":"pa_tur-kitap","8":"pa_yayinevi-phoenix-yayinevi","9":"pa_yazar-mustafa-yilmaz","11":"first","12":"instock","13":"sale","14":"shipping-taxable","15":"purchasable","16":"product-type-simple"},"_links":{"self":[{"href":"https:\/\/roveyayinevi.com.tr\/index.php\/wp-json\/wp\/v2\/product\/692587","targetHints":{"allow":["GET"]}}],"collection":[{"href":"https:\/\/roveyayinevi.com.tr\/index.php\/wp-json\/wp\/v2\/product"}],"about":[{"href":"https:\/\/roveyayinevi.com.tr\/index.php\/wp-json\/wp\/v2\/types\/product"}],"wp:attachment":[{"href":"https:\/\/roveyayinevi.com.tr\/index.php\/wp-json\/wp\/v2\/media?parent=692587"}],"wp:term":[{"taxonomy":"product_brand","embeddable":true,"href":"https:\/\/roveyayinevi.com.tr\/index.php\/wp-json\/wp\/v2\/product_brand?post=692587"},{"taxonomy":"product_cat","embeddable":true,"href":"https:\/\/roveyayinevi.com.tr\/index.php\/wp-json\/wp\/v2\/product_cat?post=692587"},{"taxonomy":"product_tag","embeddable":true,"href":"https:\/\/roveyayinevi.com.tr\/index.php\/wp-json\/wp\/v2\/product_tag?post=692587"}],"curies":[{"name":"wp","href":"https:\/\/api.w.org\/{rel}","templated":true}]}}