{"id":692568,"date":"2025-08-27T14:07:30","date_gmt":"2025-08-27T11:07:30","guid":{"rendered":"https:\/\/roveyayinevi.com.tr\/index.php\/urun\/buyuculer-kulesi\/"},"modified":"2026-04-11T02:03:22","modified_gmt":"2026-04-10T23:03:22","slug":"buyuculer-kulesi","status":"publish","type":"product","link":"https:\/\/roveyayinevi.com.tr\/index.php\/urun\/buyuculer-kulesi\/","title":{"rendered":"B\u00fcy\u00fcc\u00fcler Kulesi"},"content":{"rendered":"<p>Bir hokus pokus hik\u00e2yesi ger\u00e7ek olabilir mi? 500 y\u0131l \u00f6nce meydana gelmi\u015f bir b\u00fcy\u00fcc\u00fcl\u00fck vakas\u0131, bug\u00fcn hayata ge\u00e7ebilir mi? S\u0131r perdesinin arkas\u0131nda ne ya da kimler var? \u0130ntikam ya da h\u0131rsla a\u00e7\u0131klanabilir mi tuhaf olaylar? D\u00f6rt Kafadarlar Tak\u0131m\u0131 bir kez daha bilinmeyene s\u00fcr\u00fcklenmi\u015f durumda&#8230; Ama bu kez i\u015fleri sahiden zor&#8230; <\/p>\n","protected":false},"excerpt":{"rendered":"<p>Bir hokus pokus hik\u00e2yesi ger\u00e7ek olabilir mi? 500 y\u0131l \u00f6nce meydana gelmi\u015f bir b\u00fcy\u00fcc\u00fcl\u00fck vakas\u0131, bug\u00fcn hayata ge\u00e7ebilir mi? S\u0131r perdesinin arkas\u0131nda ne ya da kimler<span class=\"excerpt-hellip\"> [\u2026]<\/span><\/p>\n","protected":false},"featured_media":0,"template":"","meta":{"_monsterinsights_skip_tracking":false,"_monsterinsights_sitenote_active":false,"_monsterinsights_sitenote_note":"","_monsterinsights_sitenote_category":0},"product_brand":[],"product_cat":[12274,12284],"product_tag":[],"class_list":{"0":"post-692568","1":"product","2":"type-product","3":"status-publish","5":"product_cat-cocuk-ve-genclik-kitaplari","6":"product_cat-hikayeler","7":"pa_cilt-ciltsiz","8":"pa_tur-kitap","9":"pa_yayinevi-say-cocuk","10":"pa_yazar-thomas-brezina","12":"first","13":"instock","14":"sale","15":"shipping-taxable","16":"purchasable","17":"product-type-simple"},"_links":{"self":[{"href":"https:\/\/roveyayinevi.com.tr\/index.php\/wp-json\/wp\/v2\/product\/692568","targetHints":{"allow":["GET"]}}],"collection":[{"href":"https:\/\/roveyayinevi.com.tr\/index.php\/wp-json\/wp\/v2\/product"}],"about":[{"href":"https:\/\/roveyayinevi.com.tr\/index.php\/wp-json\/wp\/v2\/types\/product"}],"wp:attachment":[{"href":"https:\/\/roveyayinevi.com.tr\/index.php\/wp-json\/wp\/v2\/media?parent=692568"}],"wp:term":[{"taxonomy":"product_brand","embeddable":true,"href":"https:\/\/roveyayinevi.com.tr\/index.php\/wp-json\/wp\/v2\/product_brand?post=692568"},{"taxonomy":"product_cat","embeddable":true,"href":"https:\/\/roveyayinevi.com.tr\/index.php\/wp-json\/wp\/v2\/product_cat?post=692568"},{"taxonomy":"product_tag","embeddable":true,"href":"https:\/\/roveyayinevi.com.tr\/index.php\/wp-json\/wp\/v2\/product_tag?post=692568"}],"curies":[{"name":"wp","href":"https:\/\/api.w.org\/{rel}","templated":true}]}}