{"id":692561,"date":"2025-08-27T14:07:28","date_gmt":"2025-08-27T11:07:28","guid":{"rendered":"https:\/\/roveyayinevi.com.tr\/index.php\/urun\/tembel-entel\/"},"modified":"2026-04-16T02:02:34","modified_gmt":"2026-04-15T23:02:34","slug":"tembel-entel","status":"publish","type":"product","link":"https:\/\/roveyayinevi.com.tr\/index.php\/urun\/tembel-entel\/","title":{"rendered":"Tembel Entel"},"content":{"rendered":"<p>Arkada\u015f bulu\u015fmalar\u0131nda, i\u015f yemeklerinde hatta hen\u00fcz tan\u0131\u015fm\u0131\u015f oldu\u011fun insanlarla yapaca\u011f\u0131n her t\u00fcrl\u00fc sohbetlerde rahatl\u0131kla konu\u015fman\u0131 sa\u011flayacak kaynak kitap i\u015fte burada. Sanattan felsefeye b\u00fct\u00fcn bilgiler 10 temel b\u00f6l\u00fcm alt\u0131nda toplanm\u0131\u015f, kolay anla\u015f\u0131l\u0131r bir \u015fekilde a\u00e7\u0131klanm\u0131\u015f, k\u0131sa notlar ve \u00f6nemli ki\u015filikler aktar\u0131larak desteklenmi\u015f ve her daim referans olarak bak\u0131labilecek hat\u0131rlatma notlar\u0131 ile sunulmu\u015ftur. <\/p>\n","protected":false},"excerpt":{"rendered":"<p>Arkada\u015f bulu\u015fmalar\u0131nda, i\u015f yemeklerinde hatta hen\u00fcz tan\u0131\u015fm\u0131\u015f oldu\u011fun insanlarla yapaca\u011f\u0131n her t\u00fcrl\u00fc sohbetlerde rahatl\u0131kla konu\u015fman\u0131 sa\u011flayacak kaynak kitap i\u015fte burada. Sanattan felsefeye b\u00fct\u00fcn bilgiler 10 temel<span class=\"excerpt-hellip\"> [\u2026]<\/span><\/p>\n","protected":false},"featured_media":0,"template":"","meta":{"_monsterinsights_skip_tracking":false,"_monsterinsights_sitenote_active":false,"_monsterinsights_sitenote_note":"","_monsterinsights_sitenote_category":0},"product_brand":[],"product_cat":[12364,12376],"product_tag":[],"class_list":{"0":"post-692561","1":"product","2":"type-product","3":"status-publish","5":"product_cat-genel-konular","6":"product_cat-kisisel-gelisim","7":"pa_cilt-ciltsiz","8":"pa_tur-kitap","9":"pa_yayinevi-omega","10":"pa_yazar-richard-j-wallace","12":"first","13":"instock","14":"sale","15":"shipping-taxable","16":"purchasable","17":"product-type-simple"},"_links":{"self":[{"href":"https:\/\/roveyayinevi.com.tr\/index.php\/wp-json\/wp\/v2\/product\/692561","targetHints":{"allow":["GET"]}}],"collection":[{"href":"https:\/\/roveyayinevi.com.tr\/index.php\/wp-json\/wp\/v2\/product"}],"about":[{"href":"https:\/\/roveyayinevi.com.tr\/index.php\/wp-json\/wp\/v2\/types\/product"}],"wp:attachment":[{"href":"https:\/\/roveyayinevi.com.tr\/index.php\/wp-json\/wp\/v2\/media?parent=692561"}],"wp:term":[{"taxonomy":"product_brand","embeddable":true,"href":"https:\/\/roveyayinevi.com.tr\/index.php\/wp-json\/wp\/v2\/product_brand?post=692561"},{"taxonomy":"product_cat","embeddable":true,"href":"https:\/\/roveyayinevi.com.tr\/index.php\/wp-json\/wp\/v2\/product_cat?post=692561"},{"taxonomy":"product_tag","embeddable":true,"href":"https:\/\/roveyayinevi.com.tr\/index.php\/wp-json\/wp\/v2\/product_tag?post=692561"}],"curies":[{"name":"wp","href":"https:\/\/api.w.org\/{rel}","templated":true}]}}