{"id":692534,"date":"2025-08-27T14:07:23","date_gmt":"2025-08-27T11:07:23","guid":{"rendered":"https:\/\/roveyayinevi.com.tr\/index.php\/urun\/yunan-mitleri\/"},"modified":"2025-10-06T02:21:50","modified_gmt":"2025-10-05T23:21:50","slug":"yunan-mitleri","status":"publish","type":"product","link":"https:\/\/roveyayinevi.com.tr\/index.php\/urun\/yunan-mitleri\/","title":{"rendered":"Yunan Mitleri"},"content":{"rendered":"<p>Yunan mitlerinden en \u00e7arp\u0131c\u0131 ve heyecan verici kesitler anlat\u0131l\u0131rken, Truva Sava\u015f\u0131, Odysseus\u2019un maceralar\u0131, Oidipus\u2019un trajedisi ile kahramanlar Herakles, Theseus, Perseus ve \u0130ason\u2019un maceralar\u0131n\u0131n y\u00fczy\u0131llard\u0131r kaybolmayan b\u00fcy\u00fcs\u00fc sat\u0131rlar\u0131m\u0131za ta\u015f\u0131n\u0131yor. Yazar, Olympos tanr\u0131lar\u0131 ile tanr\u0131\u00e7alar\u0131n\u0131n karma\u015f\u0131k panteonunu, onlar\u0131n tutumlar\u0131n\u0131, soya\u011fa\u00e7lar\u0131n\u0131, kimi zaman g\u00fcl\u00fcn\u00e7 olan ili\u015fkilerini ve karakterlerini tasvir ederken, bu karakterleri yaratan antik k\u00fclt\u00fcr\u00fcn sanat eserlerinden de yararlan\u0131yor. Son b\u00f6l\u00fcmde ise Yunan mitlerinin Boticelli\u2019den Freud\u2019a etkisini ve g\u00fcc\u00fcn\u00fc g\u00f6stermi\u015f yarat\u0131c\u0131 miras\u0131 yeniden inceleniyor. <\/p>\n","protected":false},"excerpt":{"rendered":"<p>Yunan mitlerinden en \u00e7arp\u0131c\u0131 ve heyecan verici kesitler anlat\u0131l\u0131rken, Truva Sava\u015f\u0131, Odysseus\u2019un maceralar\u0131, Oidipus\u2019un trajedisi ile kahramanlar Herakles, Theseus, Perseus ve \u0130ason\u2019un maceralar\u0131n\u0131n y\u00fczy\u0131llard\u0131r kaybolmayan b\u00fcy\u00fcs\u00fc<span class=\"excerpt-hellip\"> [\u2026]<\/span><\/p>\n","protected":false},"featured_media":0,"template":"","meta":{"_monsterinsights_skip_tracking":false,"_monsterinsights_sitenote_active":false,"_monsterinsights_sitenote_note":"","_monsterinsights_sitenote_category":0},"product_brand":[],"product_cat":[12718,12858],"product_tag":[],"class_list":{"0":"post-692534","1":"product","2":"type-product","3":"status-publish","5":"product_cat-din","6":"product_cat-mitolojiler","7":"pa_cilt-ciltsiz","8":"pa_tur-kitap","9":"pa_yayinevi-phoenix-yayinevi","10":"pa_yazar-lucilla-burn","12":"first","13":"instock","14":"sale","15":"shipping-taxable","16":"purchasable","17":"product-type-simple"},"_links":{"self":[{"href":"https:\/\/roveyayinevi.com.tr\/index.php\/wp-json\/wp\/v2\/product\/692534","targetHints":{"allow":["GET"]}}],"collection":[{"href":"https:\/\/roveyayinevi.com.tr\/index.php\/wp-json\/wp\/v2\/product"}],"about":[{"href":"https:\/\/roveyayinevi.com.tr\/index.php\/wp-json\/wp\/v2\/types\/product"}],"wp:attachment":[{"href":"https:\/\/roveyayinevi.com.tr\/index.php\/wp-json\/wp\/v2\/media?parent=692534"}],"wp:term":[{"taxonomy":"product_brand","embeddable":true,"href":"https:\/\/roveyayinevi.com.tr\/index.php\/wp-json\/wp\/v2\/product_brand?post=692534"},{"taxonomy":"product_cat","embeddable":true,"href":"https:\/\/roveyayinevi.com.tr\/index.php\/wp-json\/wp\/v2\/product_cat?post=692534"},{"taxonomy":"product_tag","embeddable":true,"href":"https:\/\/roveyayinevi.com.tr\/index.php\/wp-json\/wp\/v2\/product_tag?post=692534"}],"curies":[{"name":"wp","href":"https:\/\/api.w.org\/{rel}","templated":true}]}}