{"id":692519,"date":"2025-08-27T14:07:20","date_gmt":"2025-08-27T11:07:20","guid":{"rendered":"https:\/\/roveyayinevi.com.tr\/index.php\/urun\/ruh-eczanesi\/"},"modified":"2026-04-16T02:02:33","modified_gmt":"2026-04-15T23:02:33","slug":"ruh-eczanesi","status":"publish","type":"product","link":"https:\/\/roveyayinevi.com.tr\/index.php\/urun\/ruh-eczanesi\/","title":{"rendered":"Ruh Eczanesi"},"content":{"rendered":"<p>Ruh Eczanesi pek \u00e7ok rahats\u0131zl\u0131\u011fa holistik \u00e7areler \u00f6neriyor. Kitab\u0131 olu\u015fturan her bir b\u00f6lu\u0308m duygusal ya da fiziksel bir rahats\u0131zl\u0131\u011f\u0131n tan\u0131mlanmas\u0131 ve te\u015fhis edilmesiyle ba\u015flay\u0131p, okura ayr\u0131nt\u0131l\u0131 bir re\u00e7ete sunulmas\u0131yla devam ediyor. Osho rahats\u0131zl\u0131klar\u0131n giderilmesi i\u00e7in germe ve esnetme teknikleri, meditasyonlar, gu\u0308lme ve soluk al\u0131p verme egzersizleri, ses egzersizleri, g\u00f6rsel egzersizler, \u015fark\u0131lar, masajlar \u00f6neriyor. Bu tedavi y\u00f6ntemlerini t\u0131rnak kemirmeden uykusuzlu\u011fa ve depresyona dek pek \u00e7ok soruna \u00e7\u00f6zu\u0308m olarak sunuyor. Rahats\u0131zl\u0131klarla ilgili tan\u0131mlama, te\u015fhis ve re\u00e7eteler, ki\u015fiye fiziksel ve duygusal bak\u0131mdan kendisiyle nas\u0131l bar\u0131\u015f\u0131k bi\u00e7imde ya\u015fayabilece\u011fini g\u00f6steren \u015fiirsel, mizahi ve ayd\u0131nlat\u0131c\u0131 materyallerle de su\u0308sleniyor. Ruh Eczanesi, yeni bir aray\u0131\u015f i\u00e7inde olan ki\u015filerin ve daha fazla esin almak isteyen deneyimli holistik okurlar\u0131n sa\u011fl\u0131kl\u0131, sakin ve ne\u015feli bir hayat ya\u015famak amac\u0131yla kullanabilecekleri bir ecza dolab\u0131&#8230; Meditasyon egzersizleri i\u00e7eren Ruh Eczanesi, stres ve fiziksel gerginlikten kurtulmak, \u00f6zgu\u0308ven in\u015fa etmek, duygusal ve fiziksel direnci art\u0131rmak, ruh hali de\u011fi\u015fimleri, cinsellik, beslenme gibi konulara de\u011finiyor. \u201cOsho, 20. yu\u0308zy\u0131l\u0131n 1000 ilah\u0131ndan biri&#8230;\u201d The Sunday Times <\/p>\n","protected":false},"excerpt":{"rendered":"<p>Ruh Eczanesi pek \u00e7ok rahats\u0131zl\u0131\u011fa holistik \u00e7areler \u00f6neriyor. Kitab\u0131 olu\u015fturan her bir b\u00f6lu\u0308m duygusal ya da fiziksel bir rahats\u0131zl\u0131\u011f\u0131n tan\u0131mlanmas\u0131 ve te\u015fhis edilmesiyle ba\u015flay\u0131p, okura ayr\u0131nt\u0131l\u0131<span class=\"excerpt-hellip\"> [\u2026]<\/span><\/p>\n","protected":false},"featured_media":0,"template":"","meta":{"_monsterinsights_skip_tracking":false,"_monsterinsights_sitenote_active":false,"_monsterinsights_sitenote_note":"","_monsterinsights_sitenote_category":0},"product_brand":[],"product_cat":[13365,19822],"product_tag":[],"class_list":{"0":"post-692519","1":"product","2":"type-product","3":"status-publish","5":"product_cat-saglik","6":"product_cat-yoga-meditasyon","7":"pa_cilt-ciltsiz","8":"pa_tur-kitap","9":"pa_yayinevi-omega","10":"pa_yazar-osho-bhagwan-shree-rajneesh","12":"first","13":"instock","14":"sale","15":"shipping-taxable","16":"purchasable","17":"product-type-simple"},"_links":{"self":[{"href":"https:\/\/roveyayinevi.com.tr\/index.php\/wp-json\/wp\/v2\/product\/692519","targetHints":{"allow":["GET"]}}],"collection":[{"href":"https:\/\/roveyayinevi.com.tr\/index.php\/wp-json\/wp\/v2\/product"}],"about":[{"href":"https:\/\/roveyayinevi.com.tr\/index.php\/wp-json\/wp\/v2\/types\/product"}],"wp:attachment":[{"href":"https:\/\/roveyayinevi.com.tr\/index.php\/wp-json\/wp\/v2\/media?parent=692519"}],"wp:term":[{"taxonomy":"product_brand","embeddable":true,"href":"https:\/\/roveyayinevi.com.tr\/index.php\/wp-json\/wp\/v2\/product_brand?post=692519"},{"taxonomy":"product_cat","embeddable":true,"href":"https:\/\/roveyayinevi.com.tr\/index.php\/wp-json\/wp\/v2\/product_cat?post=692519"},{"taxonomy":"product_tag","embeddable":true,"href":"https:\/\/roveyayinevi.com.tr\/index.php\/wp-json\/wp\/v2\/product_tag?post=692519"}],"curies":[{"name":"wp","href":"https:\/\/api.w.org\/{rel}","templated":true}]}}