{"id":692516,"date":"2025-08-27T14:07:19","date_gmt":"2025-08-27T11:07:19","guid":{"rendered":"https:\/\/roveyayinevi.com.tr\/index.php\/urun\/etrusk-mitleri\/"},"modified":"2026-04-16T02:02:33","modified_gmt":"2026-04-15T23:02:33","slug":"etrusk-mitleri","status":"publish","type":"product","link":"https:\/\/roveyayinevi.com.tr\/index.php\/urun\/etrusk-mitleri\/","title":{"rendered":"Etr\u00fcsk Mitleri"},"content":{"rendered":"<p>Etr\u00fcskler, Floransa ile Roma aras\u0131ndaki b\u00f6lgede ya\u015fayan, karma\u015f\u0131k bir k\u00fclt\u00fcr ve teknolojiye sahip bir topluluktu. Etr\u00fcsk Uygarl\u0131\u011f\u0131, Roma \u0130mparatorlu\u011fu\u2019na kat\u0131lana dek yakla\u015f\u0131k bin y\u0131l ayakta kalm\u0131\u015f ve Bat\u0131 uygarl\u0131\u011f\u0131na zengin bir miras b\u0131rakm\u0131\u015ft\u0131r. Antik d\u00f6nemde, refah\u0131, l\u00fcks ya\u015fam\u0131 seven, ziyaretlere ve m\u00fczi\u011fe d\u00fc\u015fk\u00fcn, ayn\u0131 zamanda dindar bir halk olarak tan\u0131n\u0131rlard\u0131. Edebiyata olduk\u00e7a \u00f6nem vermi\u015flerdi, bununla birlikte edebi eserleri g\u00fcn\u00fcm\u00fcze dek varl\u0131\u011f\u0131\u0131n s\u00fcrd\u00fcrememi\u015flerdir; bu nedenle mitolojileri ve inan\u00e7lar\u0131 hakk\u0131nda bilgi edinmek i\u00e7in sanat eserlerine y\u00f6nelmekteyiz. \u00c7ok say\u0131daki ve g\u00fcndelik ya\u015fam i\u00e7in yap\u0131lm\u0131\u015f sanat eserleri, Etr\u00fcsklerin ya\u015fam\u0131 ve bu aristokratik toplumda kad\u0131n\u0131n yeri hakk\u0131nda bize pek \u00e7ok bilgi vermektedir. <\/p>\n","protected":false},"excerpt":{"rendered":"<p>Etr\u00fcskler, Floransa ile Roma aras\u0131ndaki b\u00f6lgede ya\u015fayan, karma\u015f\u0131k bir k\u00fclt\u00fcr ve teknolojiye sahip bir topluluktu. Etr\u00fcsk Uygarl\u0131\u011f\u0131, Roma \u0130mparatorlu\u011fu\u2019na kat\u0131lana dek yakla\u015f\u0131k bin y\u0131l ayakta kalm\u0131\u015f<span class=\"excerpt-hellip\"> [\u2026]<\/span><\/p>\n","protected":false},"featured_media":0,"template":"","meta":{"_monsterinsights_skip_tracking":false,"_monsterinsights_sitenote_active":false,"_monsterinsights_sitenote_note":"","_monsterinsights_sitenote_category":0},"product_brand":[],"product_cat":[12718,12858],"product_tag":[],"class_list":{"0":"post-692516","1":"product","2":"type-product","3":"status-publish","5":"product_cat-din","6":"product_cat-mitolojiler","7":"pa_tur-kitap","8":"pa_yayinevi-phoenix-yayinevi","9":"pa_yazar-judith-swaddling","11":"first","12":"instock","13":"sale","14":"shipping-taxable","15":"purchasable","16":"product-type-simple"},"_links":{"self":[{"href":"https:\/\/roveyayinevi.com.tr\/index.php\/wp-json\/wp\/v2\/product\/692516","targetHints":{"allow":["GET"]}}],"collection":[{"href":"https:\/\/roveyayinevi.com.tr\/index.php\/wp-json\/wp\/v2\/product"}],"about":[{"href":"https:\/\/roveyayinevi.com.tr\/index.php\/wp-json\/wp\/v2\/types\/product"}],"wp:attachment":[{"href":"https:\/\/roveyayinevi.com.tr\/index.php\/wp-json\/wp\/v2\/media?parent=692516"}],"wp:term":[{"taxonomy":"product_brand","embeddable":true,"href":"https:\/\/roveyayinevi.com.tr\/index.php\/wp-json\/wp\/v2\/product_brand?post=692516"},{"taxonomy":"product_cat","embeddable":true,"href":"https:\/\/roveyayinevi.com.tr\/index.php\/wp-json\/wp\/v2\/product_cat?post=692516"},{"taxonomy":"product_tag","embeddable":true,"href":"https:\/\/roveyayinevi.com.tr\/index.php\/wp-json\/wp\/v2\/product_tag?post=692516"}],"curies":[{"name":"wp","href":"https:\/\/api.w.org\/{rel}","templated":true}]}}