{"id":692509,"date":"2025-08-27T14:07:18","date_gmt":"2025-08-27T11:07:18","guid":{"rendered":"https:\/\/roveyayinevi.com.tr\/index.php\/urun\/divan-i-humayun\/"},"modified":"2026-04-16T02:02:33","modified_gmt":"2026-04-15T23:02:33","slug":"divan-i-humayun","status":"publish","type":"product","link":"https:\/\/roveyayinevi.com.tr\/index.php\/urun\/divan-i-humayun\/","title":{"rendered":"Divan-\u0131 H\u00fcmayun"},"content":{"rendered":"<p>Osmanl\u0131 Devleti&#8217;nin kurulmas\u0131ndan k\u0131sa bir s\u00fcre sonra do\u011fmu\u015f olan Divan-\u0131 H\u00fcmayun, 15. y\u00fczy\u0131l ortalar\u0131ndan 17. y\u00fczy\u0131l\u0131n ilk yar\u0131s\u0131na kadar Osmanl\u0131 Devleti&#8217;nin y\u00f6netimine damgas\u0131n\u0131 vurmu\u015f, y\u00fczy\u0131l\u0131n sonlar\u0131na do\u011fru ise \u00f6nemini yitirmeye ba\u015flayarak bir sembol haline gelmi\u015ftir. Osmanl\u0131lardan \u00f6nceki ve Osmanl\u0131lar\u0131n \u00e7a\u011fda\u015f\u0131 \u0130slam devletlerinde varolan benzeri kurumlardan farkl\u0131 olan Divan-\u0131 H\u00fcmayun&#8217;da, siyasal, yarg\u0131sal, y\u00f6netsel t\u00fcm i\u015flerin g\u00f6r\u00fclebilir olmas\u0131, Osmanl\u0131 Devleti&#8217;nin merkezci karakterini kesinli\u011fini ve devlet adamlar\u0131n\u0131n pratik \u00e7al\u0131\u015fma, bi\u00e7imiyle devletin en sayg\u0131n organ\u0131 durumuna gelmi\u015f, Divan&#8217;da \u00e7al\u0131\u015fmak, bir \u015feref simgesi olmu\u015ftur&#8230;<\/p>\n","protected":false},"excerpt":{"rendered":"<p>Osmanl\u0131 Devleti&#8217;nin kurulmas\u0131ndan k\u0131sa bir s\u00fcre sonra do\u011fmu\u015f olan Divan-\u0131 H\u00fcmayun, 15. y\u00fczy\u0131l ortalar\u0131ndan 17. y\u00fczy\u0131l\u0131n ilk yar\u0131s\u0131na kadar Osmanl\u0131 Devleti&#8217;nin y\u00f6netimine damgas\u0131n\u0131 vurmu\u015f, y\u00fczy\u0131l\u0131n sonlar\u0131na<span class=\"excerpt-hellip\"> [\u2026]<\/span><\/p>\n","protected":false},"featured_media":0,"template":"","meta":{"_monsterinsights_skip_tracking":false,"_monsterinsights_sitenote_active":false,"_monsterinsights_sitenote_note":"","_monsterinsights_sitenote_category":0},"product_brand":[],"product_cat":[13517,12304],"product_tag":[],"class_list":{"0":"post-692509","1":"product","2":"type-product","3":"status-publish","5":"product_cat-osmanli-tarihi","6":"product_cat-tarih","7":"pa_cilt-ciltsiz","8":"pa_tur-kitap","9":"pa_yayinevi-phoenix-yayinevi","10":"pa_yazar-ahmet-mumcu","12":"first","13":"instock","14":"sale","15":"shipping-taxable","16":"purchasable","17":"product-type-simple"},"_links":{"self":[{"href":"https:\/\/roveyayinevi.com.tr\/index.php\/wp-json\/wp\/v2\/product\/692509","targetHints":{"allow":["GET"]}}],"collection":[{"href":"https:\/\/roveyayinevi.com.tr\/index.php\/wp-json\/wp\/v2\/product"}],"about":[{"href":"https:\/\/roveyayinevi.com.tr\/index.php\/wp-json\/wp\/v2\/types\/product"}],"wp:attachment":[{"href":"https:\/\/roveyayinevi.com.tr\/index.php\/wp-json\/wp\/v2\/media?parent=692509"}],"wp:term":[{"taxonomy":"product_brand","embeddable":true,"href":"https:\/\/roveyayinevi.com.tr\/index.php\/wp-json\/wp\/v2\/product_brand?post=692509"},{"taxonomy":"product_cat","embeddable":true,"href":"https:\/\/roveyayinevi.com.tr\/index.php\/wp-json\/wp\/v2\/product_cat?post=692509"},{"taxonomy":"product_tag","embeddable":true,"href":"https:\/\/roveyayinevi.com.tr\/index.php\/wp-json\/wp\/v2\/product_tag?post=692509"}],"curies":[{"name":"wp","href":"https:\/\/api.w.org\/{rel}","templated":true}]}}