{"id":692481,"date":"2025-08-27T14:07:12","date_gmt":"2025-08-27T11:07:12","guid":{"rendered":"https:\/\/roveyayinevi.com.tr\/index.php\/urun\/bizans-doneminde-anadolu\/"},"modified":"2026-04-16T02:02:32","modified_gmt":"2026-04-15T23:02:32","slug":"bizans-doneminde-anadolu","status":"publish","type":"product","link":"https:\/\/roveyayinevi.com.tr\/index.php\/urun\/bizans-doneminde-anadolu\/","title":{"rendered":"Bizans D\u00f6neminde Anadolu"},"content":{"rendered":"<p>Anadolu Sel\u00e7uklu ve erken d\u00f6nem Osmanl\u0131 tarihini anlamland\u0131rabilmek i\u00e7in bu dev-letlerin kendi tarihleri kadar Bizans \u0130mparatorlu\u011fu tarihine de bak\u0131lmas\u0131 gerekmek-tedir. Elinizdeki \u00e7al\u0131\u015fma, T\u00fcrk k\u00f6kenli hanedanlar\u0131n -y\u00f6netici kadrolar\u0131n- tarihinin ba\u015flad\u0131\u011f\u0131 11. y\u00fczy\u0131lda ve sonras\u0131nda Anadolu&#8217;da ne t\u00fcrden bir iktisadi-sosyal yap\u0131 bulundu\u011funu ve h\u00e2kim yerel n\u00fcfusun nas\u0131l bir d\u00fcnya g\u00f6r\u00fc\u015f\u00fcne sahip oldu\u011funu an-lamaya y\u00f6nelik olmak \u00fczere \u00fclkemizdeki tarih ara\u015ft\u0131rmalar\u0131na k\u00fc\u00e7\u00fck bir katk\u0131 niteli-\u011findedir. Bizans tarihine a\u015fina olman\u0131n Osmanl\u0131 \u0130mparatorlu\u011fu&#8217;nun pek \u00e7ok mesele-sini daha kolay anlamland\u0131rmay\u0131 sa\u011flayaca\u011f\u0131n\u0131, okuyucular rahatl\u0131kla g\u00f6rebilecektir. <\/p>\n","protected":false},"excerpt":{"rendered":"<p>Anadolu Sel\u00e7uklu ve erken d\u00f6nem Osmanl\u0131 tarihini anlamland\u0131rabilmek i\u00e7in bu dev-letlerin kendi tarihleri kadar Bizans \u0130mparatorlu\u011fu tarihine de bak\u0131lmas\u0131 gerekmek-tedir. Elinizdeki \u00e7al\u0131\u015fma, T\u00fcrk k\u00f6kenli hanedanlar\u0131n -y\u00f6netici<span class=\"excerpt-hellip\"> [\u2026]<\/span><\/p>\n","protected":false},"featured_media":0,"template":"","meta":{"_monsterinsights_skip_tracking":false,"_monsterinsights_sitenote_active":false,"_monsterinsights_sitenote_note":"","_monsterinsights_sitenote_category":0},"product_brand":[],"product_cat":[13517,12304],"product_tag":[],"class_list":{"0":"post-692481","1":"product","2":"type-product","3":"status-publish","5":"product_cat-osmanli-tarihi","6":"product_cat-tarih","7":"pa_cilt-ciltsiz","8":"pa_tur-kitap","9":"pa_yayinevi-phoenix-yayinevi","10":"pa_yazar-m-murat-baskici","12":"first","13":"instock","14":"sale","15":"shipping-taxable","16":"purchasable","17":"product-type-simple"},"_links":{"self":[{"href":"https:\/\/roveyayinevi.com.tr\/index.php\/wp-json\/wp\/v2\/product\/692481","targetHints":{"allow":["GET"]}}],"collection":[{"href":"https:\/\/roveyayinevi.com.tr\/index.php\/wp-json\/wp\/v2\/product"}],"about":[{"href":"https:\/\/roveyayinevi.com.tr\/index.php\/wp-json\/wp\/v2\/types\/product"}],"wp:attachment":[{"href":"https:\/\/roveyayinevi.com.tr\/index.php\/wp-json\/wp\/v2\/media?parent=692481"}],"wp:term":[{"taxonomy":"product_brand","embeddable":true,"href":"https:\/\/roveyayinevi.com.tr\/index.php\/wp-json\/wp\/v2\/product_brand?post=692481"},{"taxonomy":"product_cat","embeddable":true,"href":"https:\/\/roveyayinevi.com.tr\/index.php\/wp-json\/wp\/v2\/product_cat?post=692481"},{"taxonomy":"product_tag","embeddable":true,"href":"https:\/\/roveyayinevi.com.tr\/index.php\/wp-json\/wp\/v2\/product_tag?post=692481"}],"curies":[{"name":"wp","href":"https:\/\/api.w.org\/{rel}","templated":true}]}}

Bizans Döneminde Anadolu

<p>Anadolu Selçuklu ve erken dönem Osmanlı tarihini anlamlandırabilmek için bu dev-letlerin kendi tarihleri kadar Bizans İmparatorluğu tarihine de bakılması gerekmek-tedir. Elinizdeki çalışma, Türk kökenli hanedanların -yönetici kadroların- tarihinin başladığı 11. yüzyılda ve sonrasında Anadolu&#8217;da ne türden bir iktisadi-sosyal yapı bulunduğunu ve hâkim yerel nüfusun nasıl bir dünya görüşüne sahip olduğunu an-lamaya yönelik olmak üzere ülkemizdeki tarih araştırmalarına küçük bir katkı niteli-ğindedir. Bizans tarihine aşina olmanın Osmanlı İmparatorluğu&#8217;nun pek çok mesele-sini daha kolay anlamlandırmayı sağlayacağını, okuyucular rahatlıkla görebilecektir. </p>

<p>Anadolu Selçuklu ve erken dönem Osmanlı tarihini anlamlandırabilmek için bu dev-letlerin kendi tarihleri kadar Bizans İmparatorluğu tarihine de bakılması gerekmek-tedir. Elinizdeki çalışma, Türk kökenli hanedanların -yönetici<span class="excerpt-hellip"> […]</span></p>
