{"id":692478,"date":"2025-08-27T14:07:12","date_gmt":"2025-08-27T11:07:12","guid":{"rendered":"https:\/\/roveyayinevi.com.tr\/index.php\/urun\/osho-zen-tarot-transandantal-zen-oyunu\/"},"modified":"2026-04-16T02:02:32","modified_gmt":"2026-04-15T23:02:32","slug":"osho-zen-tarot-transandantal-zen-oyunu","status":"publish","type":"product","link":"https:\/\/roveyayinevi.com.tr\/index.php\/urun\/osho-zen-tarot-transandantal-zen-oyunu\/","title":{"rendered":"Osho Zen Tarot Transandantal Zen Oyunu"},"content":{"rendered":"<p>Zen yaln\u0131zca, derin bir ahenk i\u00e7inde her t\u00fcr \u00e7eli\u015fki i\u00e7eren engin bir ya\u015fam bilir. Gece, g\u00fcnd\u00fcz ile ahenk i\u00e7indedir ve ya\u015fam, \u00f6l\u00fcm ile ahenk i\u00e7indedir. Mevcudiyet, yokluk ile ahenk i\u00e7indedir. Bu engin ahenk, bu e\u015fzamanl\u0131l\u0131k Zen Manifestosu\u2019nun \u00f6z\u00fcd\u00fcr. Sayg\u0131 ve sevgi i\u00e7eren, hi\u00e7bir \u015feyi reddetmeyen, hi\u00e7bir \u015feyi k\u0131namayan tek ya\u015fam bi\u00e7imi budur. -Osho: Zen Manifestosu- Hayat bazen \u015f\u00fcphe ve belirsizliklerle dolu gibi g\u00f6r\u00fcn\u00fcr. Bu durumda bir ilham kayna\u011f\u0131 arar\u0131z: Gelecekte ne olacak? Ya sa\u011fl\u0131\u011f\u0131m, \u00e7ocuklar\u0131m? E\u011fer ona de\u011fil de buna karar verirsem ne olur? Geleneksel tarotun da felsefesi tamamen budur. Ge\u00e7mi\u015fi ve gelece\u011fi bilme arzusunu tatmin etmeye \u00e7al\u0131\u015f\u0131r&#8230; Osho Zen Tarot ise \u2018\u015fimdi\u2019yi ve \u2018burada\u2019y\u0131 anlamak \u00fczerinde yo\u011funla\u015f\u0131r. Bu duygularla beslenen bir sistemdir. Ancak bu, duygu ve d\u00fc\u015f\u00fcncelerin ne oldu\u011fu konusunda kesin bir fikir sahibi oldu\u011fumuz anlam\u0131na gelmez. Yine de d\u0131\u015f\u0131m\u0131zda geli\u015fen olaylar yerine i\u00e7imizde geli\u015fenlere yo\u011funla\u015fmam\u0131z\u0131 sa\u011flar. Kartlardaki resimler \u00e7a\u011fda\u015f anlay\u0131\u015f\u0131 yans\u0131t\u0131r; zira orta\u00e7a\u011f sembolleri \u00e7\u0131kar\u0131l\u0131p yerlerine modern resimler getirilerek, deneyimsiz bir ki\u015finin bile kolayca anlayabilmesi olanakl\u0131 k\u0131l\u0131nd\u0131. Kartlarda resmedilen zihin durumlar\u0131 temelde de\u011fi\u015fimli ve d\u00f6n\u00fc\u015f\u00fcml\u00fc olarak g\u00f6sterildi. Kitab\u0131 olu\u015fturan metin ise, basit, dolays\u0131z ve ayaklar\u0131 yere basan Zen diliyle yaz\u0131ld\u0131. Bunda ama\u00e7 resimleri yorumlay\u0131p anlamay\u0131 kolayla\u015ft\u0131rmakt\u0131. <\/p>\n","protected":false},"excerpt":{"rendered":"<p>Zen yaln\u0131zca, derin bir ahenk i\u00e7inde her t\u00fcr \u00e7eli\u015fki i\u00e7eren engin bir ya\u015fam bilir. Gece, g\u00fcnd\u00fcz ile ahenk i\u00e7indedir ve ya\u015fam, \u00f6l\u00fcm ile ahenk i\u00e7indedir. Mevcudiyet,<span class=\"excerpt-hellip\"> [\u2026]<\/span><\/p>\n","protected":false},"featured_media":0,"template":"","meta":{"_monsterinsights_skip_tracking":false,"_monsterinsights_sitenote_active":false,"_monsterinsights_sitenote_note":"","_monsterinsights_sitenote_category":0},"product_brand":[],"product_cat":[18082,15563],"product_tag":[],"class_list":{"0":"post-692478","1":"product","2":"type-product","3":"status-publish","5":"product_cat-astroloji-fal-ruya","6":"product_cat-hobi","7":"pa_cilt-ciltsiz","8":"pa_tur-kitap","9":"pa_yayinevi-omega","10":"pa_yazar-osho-bhagwan-shree-rajneesh","12":"first","13":"instock","14":"sale","15":"shipping-taxable","16":"purchasable","17":"product-type-simple"},"_links":{"self":[{"href":"https:\/\/roveyayinevi.com.tr\/index.php\/wp-json\/wp\/v2\/product\/692478","targetHints":{"allow":["GET"]}}],"collection":[{"href":"https:\/\/roveyayinevi.com.tr\/index.php\/wp-json\/wp\/v2\/product"}],"about":[{"href":"https:\/\/roveyayinevi.com.tr\/index.php\/wp-json\/wp\/v2\/types\/product"}],"wp:attachment":[{"href":"https:\/\/roveyayinevi.com.tr\/index.php\/wp-json\/wp\/v2\/media?parent=692478"}],"wp:term":[{"taxonomy":"product_brand","embeddable":true,"href":"https:\/\/roveyayinevi.com.tr\/index.php\/wp-json\/wp\/v2\/product_brand?post=692478"},{"taxonomy":"product_cat","embeddable":true,"href":"https:\/\/roveyayinevi.com.tr\/index.php\/wp-json\/wp\/v2\/product_cat?post=692478"},{"taxonomy":"product_tag","embeddable":true,"href":"https:\/\/roveyayinevi.com.tr\/index.php\/wp-json\/wp\/v2\/product_tag?post=692478"}],"curies":[{"name":"wp","href":"https:\/\/api.w.org\/{rel}","templated":true}]}}