{"id":692477,"date":"2025-08-27T14:07:12","date_gmt":"2025-08-27T11:07:12","guid":{"rendered":"https:\/\/roveyayinevi.com.tr\/index.php\/urun\/kanat-acmis-kus-zen-ile-ozgurluk-sanati-uzerine-konusmalar\/"},"modified":"2026-04-11T13:21:01","modified_gmt":"2026-04-11T10:21:01","slug":"kanat-acmis-kus-zen-ile-ozgurluk-sanati-uzerine-konusmalar","status":"publish","type":"product","link":"https:\/\/roveyayinevi.com.tr\/index.php\/urun\/kanat-acmis-kus-zen-ile-ozgurluk-sanati-uzerine-konusmalar\/","title":{"rendered":"Kanat A\u00e7m\u0131\u015f Ku\u015f &#8211; Zen ile \u00d6zg\u00fcrl\u00fck Sanat\u0131 \u00dczerine Konu\u015fmalar"},"content":{"rendered":"<p>Basit olan, m\u00fckemmel ve b\u00f6l\u00fcnemez oland\u0131r. Bu y\u00fczden basit olan\u0131 g\u00f6rmezden geliyoruz. Odaklanmak, kendinle arandaki b\u00fct\u00fcn k\u00f6pr\u00fcleri y\u0131karak d\u00fcnyay\u0131 bir b\u00fct\u00fcn olarak g\u00f6rmek, yapman gereken \u015fey. Oysa varolu\u015f bir \u00e7i\u011f damlas\u0131 kadar, yeni ye\u015feren bir yaprak kadar tazedir. D\u00fcnyada olup biten her \u015feyin eski oldu\u011funu d\u00fc\u015f\u00fcn\u00fcyorsan, bu senin eski ve \u00e7\u00fcr\u00fcm\u00fc\u015f bir zihne sahip oldu\u011fun anlam\u0131na gelir. Pencerelerin hepsini a\u00e7, zihnini havaland\u0131r. Zihnin tazeyse, d\u00fcnya tazedir. G\u00f6zlerin yeni do\u011fan bir bebe\u011fin g\u00f6zleri oldu\u011funda d\u00fcnya b\u00fct\u00fcn ikiliklerden ar\u0131n\u0131r. Do\u011faya olmas\u0131 gerekti\u011fi gibi olma iznini vermek, ya\u015fam\u0131n mucizesidir. Tohum, a\u011fa\u00e7 demektir. Ve sen d\u00fcnyadaki biricik tohumsun. Sadece \u00f6zg\u00fcr olursan bir a\u011faca d\u00f6n\u00fc\u015febilirsin. Sadece \u00f6zg\u00fcr olursan kanat a\u00e7abilir ve kendi g\u00f6\u011f\u00fcnde u\u00e7abilirsin. Ve \u00f6zg\u00fcrl\u00fck sadece kendi ger\u00e7eklerini bulman\u0131n \u00f6d\u00fcl\u00fcd\u00fcr. E\u011fer bedeninden, zihninden, ba\u015fkalar\u0131n\u0131n d\u00fc\u015f\u00fcncelerinden, kurallardan, ac\u0131dan ve nefretten \u00f6zg\u00fcrle\u015febilirsen kanat a\u00e7m\u0131\u015f bir ku\u015f olarak ya\u015fam\u0131 kucaklayabilirsin. <\/p>\n","protected":false},"excerpt":{"rendered":"<p>Basit olan, m\u00fckemmel ve b\u00f6l\u00fcnemez oland\u0131r. Bu y\u00fczden basit olan\u0131 g\u00f6rmezden geliyoruz. Odaklanmak, kendinle arandaki b\u00fct\u00fcn k\u00f6pr\u00fcleri y\u0131karak d\u00fcnyay\u0131 bir b\u00fct\u00fcn olarak g\u00f6rmek, yapman gereken \u015fey.<span class=\"excerpt-hellip\"> [\u2026]<\/span><\/p>\n","protected":false},"featured_media":0,"template":"","meta":{"_monsterinsights_skip_tracking":false,"_monsterinsights_sitenote_active":false,"_monsterinsights_sitenote_note":"","_monsterinsights_sitenote_category":0},"product_brand":[],"product_cat":[12364,12376],"product_tag":[],"class_list":{"0":"post-692477","1":"product","2":"type-product","3":"status-publish","5":"product_cat-genel-konular","6":"product_cat-kisisel-gelisim","7":"pa_cilt-ciltsiz","8":"pa_tur-kitap","9":"pa_yayinevi-omega","10":"pa_yazar-osho-bhagwan-shree-rajneesh","12":"first","13":"instock","14":"sale","15":"shipping-taxable","16":"purchasable","17":"product-type-simple"},"_links":{"self":[{"href":"https:\/\/roveyayinevi.com.tr\/index.php\/wp-json\/wp\/v2\/product\/692477","targetHints":{"allow":["GET"]}}],"collection":[{"href":"https:\/\/roveyayinevi.com.tr\/index.php\/wp-json\/wp\/v2\/product"}],"about":[{"href":"https:\/\/roveyayinevi.com.tr\/index.php\/wp-json\/wp\/v2\/types\/product"}],"wp:attachment":[{"href":"https:\/\/roveyayinevi.com.tr\/index.php\/wp-json\/wp\/v2\/media?parent=692477"}],"wp:term":[{"taxonomy":"product_brand","embeddable":true,"href":"https:\/\/roveyayinevi.com.tr\/index.php\/wp-json\/wp\/v2\/product_brand?post=692477"},{"taxonomy":"product_cat","embeddable":true,"href":"https:\/\/roveyayinevi.com.tr\/index.php\/wp-json\/wp\/v2\/product_cat?post=692477"},{"taxonomy":"product_tag","embeddable":true,"href":"https:\/\/roveyayinevi.com.tr\/index.php\/wp-json\/wp\/v2\/product_tag?post=692477"}],"curies":[{"name":"wp","href":"https:\/\/api.w.org\/{rel}","templated":true}]}}