{"id":692475,"date":"2025-08-27T14:07:11","date_gmt":"2025-08-27T11:07:11","guid":{"rendered":"https:\/\/roveyayinevi.com.tr\/index.php\/urun\/foucault-ve-derridada-feminizm-ve-ayirim\/"},"modified":"2026-04-16T02:02:32","modified_gmt":"2026-04-15T23:02:32","slug":"foucault-ve-derridada-feminizm-ve-ayirim","status":"publish","type":"product","link":"https:\/\/roveyayinevi.com.tr\/index.php\/urun\/foucault-ve-derridada-feminizm-ve-ayirim\/","title":{"rendered":"Foucault ve Derrida\u2019da Feminizm ve Ay\u0131r\u0131m"},"content":{"rendered":"<p>Yirminci y\u00fczy\u0131l\u0131n ikinci yar\u0131s\u0131nda toplumsal ya\u015fama ili\u015fkin al\u0131\u015fkanl\u0131klar\u0131m\u0131z\u0131 ve de\u011ferlerimizi sorgulamam\u0131z\u0131 sa\u011flayan Michel Foucault kad\u0131nlar\u0131n \u00f6zg\u00fcrle\u015fme hareketi i\u00e7in neler d\u00fc\u015f\u00fcn\u00fcyor? Temelinde dilin bulundu\u011fu t\u00fcm kurumlar\u0131 alt\u00fcst eden bir yakla\u015f\u0131m geli\u015ftiren Jacques Derrida kad\u0131n\u0131n \u00f6zne olmas\u0131yla ilgili neler s\u00f6yl\u00fcyor? Toplumu ve dili \u00f6zg\u00fcrle\u015ftirmeleriyle tan\u0131nan bu iki felsefeci kad\u0131n hareketine nas\u0131l yakla\u015f\u0131yor, feministlere yol g\u00f6stermek, onlarla birlikte d\u00fc\u015f\u00fcnmek i\u00e7in \u00e7aba g\u00f6steriyorlar m\u0131? Foucault cinsel ay\u0131r\u0131m s\u00f6z konusu oldu\u011funda k\u00f6rle\u015fiyor mu? Derrida feminist yakla\u015f\u0131m\u0131n metafizi\u011fini sarsmay\u0131 istiyor mu? Roy Boyne, t\u00fcm bu sorular\u0131 yan\u0131tlamak i\u00e7in yap\u0131salc\u0131l\u0131k sonras\u0131 d\u00f6nemin \u00f6nde gelen felsefecileri Foucault ile Derrida\u2019n\u0131n yap\u0131tlar\u0131ndaki feminizmle ilgili ipu\u00e7lar\u0131n\u0131 bir araya getiriyor ve derin bir ara\u015ft\u0131rma sonucunda postmodern hareketin feminizme bak\u0131\u015f\u0131n\u0131 a\u00e7\u0131\u011fa \u00e7\u0131kar\u0131yor. <\/p>\n","protected":false},"excerpt":{"rendered":"<p>Yirminci y\u00fczy\u0131l\u0131n ikinci yar\u0131s\u0131nda toplumsal ya\u015fama ili\u015fkin al\u0131\u015fkanl\u0131klar\u0131m\u0131z\u0131 ve de\u011ferlerimizi sorgulamam\u0131z\u0131 sa\u011flayan Michel Foucault kad\u0131nlar\u0131n \u00f6zg\u00fcrle\u015fme hareketi i\u00e7in neler d\u00fc\u015f\u00fcn\u00fcyor? Temelinde dilin bulundu\u011fu t\u00fcm kurumlar\u0131 alt\u00fcst<span class=\"excerpt-hellip\"> [\u2026]<\/span><\/p>\n","protected":false},"featured_media":0,"template":"","meta":{"_monsterinsights_skip_tracking":false,"_monsterinsights_sitenote_active":false,"_monsterinsights_sitenote_note":"","_monsterinsights_sitenote_category":0},"product_brand":[],"product_cat":[13059,12337],"product_tag":[],"class_list":{"0":"post-692475","1":"product","2":"type-product","3":"status-publish","5":"product_cat-diger-politika-siyaset","6":"product_cat-politika-siyaset","7":"pa_tur-kitap","8":"pa_yayinevi-sel-yayincilik","9":"pa_yazar-roy-boyne","11":"first","12":"instock","13":"sale","14":"shipping-taxable","15":"purchasable","16":"product-type-simple"},"_links":{"self":[{"href":"https:\/\/roveyayinevi.com.tr\/index.php\/wp-json\/wp\/v2\/product\/692475","targetHints":{"allow":["GET"]}}],"collection":[{"href":"https:\/\/roveyayinevi.com.tr\/index.php\/wp-json\/wp\/v2\/product"}],"about":[{"href":"https:\/\/roveyayinevi.com.tr\/index.php\/wp-json\/wp\/v2\/types\/product"}],"wp:attachment":[{"href":"https:\/\/roveyayinevi.com.tr\/index.php\/wp-json\/wp\/v2\/media?parent=692475"}],"wp:term":[{"taxonomy":"product_brand","embeddable":true,"href":"https:\/\/roveyayinevi.com.tr\/index.php\/wp-json\/wp\/v2\/product_brand?post=692475"},{"taxonomy":"product_cat","embeddable":true,"href":"https:\/\/roveyayinevi.com.tr\/index.php\/wp-json\/wp\/v2\/product_cat?post=692475"},{"taxonomy":"product_tag","embeddable":true,"href":"https:\/\/roveyayinevi.com.tr\/index.php\/wp-json\/wp\/v2\/product_tag?post=692475"}],"curies":[{"name":"wp","href":"https:\/\/api.w.org\/{rel}","templated":true}]}}