{"id":692471,"date":"2025-08-27T14:07:11","date_gmt":"2025-08-27T11:07:11","guid":{"rendered":"https:\/\/roveyayinevi.com.tr\/index.php\/urun\/darbe-kurbani-abdulaziz-han\/"},"modified":"2026-04-16T02:02:32","modified_gmt":"2026-04-15T23:02:32","slug":"darbe-kurbani-abdulaziz-han","status":"publish","type":"product","link":"https:\/\/roveyayinevi.com.tr\/index.php\/urun\/darbe-kurbani-abdulaziz-han\/","title":{"rendered":"Darbe Kurban\u0131 Abd\u00fclaziz Han"},"content":{"rendered":"<p>Abd\u00fclaz\u00eez Han, \u0130mparatorlu\u011fumuzun y\u00fckselmeyi hedefleyen son p\u00e2di\u015fah\u0131d\u0131r; ondan sonrakiler, hep \u00e7\u00f6kerken bir \u015feyler kurtarmak gayretinde olmu\u015flard\u0131r.Sultan Az\u00eez zaman\u0131, yeniliklerde k\u00f6k\u00fcm\u00fcze ba\u011fl\u0131 bir kurumla\u015fma yolu izlenen d\u00f6nemdir: Mecelle onun zaman\u0131nda haz\u0131rlanmaya ba\u015flam\u0131\u015ft\u0131r. Modern m\u00fcesseseler, bakanl\u0131klar, ticaret ve sanayi alan\u0131ndaki bir\u00e7ok te\u015fkilatlanmalar onun zaman\u0131nda yap\u0131lm\u0131\u015ft\u0131r. Ordunun modernize edilmesi, donanman\u0131n d\u00fcnyan\u0131n ikinci b\u00fcy\u00fck deniz g\u00fcc\u00fc haline gelmesi onun i\u015flerindendir. E\u011fitimde bug\u00fcn halen devam eden bir\u00e7ok modern kurulu\u015f onun zaman\u0131nda ba\u015flat\u0131lm\u0131\u015ft\u0131r. Abd\u00fclaz\u00eez Han, geleneksel yap\u0131m\u0131zla modernle\u015fme aras\u0131ndaki uyumun yollar\u0131n\u0131 sezmi\u015f, g\u00f6stermi\u015f ve halk\u0131n \u00e7ok b\u00fcy\u00fck sevgi ve takdirini kazanarak bu i\u015fleri ba\u015farm\u0131\u015ft\u0131r.Amma u\u011fursuz bir darbe onu taht\u0131ndan indirmi\u015f, cinayete kurban etmi\u015ftir.Tarihimizde g\u00f6rd\u00fc\u011f\u00fcm\u00fcz \u015fudur: \u0130\u00e7eride darbe giri\u015fimleri ve heveslileri varsa, mutlaka bunun d\u0131\u015far\u0131dan da k\u0131\u015fk\u0131rt\u0131c\u0131lar\u0131, y\u00f6nlendiricileri, destekleyicileri vard\u0131r. Darbe heveslilerinin safdillikleri, iyi niyetli olmalar\u0131 bunu de\u011fi\u015ftirmez.\u0130\u015fte bu kitapta Sultan Az\u00eez Han&#8217;a yap\u0131lan darbeyi, ard\u0131ndan gelen darbeleri, sonunda Y\u0131ld\u0131z&#8217;da kurulan mahkemenin seyrini ve kararlar\u0131n\u0131 da okuyacaks\u0131n\u0131z. Bu ibret al\u0131nacak d\u00f6nemi, ger\u00e7ekten \u201cfen\u00e2fi&#8217;d-devle\u201d olmu\u015f \u00e7a\u011fda\u015f bir \u201cOsmanl\u0131 m\u00fcnevveri\u201d olan Ziya Nur Aksun&#8217;un de\u011ferlendirmeleri ile d\u00fc\u015f\u00fcnmek okuyucuya \u00e7ok \u015fey kazand\u0131racakt\u0131r.<\/p>\n","protected":false},"excerpt":{"rendered":"<p>Abd\u00fclaz\u00eez Han, \u0130mparatorlu\u011fumuzun y\u00fckselmeyi hedefleyen son p\u00e2di\u015fah\u0131d\u0131r; ondan sonrakiler, hep \u00e7\u00f6kerken bir \u015feyler kurtarmak gayretinde olmu\u015flard\u0131r.Sultan Az\u00eez zaman\u0131, yeniliklerde k\u00f6k\u00fcm\u00fcze ba\u011fl\u0131 bir kurumla\u015fma yolu izlenen d\u00f6nemdir:<span class=\"excerpt-hellip\"> [\u2026]<\/span><\/p>\n","protected":false},"featured_media":0,"template":"","meta":{"_monsterinsights_skip_tracking":false,"_monsterinsights_sitenote_active":false,"_monsterinsights_sitenote_note":"","_monsterinsights_sitenote_category":0},"product_brand":[],"product_cat":[12370,12304],"product_tag":[],"class_list":{"0":"post-692471","1":"product","2":"type-product","3":"status-publish","5":"product_cat-arastirma-inceleme","6":"product_cat-tarih","7":"pa_cilt-ciltsiz","8":"pa_tur-kitap","9":"pa_yayinevi-otuken-nesriyat","10":"pa_yazar-ziya-nur-aksun","12":"first","13":"instock","14":"sale","15":"shipping-taxable","16":"purchasable","17":"product-type-simple"},"_links":{"self":[{"href":"https:\/\/roveyayinevi.com.tr\/index.php\/wp-json\/wp\/v2\/product\/692471","targetHints":{"allow":["GET"]}}],"collection":[{"href":"https:\/\/roveyayinevi.com.tr\/index.php\/wp-json\/wp\/v2\/product"}],"about":[{"href":"https:\/\/roveyayinevi.com.tr\/index.php\/wp-json\/wp\/v2\/types\/product"}],"wp:attachment":[{"href":"https:\/\/roveyayinevi.com.tr\/index.php\/wp-json\/wp\/v2\/media?parent=692471"}],"wp:term":[{"taxonomy":"product_brand","embeddable":true,"href":"https:\/\/roveyayinevi.com.tr\/index.php\/wp-json\/wp\/v2\/product_brand?post=692471"},{"taxonomy":"product_cat","embeddable":true,"href":"https:\/\/roveyayinevi.com.tr\/index.php\/wp-json\/wp\/v2\/product_cat?post=692471"},{"taxonomy":"product_tag","embeddable":true,"href":"https:\/\/roveyayinevi.com.tr\/index.php\/wp-json\/wp\/v2\/product_tag?post=692471"}],"curies":[{"name":"wp","href":"https:\/\/api.w.org\/{rel}","templated":true}]}}