{"id":692450,"date":"2025-08-27T14:07:06","date_gmt":"2025-08-27T11:07:06","guid":{"rendered":"https:\/\/roveyayinevi.com.tr\/index.php\/urun\/geronimonun-olumu\/"},"modified":"2026-04-16T02:02:32","modified_gmt":"2026-04-15T23:02:32","slug":"geronimonun-olumu","status":"publish","type":"product","link":"https:\/\/roveyayinevi.com.tr\/index.php\/urun\/geronimonun-olumu\/","title":{"rendered":"Geronimo\u2019nun \u00d6l\u00fcm\u00fc"},"content":{"rendered":"<p>Enis Batur, bu kitaba Usame bin Ladin\u2019in \u00f6ld\u00fcr\u00fcld\u00fc\u011f\u00fc gecenin sabah\u0131nda ba\u015flad\u0131. 11 Eyl\u00fcl 2001 sabah\u0131na d\u00f6nerek. \u0130ki sabah aras\u0131, say\u0131s\u0131z hareketli ve hareketsiz g\u00f6r\u00fcnt\u00fcy\u00fc belle\u011fimize doldurdu yaz\u0131l\u0131 ve g\u00f6rsel medya: Yazar, bu \u00e7\u0131\u011f gibi b\u00fcy\u00fcm\u00fc\u015f imge ta\u015fk\u0131nl\u0131\u011f\u0131n\u0131n i\u00e7inden bize g\u00f6sterilmek istenen, bize g\u00f6sterilmek istenmeyen iki filmin ortak, bile\u015fik senaryosunu dokumaya,  ba\u015fkalar\u0131n\u0131n ac\u0131s\u0131n\u0131 seyretmek  durumumuzu yorumlamaya giri\u015fiyor. <\/p>\n","protected":false},"excerpt":{"rendered":"<p>Enis Batur, bu kitaba Usame bin Ladin\u2019in \u00f6ld\u00fcr\u00fcld\u00fc\u011f\u00fc gecenin sabah\u0131nda ba\u015flad\u0131. 11 Eyl\u00fcl 2001 sabah\u0131na d\u00f6nerek. \u0130ki sabah aras\u0131, say\u0131s\u0131z hareketli ve hareketsiz g\u00f6r\u00fcnt\u00fcy\u00fc belle\u011fimize doldurdu<span class=\"excerpt-hellip\"> [\u2026]<\/span><\/p>\n","protected":false},"featured_media":0,"template":"","meta":{"_monsterinsights_skip_tracking":false,"_monsterinsights_sitenote_active":false,"_monsterinsights_sitenote_note":"","_monsterinsights_sitenote_category":0},"product_brand":[],"product_cat":[12777,12291],"product_tag":[],"class_list":{"0":"post-692450","1":"product","2":"type-product","3":"status-publish","5":"product_cat-deneme","6":"product_cat-edebiyat","7":"pa_tur-kitap","8":"pa_yayinevi-sel-yayincilik","9":"pa_yazar-enis-batur","11":"first","12":"instock","13":"sale","14":"shipping-taxable","15":"purchasable","16":"product-type-simple"},"_links":{"self":[{"href":"https:\/\/roveyayinevi.com.tr\/index.php\/wp-json\/wp\/v2\/product\/692450","targetHints":{"allow":["GET"]}}],"collection":[{"href":"https:\/\/roveyayinevi.com.tr\/index.php\/wp-json\/wp\/v2\/product"}],"about":[{"href":"https:\/\/roveyayinevi.com.tr\/index.php\/wp-json\/wp\/v2\/types\/product"}],"wp:attachment":[{"href":"https:\/\/roveyayinevi.com.tr\/index.php\/wp-json\/wp\/v2\/media?parent=692450"}],"wp:term":[{"taxonomy":"product_brand","embeddable":true,"href":"https:\/\/roveyayinevi.com.tr\/index.php\/wp-json\/wp\/v2\/product_brand?post=692450"},{"taxonomy":"product_cat","embeddable":true,"href":"https:\/\/roveyayinevi.com.tr\/index.php\/wp-json\/wp\/v2\/product_cat?post=692450"},{"taxonomy":"product_tag","embeddable":true,"href":"https:\/\/roveyayinevi.com.tr\/index.php\/wp-json\/wp\/v2\/product_tag?post=692450"}],"curies":[{"name":"wp","href":"https:\/\/api.w.org\/{rel}","templated":true}]}}